000
CDUS46 KSGX 160023
CLIPSP


CLIMATE REPORT
NATIONAL WEATHER SERVICE SAN DIEGO, CA
523 PM PDT WED AUG 15 2018


...................................

...THE PALM SPRINGS INTL AIRPORT CA CLIMATE SUMMARY FOR AUGUST 15 2018...
VALID TODAY AS OF 0500 PM LOCAL TIME.

CLIMATE NORMAL PERIOD 1981 TO 2010
CLIMATE RECORD PERIOD 1893 TO 2018


WEATHER ITEM   OBSERVED TIME   RECORD YEAR NORMAL DEPARTURE LAST
                VALUE   (LST)  VALUE       VALUE  FROM      YEAR
                                                  NORMAL
..................................................................
TEMPERATURE (F)
 TODAY
  MAXIMUM        106    158 PM 118    2015 106      0       99
                                      1992
  MINIMUM         82    335 AM  59    1976  78      4       73
                                      1954
  AVERAGE         94                        92      2       86

PRECIPITATION (IN)
  TODAY            T             0.11 1983   0.01  -0.01     0.00
                                      1977
  MONTH TO DATE    T                         0.18  -0.18     0.71
  SINCE OCT 1      2.80                      5.22  -2.42     7.76
  SINCE JAN 1      2.80                      3.37  -0.57     5.97

DEGREE DAYS
 HEATING
  TODAY            0                         0      0        0
  MONTH TO DATE    0                         0      0        0
  SINCE JUN 1      0                         0      0        0
  SINCE JUL 1      0                         0      0        0

 COOLING
  TODAY           29                        27      2       21
  MONTH TO DATE  501                       410     91      449
  SINCE JUN 1   2272                      1903    369     2263
  SINCE JAN 1   3342                      2662    680     3386
..................................................................


WIND (MPH)
  RESULTANT WIND SPEED   2   RESULTANT WIND DIRECTION   E (80)
  HIGHEST WIND SPEED    16   HIGHEST WIND DIRECTION     E (100)
  HIGHEST GUST SPEED    20   HIGHEST GUST DIRECTION     E (110)
  AVERAGE WIND SPEED     5.8


SKY COVER
  POSSIBLE SUNSHINE  MM
  AVERAGE SKY COVER 0.0


WEATHER CONDITIONS
 THE FOLLOWING WEATHER WAS RECORDED TODAY.
  THUNDERSTORM
  LIGHT RAIN


RELATIVE HUMIDITY (PERCENT)
 HIGHEST    43           500 AM
 LOWEST     23           200 PM
 AVERAGE    33

..........................................................


THE PALM SPRINGS INTL AIRPORT CA CLIMATE NORMALS FOR TOMORROW
                         NORMAL    RECORD    YEAR
 MAXIMUM TEMPERATURE (F)  106       115      2016
                                             2015
                                             1994
 MINIMUM TEMPERATURE (F)   78        58      1956


SUNRISE AND SUNSET
AUGUST 15 2018........SUNRISE   608 AM PDT   SUNSET   732 PM PDT
AUGUST 16 2018........SUNRISE   609 AM PDT   SUNSET   731 PM PDT


-  INDICATES NEGATIVE NUMBERS.
R  INDICATES RECORD WAS SET OR TIED.
MM INDICATES DATA IS MISSING.
T  INDICATES TRACE AMOUNT.




$$
