000
CDUS46 KSGX 310930
CLIPSP


CLIMATE REPORT
NATIONAL WEATHER SERVICE SAN DIEGO, CA
230 AM PDT SAT OCT 31 2020


...................................

...THE PALM SPRINGS INTL AIRPORT CA CLIMATE SUMMARY FOR OCTOBER 30 2020...

CLIMATE NORMAL PERIOD 1981 TO 2010
CLIMATE RECORD PERIOD 1893 TO 2020


WEATHER ITEM   OBSERVED TIME   RECORD YEAR NORMAL DEPARTURE LAST
                VALUE   (LST)  VALUE       VALUE  FROM      YEAR
                                                  NORMAL
..................................................................
TEMPERATURE (F)
 YESTERDAY
  MAXIMUM         92    235 PM 101    1966  84      8       70
  MINIMUM         58    454 AM  35    1971  58      0       53
  AVERAGE         75                        71      4       62

PRECIPITATION (IN)
  YESTERDAY        0.00          0.02 1959   0.02  -0.02     0.00
  MONTH TO DATE    0.00                      0.42  -0.42     0.00
  SINCE OCT 1      0.00                      0.42  -0.42     0.00
  SINCE JAN 1      3.62                      4.31  -0.69     7.33

DEGREE DAYS
 HEATING
  YESTERDAY        0                         1     -1        3
  MONTH TO DATE    0                         1     -1        8
  SINCE SEP 1      0                         1     -1        8
  SINCE JUL 1      0                         1     -1        8

 COOLING
  YESTERDAY       10                         7      3        0
  MONTH TO DATE  540                       330    210      369
  SINCE SEP 1   1360                       972    388     1042
  SINCE JAN 1   4942                      4056    886     4347
..................................................................


WIND (MPH)
  RESULTANT WIND SPEED   3   RESULTANT WIND DIRECTION   N (360)
  HIGHEST WIND SPEED    10   HIGHEST WIND DIRECTION     N (340)
  HIGHEST GUST SPEED    14   HIGHEST GUST DIRECTION     E (110)
  AVERAGE WIND SPEED     5.9


SKY COVER
  POSSIBLE SUNSHINE  MM
  AVERAGE SKY COVER 0.0


WEATHER CONDITIONS
 THE FOLLOWING WEATHER WAS RECORDED YESTERDAY.
  NO SIGNIFICANT WEATHER WAS OBSERVED.


RELATIVE HUMIDITY (PERCENT)
 HIGHEST    32           100 AM
 LOWEST      9          1200 PM
 AVERAGE    21

..........................................................


THE PALM SPRINGS INTL AIRPORT CA CLIMATE NORMALS FOR TODAY
                         NORMAL    RECORD    YEAR
 MAXIMUM TEMPERATURE (F)   84       102      1966
 MINIMUM TEMPERATURE (F)   58        36      1971


SUNRISE AND SUNSET
OCTOBER 31 2020.......SUNRISE   705 AM PDT   SUNSET   554 PM PDT
NOVEMBER  1 2020......SUNRISE   606 AM PST   SUNSET   453 PM PST


-  INDICATES NEGATIVE NUMBERS.
R  INDICATES RECORD WAS SET OR TIED.
MM INDICATES DATA IS MISSING.
T  INDICATES TRACE AMOUNT.




$$
