000
CDUS46 KSGX 220021
CLIPSP


CLIMATE REPORT
NATIONAL WEATHER SERVICE SAN DIEGO, CA
521 PM PDT MON MAY 21 2018


...................................

...THE PALM SPRINGS INTL AIRPORT CA CLIMATE SUMMARY FOR MAY 21 2018...
VALID TODAY AS OF 0500 PM LOCAL TIME.

CLIMATE NORMAL PERIOD 1981 TO 2010
CLIMATE RECORD PERIOD 1893 TO 2018


WEATHER ITEM   OBSERVED TIME   RECORD YEAR NORMAL DEPARTURE LAST
                VALUE   (LST)  VALUE       VALUE  FROM      YEAR
                                                  NORMAL
..................................................................
TEMPERATURE (F)
 TODAY
  MAXIMUM         86    249 PM 111    1967  95     -9      106
  MINIMUM         69    524 AM  48    1975  66      3       75
  AVERAGE         78                        80     -2       91

PRECIPITATION (IN)
  TODAY            0.00          0.04 1933   0.00   0.00     0.00
  MONTH TO DATE    T                         0.11  -0.11      T
  SINCE OCT 1      1.69                      4.71  -3.02     6.97
  SINCE JAN 1      1.69                      2.86  -1.17     5.18

DEGREE DAYS
 HEATING
  TODAY            0                         0      0        0
  MONTH TO DATE    0                         0      0        5
  SINCE MAR 1     42                        94    -52       24
  SINCE JUL 1    335                       872   -537      684

 COOLING
  TODAY           13                        15     -2       26
  MONTH TO DATE  310                       271     39      274
  SINCE MAR 1    797                       564    233      869
  SINCE JAN 1    910                       591    319      914
..................................................................


WIND (MPH)
  RESULTANT WIND SPEED  14   RESULTANT WIND DIRECTION  NW (320)
  HIGHEST WIND SPEED    26   HIGHEST WIND DIRECTION    NW (330)
  HIGHEST GUST SPEED    32   HIGHEST GUST DIRECTION    NW (330)
  AVERAGE WIND SPEED    14.8


SKY COVER
  POSSIBLE SUNSHINE  MM
  AVERAGE SKY COVER 0.0


WEATHER CONDITIONS
 THE FOLLOWING WEATHER WAS RECORDED TODAY.
  NO SIGNIFICANT WEATHER WAS OBSERVED.


RELATIVE HUMIDITY (PERCENT)
 HIGHEST    53           500 AM
 LOWEST     27           200 PM
 AVERAGE    40

..........................................................


THE PALM SPRINGS INTL AIRPORT CA CLIMATE NORMALS FOR TOMORROW
                         NORMAL    RECORD    YEAR
 MAXIMUM TEMPERATURE (F)   95       113      2000
 MINIMUM TEMPERATURE (F)   66        44      1933


SUNRISE AND SUNSET
MAY 21 2018...........SUNRISE   541 AM PDT   SUNSET   745 PM PDT
MAY 22 2018...........SUNRISE   540 AM PDT   SUNSET   745 PM PDT


-  INDICATES NEGATIVE NUMBERS.
R  INDICATES RECORD WAS SET OR TIED.
MM INDICATES DATA IS MISSING.
T  INDICATES TRACE AMOUNT.




$$
