000
CDUS46 KSGX 040921
CLIPSP


CLIMATE REPORT
NATIONAL WEATHER SERVICE SAN DIEGO, CA
221 AM PDT THU JUN 4 2020


...................................

...THE PALM SPRINGS INTL AIRPORT CA CLIMATE SUMMARY FOR JUNE 3 2020...

CLIMATE NORMAL PERIOD 1981 TO 2010
CLIMATE RECORD PERIOD 1893 TO 2020


WEATHER ITEM   OBSERVED TIME   RECORD YEAR NORMAL DEPARTURE LAST
                VALUE   (LST)  VALUE       VALUE  FROM      YEAR
                                                  NORMAL
..................................................................
TEMPERATURE (F)
 YESTERDAY
  MAXIMUM        115    225 PM 118    1957  98     17       99
  MINIMUM         81    304 AM  51    1971  69     12       66
  AVERAGE         98                        83     15       83

PRECIPITATION (IN)
  YESTERDAY        0.00          0.05 1979   0.01  -0.01     0.00
  MONTH TO DATE    0.00                      0.02  -0.02     0.00
  SINCE OCT 1      5.79                      4.75   1.04     7.86
  SINCE JAN 1      3.62                      2.90   0.72     6.35

DEGREE DAYS
 HEATING
  YESTERDAY        0                         0      0        0
  MONTH TO DATE    0                         0      0        0
  SINCE JUN 1      0                         0      0        0
  SINCE JUL 1    701                       874   -173      800

 COOLING
  YESTERDAY       33                        18     15       18
  MONTH TO DATE   83                        54     29       49
  SINCE JUN 1     83                        54     29       49
  SINCE JAN 1   1047                       813    234      780
..................................................................


WIND (MPH)
  RESULTANT WIND SPEED   2   RESULTANT WIND DIRECTION  NW (320)
  HIGHEST WIND SPEED    17   HIGHEST WIND DIRECTION    NW (320)
  HIGHEST GUST SPEED    23   HIGHEST GUST DIRECTION    NW (320)
  AVERAGE WIND SPEED     7.4


SKY COVER
  POSSIBLE SUNSHINE  MM
  AVERAGE SKY COVER 0.0


WEATHER CONDITIONS
 THE FOLLOWING WEATHER WAS RECORDED YESTERDAY.
  NO SIGNIFICANT WEATHER WAS OBSERVED.


RELATIVE HUMIDITY (PERCENT)
 HIGHEST    37           300 AM
 LOWEST      8          1100 AM
 AVERAGE    23

..........................................................


THE PALM SPRINGS INTL AIRPORT CA CLIMATE NORMALS FOR TODAY
                         NORMAL    RECORD    YEAR
 MAXIMUM TEMPERATURE (F)   99       117      1957
 MINIMUM TEMPERATURE (F)   69        51      1948
                                             1943


SUNRISE AND SUNSET
JUNE  4 2020..........SUNRISE   535 AM PDT   SUNSET   754 PM PDT
JUNE  5 2020..........SUNRISE   535 AM PDT   SUNSET   754 PM PDT


-  INDICATES NEGATIVE NUMBERS.
R  INDICATES RECORD WAS SET OR TIED.
MM INDICATES DATA IS MISSING.
T  INDICATES TRACE AMOUNT.




$$
