000
CDUS46 KSGX 201228
CLIPSP


CLIMATE REPORT
NATIONAL WEATHER SERVICE SAN DIEGO, CA
427 AM PST SUN JAN 20 2019


...................................

...THE PALM SPRINGS INTL AIRPORT CA CLIMATE SUMMARY FOR JANUARY 19 2019...

CLIMATE NORMAL PERIOD 1981 TO 2010
CLIMATE RECORD PERIOD 1893 TO 2019


WEATHER ITEM   OBSERVED TIME   RECORD YEAR NORMAL DEPARTURE LAST
                VALUE   (LST)  VALUE       VALUE  FROM      YEAR
                                                  NORMAL
..................................................................
TEMPERATURE (F)
 YESTERDAY
  MAXIMUM         74    336 PM  91    1971  70      4       74
  MINIMUM         49    724 AM  23    1943  46      3       51
  AVERAGE         62                        58      4       63

PRECIPITATION (IN)
  YESTERDAY        0.00          1.16 1954   0.03  -0.03      T
  MONTH TO DATE    1.26                      0.78   0.48     1.45
  SINCE OCT 1      2.77                      2.63   0.14     1.45
  SINCE JAN 1      1.26                      0.78   0.48     1.45

DEGREE DAYS
 HEATING
  YESTERDAY        3                         7     -4        2
  MONTH TO DATE  181                       157     24       25
  SINCE DEC 1    372                       447    -75      119
  SINCE JUL 1    408                       543   -135      119

 COOLING
  YESTERDAY        0                         0      0        0
  MONTH TO DATE    0                         0      0       25
  SINCE DEC 1      0                         4     -4       54
  SINCE JAN 1      0                         0      0       25
..................................................................


WIND (MPH)
  RESULTANT WIND SPEED   2   RESULTANT WIND DIRECTION  NW (330)
  HIGHEST WIND SPEED     9   HIGHEST WIND DIRECTION    NW (310)
  HIGHEST GUST SPEED    12   HIGHEST GUST DIRECTION    NW (320)
  AVERAGE WIND SPEED     3.7


SKY COVER
  POSSIBLE SUNSHINE  MM
  AVERAGE SKY COVER 0.0


WEATHER CONDITIONS
 THE FOLLOWING WEATHER WAS RECORDED YESTERDAY.
  NO SIGNIFICANT WEATHER WAS OBSERVED.


RELATIVE HUMIDITY (PERCENT)
 HIGHEST    71           700 AM
 LOWEST     29           200 PM
 AVERAGE    50

..........................................................


THE PALM SPRINGS INTL AIRPORT CA CLIMATE NORMALS FOR TODAY
                         NORMAL    RECORD    YEAR
 MAXIMUM TEMPERATURE (F)   70        88      1971
 MINIMUM TEMPERATURE (F)   46        28      1963
                                             1943


SUNRISE AND SUNSET
JANUARY 20 2019.......SUNRISE   649 AM PST   SUNSET   505 PM PST
JANUARY 21 2019.......SUNRISE   649 AM PST   SUNSET   506 PM PST


-  INDICATES NEGATIVE NUMBERS.
R  INDICATES RECORD WAS SET OR TIED.
MM INDICATES DATA IS MISSING.
T  INDICATES TRACE AMOUNT.




$$
