870
CDUS46 KSGX 271121
CLIPSP


CLIMATE REPORT
NATIONAL WEATHER SERVICE SAN DIEGO, CA
421 AM PDT SUN MAY 27 2018


...................................

...THE PALM SPRINGS INTL AIRPORT CA CLIMATE SUMMARY FOR MAY 26 2018...

CLIMATE NORMAL PERIOD 1981 TO 2010
CLIMATE RECORD PERIOD 1893 TO 2018


WEATHER ITEM   OBSERVED TIME   RECORD YEAR NORMAL DEPARTURE LAST
                VALUE   (LST)  VALUE       VALUE  FROM      YEAR
                                                  NORMAL
..................................................................
TEMPERATURE (F)
 YESTERDAY
  MAXIMUM         84    253 PM 114    1951  96    -12       92
  MINIMUM         62    457 AM  45    1953  67     -5       63
  AVERAGE         73                        82     -9       78

PRECIPITATION (IN)
  YESTERDAY        0.00          0.00 2016   0.00   0.00     0.00
                                      2015
                                      2014
  MONTH TO DATE    T                         0.12  -0.12      T
  SINCE OCT 1      1.69                      4.72  -3.03     6.97
  SINCE JAN 1      1.69                      2.87  -1.18     5.18

DEGREE DAYS
 HEATING
  YESTERDAY        0                         0      0        0
  MONTH TO DATE    0                         0      0        5
  SINCE MAR 1     42                        94    -52       24
  SINCE JUL 1    335                       872   -537      684

 COOLING
  YESTERDAY        8                        17     -9       13
  MONTH TO DATE  370                       352     18      384
  SINCE MAR 1    857                       645    212      979
  SINCE JAN 1    970                       672    298     1024
..................................................................


WIND (MPH)
  RESULTANT WIND SPEED  11   RESULTANT WIND DIRECTION  NW (320)
  HIGHEST WIND SPEED    30   HIGHEST WIND DIRECTION    NW (320)
  HIGHEST GUST SPEED    38   HIGHEST GUST DIRECTION    NW (320)
  AVERAGE WIND SPEED    13.3


SKY COVER
  POSSIBLE SUNSHINE  MM
  AVERAGE SKY COVER 0.0


WEATHER CONDITIONS
 THE FOLLOWING WEATHER WAS RECORDED YESTERDAY.
  NO SIGNIFICANT WEATHER WAS OBSERVED.


RELATIVE HUMIDITY (PERCENT)
 HIGHEST    56           500 AM
 LOWEST     22          1200 PM
 AVERAGE    39

..........................................................


THE PALM SPRINGS INTL AIRPORT CA CLIMATE NORMALS FOR TODAY
                         NORMAL    RECORD    YEAR
 MAXIMUM TEMPERATURE (F)   97       112      1968
 MINIMUM TEMPERATURE (F)   67        48      1953


SUNRISE AND SUNSET
MAY 27 2018...........SUNRISE   538 AM PDT   SUNSET   749 PM PDT
MAY 28 2018...........SUNRISE   538 AM PDT   SUNSET   749 PM PDT


-  INDICATES NEGATIVE NUMBERS.
R  INDICATES RECORD WAS SET OR TIED.
MM INDICATES DATA IS MISSING.
T  INDICATES TRACE AMOUNT.




$$
