608
CDUS46 KSGX 210919
CLIPSP


CLIMATE REPORT
NATIONAL WEATHER SERVICE SAN DIEGO, CA
219 AM PDT MON OCT 21 2019


...................................

...THE PALM SPRINGS INTL AIRPORT CA CLIMATE SUMMARY FOR OCTOBER 20 2019...

CLIMATE NORMAL PERIOD 1981 TO 2010
CLIMATE RECORD PERIOD 1893 TO 2019


WEATHER ITEM   OBSERVED TIME   RECORD YEAR NORMAL DEPARTURE LAST
                VALUE   (LST)  VALUE       VALUE  FROM      YEAR
                                                  NORMAL
..................................................................
TEMPERATURE (F)
 YESTERDAY
  MAXIMUM         91    302 PM 105    2003  88      3       92
                                      1991
  MINIMUM         66   1258 AM  40    1949  61      5       66
  AVERAGE         79                        74      5       79

PRECIPITATION (IN)
  YESTERDAY        0.00          0.32 2004   0.02  -0.02     0.00
  MONTH TO DATE    0.00                      0.25  -0.25     0.91
  SINCE OCT 1      0.00                      0.25  -0.25     0.91
  SINCE JAN 1      7.33                      4.14   3.19     3.71

DEGREE DAYS
 HEATING
  YESTERDAY        0                         0      0        0
  MONTH TO DATE    0                         0      0        0
  SINCE SEP 1      0                         0      0        0
  SINCE JUL 1      0                         0      0        0

 COOLING
  YESTERDAY       14                         9      5       14
  MONTH TO DATE  269                       251     18      236
  SINCE SEP 1    942                       893     49     1014
  SINCE JAN 1   4247                      3977    270     4823
..................................................................


WIND (MPH)
  RESULTANT WIND SPEED   3   RESULTANT WIND DIRECTION  NW (320)
  HIGHEST WIND SPEED    21   HIGHEST WIND DIRECTION     N (340)
  HIGHEST GUST SPEED    25   HIGHEST GUST DIRECTION     N (340)
  AVERAGE WIND SPEED     7.0


SKY COVER
  POSSIBLE SUNSHINE  MM
  AVERAGE SKY COVER 0.0


WEATHER CONDITIONS
 THE FOLLOWING WEATHER WAS RECORDED YESTERDAY.
  NO SIGNIFICANT WEATHER WAS OBSERVED.


RELATIVE HUMIDITY (PERCENT)
 HIGHEST    31           600 AM
 LOWEST      9           100 PM
 AVERAGE    20

..........................................................


THE PALM SPRINGS INTL AIRPORT CA CLIMATE NORMALS FOR TODAY
                         NORMAL    RECORD    YEAR
 MAXIMUM TEMPERATURE (F)   87       104      2003
                                             1939
 MINIMUM TEMPERATURE (F)   61        39      1949


SUNRISE AND SUNSET
OCTOBER 21 2019.......SUNRISE   656 AM PDT   SUNSET   605 PM PDT
OCTOBER 22 2019.......SUNRISE   656 AM PDT   SUNSET   604 PM PDT


-  INDICATES NEGATIVE NUMBERS.
R  INDICATES RECORD WAS SET OR TIED.
MM INDICATES DATA IS MISSING.
T  INDICATES TRACE AMOUNT.




$$
