000
CDUS46 KSGX 191121
CLIPSP


CLIMATE REPORT
NATIONAL WEATHER SERVICE SAN DIEGO, CA
421 AM PDT FRI OCT 19 2018


...................................

...THE PALM SPRINGS INTL AIRPORT CA CLIMATE SUMMARY FOR OCTOBER 18 2018...

CLIMATE NORMAL PERIOD 1981 TO 2010
CLIMATE RECORD PERIOD 1893 TO 2018


WEATHER ITEM   OBSERVED TIME   RECORD YEAR NORMAL DEPARTURE LAST
                VALUE   (LST)  VALUE       VALUE  FROM      YEAR
                                                  NORMAL
..................................................................
TEMPERATURE (F)
 YESTERDAY
  MAXIMUM         89    317 PM 110    1991  88      1       99
  MINIMUM         62    543 AM  42    1971  62      0       72
  AVERAGE         76                        75      1       86

PRECIPITATION (IN)
  YESTERDAY        0.00          1.60 1963   0.02  -0.02     0.00
  MONTH TO DATE    0.91                      0.22   0.69     0.00
  SINCE OCT 1      0.91                      0.22   0.69     0.00
  SINCE JAN 1      3.71                      4.11  -0.40     7.17

DEGREE DAYS
 HEATING
  YESTERDAY        0                         0      0        0
  MONTH TO DATE    0                         0      0        0
  SINCE SEP 1      0                         0      0        0
  SINCE JUL 1      0                         0      0        0

 COOLING
  YESTERDAY       11                        10      1       21
  MONTH TO DATE  208                       232    -24      281
  SINCE SEP 1    986                       874    112      911
  SINCE JAN 1   4795                      3958    837     4794
..................................................................


WIND (MPH)
  RESULTANT WIND SPEED   3   RESULTANT WIND DIRECTION  NW (310)
  HIGHEST WIND SPEED    14   HIGHEST WIND DIRECTION     N (20)
  HIGHEST GUST SPEED    17   HIGHEST GUST DIRECTION     N (10)
  AVERAGE WIND SPEED     5.2


SKY COVER
  POSSIBLE SUNSHINE  MM
  AVERAGE SKY COVER 0.0


WEATHER CONDITIONS
 THE FOLLOWING WEATHER WAS RECORDED YESTERDAY.
  NO SIGNIFICANT WEATHER WAS OBSERVED.


RELATIVE HUMIDITY (PERCENT)
 HIGHEST    40           200 AM
 LOWEST     13           200 PM
 AVERAGE    27

..........................................................


THE PALM SPRINGS INTL AIRPORT CA CLIMATE NORMALS FOR TODAY
                         NORMAL    RECORD    YEAR
 MAXIMUM TEMPERATURE (F)   88       111      1991
 MINIMUM TEMPERATURE (F)   61        42      1949


SUNRISE AND SUNSET
OCTOBER 19 2018.......SUNRISE   654 AM PDT   SUNSET   607 PM PDT
OCTOBER 20 2018.......SUNRISE   655 AM PDT   SUNSET   606 PM PDT


-  INDICATES NEGATIVE NUMBERS.
R  INDICATES RECORD WAS SET OR TIED.
MM INDICATES DATA IS MISSING.
T  INDICATES TRACE AMOUNT.




$$
