000
CDUS46 KSGX 171233
CLIPSP


CLIMATE REPORT
NATIONAL WEATHER SERVICE SAN DIEGO, CA
433 AM PST SAT FEB 17 2018


...................................

...THE PALM SPRINGS INTL AIRPORT CA CLIMATE SUMMARY FOR FEBRUARY 16 2018...

CLIMATE NORMAL PERIOD 1981 TO 2010
CLIMATE RECORD PERIOD 1893 TO 2018


WEATHER ITEM   OBSERVED TIME   RECORD YEAR NORMAL DEPARTURE LAST
                VALUE   (LST)  VALUE       VALUE  FROM      YEAR
                                                  NORMAL
..................................................................
TEMPERATURE (F)
 YESTERDAY
  MAXIMUM         75    416 PM  91    1981  73      2       79
  MINIMUM         55   1124 PM  31    1990  48      7       55
                                      1944
                                      1942
  AVERAGE         65                        60      5       67

PRECIPITATION (IN)
  YESTERDAY        0.00          0.75 1932   0.05  -0.05     0.00
  MONTH TO DATE    0.00                      0.51  -0.51      T
  SINCE OCT 1      1.45                      3.36  -1.91     5.32
  SINCE JAN 1      1.45                      1.51  -0.06     3.53

DEGREE DAYS
 HEATING
  YESTERDAY        0                         5     -5        0
  MONTH TO DATE   13                       100    -87       22
  SINCE DEC 1    177                       631   -454      534
  SINCE JUL 1    177                       727   -550      595

 COOLING
  YESTERDAY        0                         1     -1        2
  MONTH TO DATE   64                        15     49       44
  SINCE DEC 1    142                        27    115       45
  SINCE JAN 1    113                        23     90       44
..................................................................


WIND (MPH)
  RESULTANT WIND SPEED   2   RESULTANT WIND DIRECTION   W (270)
  HIGHEST WIND SPEED    12   HIGHEST WIND DIRECTION     N (340)
  HIGHEST GUST SPEED    15   HIGHEST GUST DIRECTION     W (260)
  AVERAGE WIND SPEED     4.2


SKY COVER
  POSSIBLE SUNSHINE  MM
  AVERAGE SKY COVER 0.0


WEATHER CONDITIONS
 THE FOLLOWING WEATHER WAS RECORDED YESTERDAY.
  NO SIGNIFICANT WEATHER WAS OBSERVED.


RELATIVE HUMIDITY (PERCENT)
 HIGHEST    28          1200 AM
 LOWEST      7           300 PM
 AVERAGE    18

..........................................................


THE PALM SPRINGS INTL AIRPORT CA CLIMATE NORMALS FOR TODAY
                         NORMAL    RECORD    YEAR
 MAXIMUM TEMPERATURE (F)   73        96      1981
 MINIMUM TEMPERATURE (F)   48        26      1956


SUNRISE AND SUNSET
FEBRUARY 17 2018......SUNRISE   628 AM PST   SUNSET   532 PM PST
FEBRUARY 18 2018......SUNRISE   627 AM PST   SUNSET   533 PM PST


-  INDICATES NEGATIVE NUMBERS.
R  INDICATES RECORD WAS SET OR TIED.
MM INDICATES DATA IS MISSING.
T  INDICATES TRACE AMOUNT.




$$
