198
CDUS45 KPUB 221046
CLIPUB


CLIMATE REPORT
NATIONAL WEATHER SERVICE
446 AM MDT TUE OCT 22 2019

...................................

...THE PUEBLO CO CLIMATE SUMMARY FOR OCTOBER 21 2019...

CLIMATE NORMAL PERIOD: 1981 TO 2010
CLIMATE RECORD PERIOD: 1888 TO 2019


WEATHER ITEM   OBSERVED TIME   RECORD YEAR NORMAL DEPARTURE LAST
                VALUE   (LST)  VALUE       VALUE  FROM      YEAR
                                                  NORMAL
...................................................................
TEMPERATURE (F)
 YESTERDAY
  MAXIMUM         57   2:05 PM  89    2003  68    -11       79
  MINIMUM         29  11:32 PM  17    1996  32     -3       31
  AVERAGE         43                        50     -7       55

PRECIPITATION (IN)
  YESTERDAY        0.00          1.28 2009   0.02  -0.02     0.00
  MONTH TO DATE    0.06                      0.51  -0.45     0.54
  SINCE SEP 1      0.57                      1.28  -0.71     0.62
  SINCE JAN 1     11.22                     11.51  -0.29     6.30

SNOWFALL (IN)
  YESTERDAY        0.0           3.0  1906   0.0    0.0      0.0
  MONTH TO DATE    0.8                       0.6    0.2      0.4
  SINCE SEP 1      0.8                       0.9   -0.1      0.4
  SINCE JUL 1      0.8                       0.9   -0.1      0.4
  SNOW DEPTH       0

DEGREE DAYS
 HEATING
  YESTERDAY       22                        15      7       10
  MONTH TO DATE  253                       241     12      310
  SINCE SEP 1    257                       334    -77      345
  SINCE JUL 1    257                       339    -82      345

 COOLING
  YESTERDAY        0                         0      0        0
  MONTH TO DATE    0                         0      0       16
  SINCE SEP 1    247                        83    164      199
  SINCE JAN 1   1226                       894    332     1419
...................................................................


WIND (MPH)
  HIGHEST WIND SPEED    22   HIGHEST WIND DIRECTION     W (270)
  HIGHEST GUST SPEED    32   HIGHEST GUST DIRECTION     W (270)
  AVERAGE WIND SPEED     6.9


SKY COVER
  POSSIBLE SUNSHINE  MM
  AVERAGE SKY COVER 0.1


WEATHER CONDITIONS
THE FOLLOWING WEATHER WAS RECORDED YESTERDAY.
  NO SIGNIFICANT WEATHER WAS OBSERVED.


RELATIVE HUMIDITY (PERCENT)
 HIGHEST    37           7:00 AM
 LOWEST     15           2:00 PM
 AVERAGE    26

..........................................................


THE PUEBLO CO CLIMATE NORMALS FOR TODAY
                         NORMAL    RECORD    YEAR
 MAXIMUM TEMPERATURE (F)   67        88      2016
 MINIMUM TEMPERATURE (F)   32        10      1996


SUNRISE AND SUNSET
OCTOBER 22 2019.......SUNRISE   7:14 AM MDT   SUNSET   6:11 PM MDT
OCTOBER 23 2019.......SUNRISE   7:15 AM MDT   SUNSET   6:10 PM MDT


-  INDICATES NEGATIVE NUMBERS.
R  INDICATES RECORD WAS SET OR TIED.
MM INDICATES DATA IS MISSING.
T  INDICATES TRACE AMOUNT.




$$
