000
CDUS45 KPUB 190036
CLIPUB


CLIMATE REPORT
NATIONAL WEATHER SERVICE PUEBLO
636 PM MDT THU OCT 18 2018


...................................

...THE PUEBLO CO CLIMATE SUMMARY FOR OCTOBER 18 2018...
VALID TODAY AS OF 0500 PM LOCAL TIME.

CLIMATE NORMAL PERIOD 1981 TO 2010
CLIMATE RECORD PERIOD 1888 TO 2018


WEATHER ITEM   OBSERVED TIME   RECORD YEAR NORMAL DEPARTURE LAST
                VALUE   (LST)  VALUE       VALUE  FROM      YEAR
                                                  NORMAL
..................................................................
TEMPERATURE (F)
 TODAY
  MAXIMUM         66    333 PM  88    2009  69     -3       83
                                      2003
  MINIMUM         29    617 AM  19    1996  33     -4       39
  AVERAGE         48                        51     -3       61

PRECIPITATION (IN)
  TODAY            0.00          0.87 1960   0.03  -0.03     0.00
  MONTH TO DATE    0.54                      0.44   0.10     0.20
  SINCE SEP 1      0.62                      1.21  -0.59     1.40
  SINCE JAN 1      6.30                     11.44  -5.14    15.66

SNOWFALL (IN)
  TODAY            0.0           0.4  1917   0.0    0.0      0.0
  MONTH TO DATE    0.4                       0.4    0.0      0.0
  SINCE SEP 1      0.4                       0.7   -0.3      0.0
  SINCE JUL 1      0.4                       0.7   -0.3      0.0
  SNOW DEPTH       0

DEGREE DAYS
 HEATING
  TODAY           17                        14      3        4
  MONTH TO DATE  278                       197     81      160
  SINCE SEP 1    313                       290     23      247
  SINCE JUL 1    313                       295     18      247

 COOLING
  TODAY            0                         0      0        0
  MONTH TO DATE   16                         0     16        0
  SINCE SEP 1    199                        83    116      146
  SINCE JAN 1   1419                       894    525     1027
..................................................................


WIND (MPH)
  HIGHEST WIND SPEED    17   HIGHEST WIND DIRECTION     E (110)
  HIGHEST GUST SPEED    21   HIGHEST GUST DIRECTION     E (100)
  AVERAGE WIND SPEED     3.7


SKY COVER
  POSSIBLE SUNSHINE  MM
  AVERAGE SKY COVER 0.2


WEATHER CONDITIONS
 THE FOLLOWING WEATHER WAS RECORDED TODAY.
  NO SIGNIFICANT WEATHER WAS OBSERVED.


RELATIVE HUMIDITY (PERCENT)
 HIGHEST    92           200 AM
 LOWEST     44           300 PM
 AVERAGE    68

..........................................................


THE PUEBLO CO CLIMATE NORMALS FOR TOMORROW
                         NORMAL    RECORD    YEAR
 MAXIMUM TEMPERATURE (F)   68        91      2003
 MINIMUM TEMPERATURE (F)   33        18      1966


SUNRISE AND SUNSET
OCTOBER 18 2018.......SUNRISE   710 AM MDT   SUNSET   616 PM MDT
OCTOBER 19 2018.......SUNRISE   711 AM MDT   SUNSET   615 PM MDT


-  INDICATES NEGATIVE NUMBERS.
R  INDICATES RECORD WAS SET OR TIED.
MM INDICATES DATA IS MISSING.
T  INDICATES TRACE AMOUNT.




$$
