297
CDUS45 KPUB 231014
CLIPUB


CLIMATE REPORT
NATIONAL WEATHER SERVICE
414 AM MDT WED OCT 23 2019

...................................

...THE PUEBLO CO CLIMATE SUMMARY FOR OCTOBER 22 2019...

CLIMATE NORMAL PERIOD: 1981 TO 2010
CLIMATE RECORD PERIOD: 1888 TO 2019


WEATHER ITEM   OBSERVED TIME   RECORD YEAR NORMAL DEPARTURE LAST
                VALUE   (LST)  VALUE       VALUE  FROM      YEAR
                                                  NORMAL
...................................................................
TEMPERATURE (F)
 YESTERDAY
  MAXIMUM         71   3:54 PM  88    2016  67      4       77
  MINIMUM         22   6:17 AM  10    1996  32    -10       37
  AVERAGE         47                        50     -3       57

PRECIPITATION (IN)
  YESTERDAY        0.00          0.35 1935   0.02  -0.02     0.00
  MONTH TO DATE    0.06                      0.53  -0.47     0.54
  SINCE SEP 1      0.57                      1.30  -0.73     0.62
  SINCE JAN 1     11.22                     11.53  -0.31     6.30

SNOWFALL (IN)
  YESTERDAY        0.0           2.6  1908   0.1   -0.1      0.0
                                      2001
  MONTH TO DATE    0.8                       0.7    0.1      0.4
  SINCE SEP 1      0.8                       1.0   -0.2      0.4
  SINCE JUL 1      0.8                       1.0   -0.2      0.4
  SNOW DEPTH       0

DEGREE DAYS
 HEATING
  YESTERDAY       18                        15      3        8
  MONTH TO DATE  271                       256     15      318
  SINCE SEP 1    275                       349    -74      353
  SINCE JUL 1    275                       354    -79      353

 COOLING
  YESTERDAY        0                         0      0        0
  MONTH TO DATE    0                         0      0       16
  SINCE SEP 1    247                        83    164      199
  SINCE JAN 1   1226                       894    332     1419
...................................................................


WIND (MPH)
  HIGHEST WIND SPEED    17   HIGHEST WIND DIRECTION    NW (310)
  HIGHEST GUST SPEED    23   HIGHEST GUST DIRECTION     W (290)
  AVERAGE WIND SPEED     5.8


SKY COVER
  POSSIBLE SUNSHINE  MM
  AVERAGE SKY COVER 0.0


WEATHER CONDITIONS
THE FOLLOWING WEATHER WAS RECORDED YESTERDAY.
  NO SIGNIFICANT WEATHER WAS OBSERVED.


RELATIVE HUMIDITY (PERCENT)
 HIGHEST    58           4:00 AM
 LOWEST     14           4:00 PM
 AVERAGE    36

..........................................................


THE PUEBLO CO CLIMATE NORMALS FOR TODAY
                         NORMAL    RECORD    YEAR
 MAXIMUM TEMPERATURE (F)   67        92      2003
 MINIMUM TEMPERATURE (F)   32        16      1906


SUNRISE AND SUNSET
OCTOBER 23 2019.......SUNRISE   7:15 AM MDT   SUNSET   6:10 PM MDT
OCTOBER 24 2019.......SUNRISE   7:16 AM MDT   SUNSET   6:08 PM MDT


-  INDICATES NEGATIVE NUMBERS.
R  INDICATES RECORD WAS SET OR TIED.
MM INDICATES DATA IS MISSING.
T  INDICATES TRACE AMOUNT.




$$
