000
CDUS45 KPUB 250853
CLIPUB

CLIMATE REPORT
NATIONAL WEATHER SERVICE
253 AM MDT MON MAY 25 2020

...................................

...THE PUEBLO CO CLIMATE SUMMARY FOR MAY 24 2020...

CLIMATE NORMAL PERIOD: 1981 TO 2010
CLIMATE RECORD PERIOD: 1888 TO 2020


WEATHER ITEM   OBSERVED TIME   RECORD YEAR NORMAL DEPARTURE LAST
                VALUE   (LST)  VALUE       VALUE  FROM      YEAR
                                                  NORMAL
...................................................................
TEMPERATURE (F)
 YESTERDAY
  MAXIMUM         75  12:50 PM  97    1984  79     -4       80
  MINIMUM         47   9:13 PM  36    2007  47      0       36
                                      2008
                                      2019
  AVERAGE         61                        63     -2       58

PRECIPITATION (IN)
  YESTERDAY        0.07          0.85 1974   0.05   0.02     0.00
  MONTH TO DATE    0.24                      1.17  -0.93     2.10
  SINCE JAN 1      1.46                      4.15  -2.69     4.26

SNOWFALL (IN)
  YESTERDAY        0.0           0.0  2001   0.0    0.0      0.0
                                      2002
  MONTH TO DATE    0.0                       0.5   -0.5       T
  SINCE JUL 1     36.2                      31.8    4.4     17.0
  SNOW DEPTH       0

DEGREE DAYS
 HEATING
  YESTERDAY        4                         4      0        7
  MONTH TO DATE   79                       153    -74      242
  SINCE JUL 1   5256                      5593   -337     5371

 COOLING
  YESTERDAY        0                         2     -2        0
  MONTH TO DATE   62                        16     46        7
  SINCE JAN 1     62                        18     44        7
...................................................................


WIND (MPH)
  HIGHEST WIND SPEED    43   HIGHEST WIND DIRECTION     N (10)
  HIGHEST GUST SPEED    57   HIGHEST GUST DIRECTION     N (10)
  AVERAGE WIND SPEED    17.7


SKY COVER
  POSSIBLE SUNSHINE  MM
  AVERAGE SKY COVER 0.5


WEATHER CONDITIONS
THE FOLLOWING WEATHER WAS RECORDED YESTERDAY.
  THUNDERSTORM
  HEAVY RAIN
  LIGHT RAIN
  FOG


RELATIVE HUMIDITY (PERCENT)
 HIGHEST    83           8:00 PM
 LOWEST     30          12:00 PM
 AVERAGE    57

..........................................................


THE PUEBLO CO CLIMATE NORMALS FOR TODAY
                         NORMAL    RECORD    YEAR
 MAXIMUM TEMPERATURE (F)   80        94      1964
                                             2018
 MINIMUM TEMPERATURE (F)   47        32      2002


SUNRISE AND SUNSET
MAY 25 2020...........SUNRISE   5:39 AM MDT   SUNSET   8:11 PM MDT
MAY 26 2020...........SUNRISE   5:39 AM MDT   SUNSET   8:12 PM MDT


-  INDICATES NEGATIVE NUMBERS.
R  INDICATES RECORD WAS SET OR TIED.
MM INDICATES DATA IS MISSING.
T  INDICATES TRACE AMOUNT.




$$
