000
CDUS45 KPUB 230024
CLIPUB


CLIMATE REPORT
NATIONAL WEATHER SERVICE PUEBLO
524 PM MST TUE JAN 22 2019


...................................

...THE PUEBLO CO CLIMATE SUMMARY FOR JANUARY 22 2019...
VALID TODAY AS OF 0500 PM LOCAL TIME.

CLIMATE NORMAL PERIOD 1981 TO 2010
CLIMATE RECORD PERIOD 1888 TO 2019


WEATHER ITEM   OBSERVED TIME   RECORD YEAR NORMAL DEPARTURE LAST
                VALUE   (LST)  VALUE       VALUE  FROM      YEAR
                                                  NORMAL
..................................................................
TEMPERATURE (F)
 TODAY
  MAXIMUM         40   1204 AM  74    2009  47     -7       51
  MINIMUM         26    252 AM -13    1966  14     12       13
                                      1930
  AVERAGE         33                        31      2       32

PRECIPITATION (IN)
  TODAY            0.07          0.30 1948   0.01   0.06     0.00
  MONTH TO DATE    0.47                      0.25   0.22     0.23
  SINCE DEC 1      0.56                      0.63  -0.07     0.24
  SINCE JAN 1      0.47                      0.25   0.22     0.23

SNOWFALL (IN)
  TODAY            1.4           4.8  1948   0.2    1.2      0.0
  MONTH TO DATE    1.8                       4.6   -2.8      1.2
  SINCE DEC 1      3.5                      10.1   -6.6      1.8
  SINCE JUL 1      8.1                      16.1   -8.0      3.2
  SNOW DEPTH       1

DEGREE DAYS
 HEATING
  TODAY           32                        34     -2       33
  MONTH TO DATE  640                       762   -122      694
  SINCE DEC 1   1650                      1844   -194     1680
  SINCE JUL 1   2894                      3125   -231     2701

 COOLING
  TODAY            0                         0      0        0
  MONTH TO DATE    0                         0      0        0
  SINCE DEC 1      0                         0      0        0
  SINCE JAN 1      0                         0      0        0
..................................................................


WIND (MPH)
  HIGHEST WIND SPEED    43   HIGHEST WIND DIRECTION     N (360)
  HIGHEST GUST SPEED    57   HIGHEST GUST DIRECTION     N (350)
  AVERAGE WIND SPEED    22.8


SKY COVER
  POSSIBLE SUNSHINE  MM
  AVERAGE SKY COVER 0.8


WEATHER CONDITIONS
 THE FOLLOWING WEATHER WAS RECORDED TODAY.
  THUNDERSTORM
  SNOW
  LIGHT SNOW
  FOG
  FOG W/VISIBILITY <= 1/4 MILE
  HAZE


RELATIVE HUMIDITY (PERCENT)
 HIGHEST    81           300 AM
 LOWEST     49           400 PM
 AVERAGE    65

..........................................................


THE PUEBLO CO CLIMATE NORMALS FOR TOMORROW
                         NORMAL    RECORD    YEAR
 MAXIMUM TEMPERATURE (F)   47        73      1981
 MINIMUM TEMPERATURE (F)   14       -11      1963


SUNRISE AND SUNSET
JANUARY 22 2019.......SUNRISE   710 AM MST   SUNSET   509 PM MST
JANUARY 23 2019.......SUNRISE   710 AM MST   SUNSET   510 PM MST


-  INDICATES NEGATIVE NUMBERS.
R  INDICATES RECORD WAS SET OR TIED.
MM INDICATES DATA IS MISSING.
T  INDICATES TRACE AMOUNT.




$$
