000
CDUS46 KOTX 210825
CLIPUW


CLIMATE REPORT
NATIONAL WEATHER SERVICE SPOKANE, WA
125 AM PDT MON MAY 21 2018


...................................

...THE PULLMAN-MOSCOW  AIRPORT CLIMATE SUMMARY FOR MAY 20 2018...

CLIMATE NORMAL PERIOD 1981 TO 2010
CLIMATE RECORD PERIOD 9999 TO 9999


WEATHER ITEM   OBSERVED TIME   RECORD YEAR NORMAL DEPARTURE LAST
                VALUE   (LST)  VALUE       VALUE  FROM      YEAR
                                                  NORMAL
..................................................................
TEMPERATURE (F)
 YESTERDAY
  MAXIMUM         70    412 PM  85    1928  66      4       65
  MINIMUM         50    431 AM  30    1987  43      7       48
                                      1971
  AVERAGE         60                        54      6       57

PRECIPITATION (IN)
  YESTERDAY        0.09                      0.05   0.04     0.03
  MONTH TO DATE    1.71                      1.08   0.63     1.98
  SINCE OCT 1     18.80                     13.23   5.57    22.24
  SINCE JAN 1      9.94                      8.03   1.91    13.83

SNOWFALL (IN)
  YESTERDAY       MM

DEGREE DAYS
 HEATING
  YESTERDAY        5                        11     -6        8
  MONTH TO DATE  132                       261   -129      280
  SINCE MAR 1   1433                      1585   -152     1543
  SINCE JUL 1   5817                      6288   -471     6320

 COOLING
  YESTERDAY        0                         0      0        0
  MONTH TO DATE    3                         0      3        4
  SINCE MAR 1      3                         0      3        4
  SINCE JAN 1      3                         0      3        4
..................................................................


WIND (MPH)
  HIGHEST WIND SPEED    15   HIGHEST WIND DIRECTION     W (280)
  HIGHEST GUST SPEED    20   HIGHEST GUST DIRECTION     W (280)
  AVERAGE WIND SPEED     4.2


SKY COVER
  POSSIBLE SUNSHINE  MM
  AVERAGE SKY COVER 0.4


WEATHER CONDITIONS
 THE FOLLOWING WEATHER WAS RECORDED YESTERDAY.
  RAIN
  LIGHT RAIN
  FOG


RELATIVE HUMIDITY (PERCENT)
 HIGHEST    93           800 PM
 LOWEST     59           500 PM
 AVERAGE    76

..........................................................


THE PULLMAN-MOSCOW  AIRPORT CLIMATE NORMALS FOR TODAY
                         NORMAL    RECORD    YEAR
 MAXIMUM TEMPERATURE (F)   66        90      1928
 MINIMUM TEMPERATURE (F)   43        27      1973


SUNRISE AND SUNSET
MAY 21 2018...........SUNRISE   507 AM PDT   SUNSET   824 PM PDT
MAY 22 2018...........SUNRISE   506 AM PDT   SUNSET   825 PM PDT


-  INDICATES NEGATIVE NUMBERS.
R  INDICATES RECORD WAS SET OR TIED.
MM INDICATES DATA IS MISSING.
T  INDICATES TRACE AMOUNT.




$$
