000
CDUS46 KOTX 260910
CLIPUW


CLIMATE REPORT
NATIONAL WEATHER SERVICE SPOKANE, WA
210 AM PDT TUE MAY 26 2020


...................................

...THE PULLMAN-MOSCOW  AIRPORT CLIMATE SUMMARY FOR MAY 25 2020...

CLIMATE NORMAL PERIOD 1981 TO 2010
CLIMATE RECORD PERIOD 9999 TO 9999


WEATHER ITEM   OBSERVED TIME   RECORD YEAR NORMAL DEPARTURE LAST
                VALUE   (LST)  VALUE       VALUE  FROM      YEAR
                                                  NORMAL
..................................................................
TEMPERATURE (F)
 YESTERDAY
  MAXIMUM         64   1206 PM  90    1928  67     -3       64
  MINIMUM         45    215 AM  24    1911  43      2       47
  AVERAGE         55                        55      0       56

PRECIPITATION (IN)
  YESTERDAY        0.10          0.41 1912   0.04   0.06     0.13
  MONTH TO DATE    3.06                      1.31   1.75     1.13
  SINCE OCT 1     15.17                     13.46   1.71    16.53
  SINCE JAN 1     11.11                      8.26   2.85    10.23

SNOWFALL (IN)
  YESTERDAY       MM

DEGREE DAYS
 HEATING
  YESTERDAY       10                        10      0        9
  MONTH TO DATE  299                       314    -15      230
  SINCE MAR 1   1658                      1638     20     1722
  SINCE JUL 1   5986                      6341   -355     6366

 COOLING
  YESTERDAY        0                         0      0        0
  MONTH TO DATE    1                         0      1        0
  SINCE MAR 1      1                         0      1        0
  SINCE JAN 1      1                         0      1        0
..................................................................


WIND (MPH)
  HIGHEST WIND SPEED    17   HIGHEST WIND DIRECTION     W (250)
  HIGHEST GUST SPEED    24   HIGHEST GUST DIRECTION     W (250)
  AVERAGE WIND SPEED     4.9


SKY COVER
  POSSIBLE SUNSHINE  MM
  AVERAGE SKY COVER 0.4


WEATHER CONDITIONS
 THE FOLLOWING WEATHER WAS RECORDED YESTERDAY.
  LIGHT RAIN
  FOG


RELATIVE HUMIDITY (PERCENT)
 HIGHEST   100           800 PM
 LOWEST     55           900 AM
 AVERAGE    78

..........................................................


THE PULLMAN-MOSCOW  AIRPORT CLIMATE NORMALS FOR TODAY
                         NORMAL    RECORD    YEAR
 MAXIMUM TEMPERATURE (F)   67        91      1936
 MINIMUM TEMPERATURE (F)   44        33      1967


SUNRISE AND SUNSET
MAY 26 2020...........SUNRISE   502 AM PDT   SUNSET   830 PM PDT
MAY 27 2020...........SUNRISE   501 AM PDT   SUNSET   831 PM PDT


-  INDICATES NEGATIVE NUMBERS.
R  INDICATES RECORD WAS SET OR TIED.
MM INDICATES DATA IS MISSING.
T  INDICATES TRACE AMOUNT.




$$
