000
CDUS46 KOTX 200829
CLIPUW


CLIMATE REPORT
NATIONAL WEATHER SERVICE SPOKANE, WA
129 AM PDT SUN OCT 20 2019


...................................

...THE PULLMAN-MOSCOW  AIRPORT CLIMATE SUMMARY FOR OCTOBER 19 2019...

CLIMATE NORMAL PERIOD 1981 TO 2010
CLIMATE RECORD PERIOD 9999 TO 9999


WEATHER ITEM   OBSERVED TIME   RECORD YEAR NORMAL DEPARTURE LAST
                VALUE   (LST)  VALUE       VALUE  FROM      YEAR
                                                  NORMAL
..................................................................
TEMPERATURE (F)
 YESTERDAY
  MAXIMUM         43    738 AM  75    2014  57    -14       70
                                      1974
  MINIMUM         34    139 PM  19    1984  35     -1       34
  AVERAGE         39                        46     -7       52

PRECIPITATION (IN)
  YESTERDAY        1.19R         0.87 1971   0.05   1.14     0.00
  MONTH TO DATE    1.38                      0.73   0.65     0.26
  SINCE OCT 1      1.38                      0.73   0.65     0.26
  SINCE JAN 1     14.34                     12.42   1.92    12.23

SNOWFALL (IN)
  YESTERDAY       MM

DEGREE DAYS
 HEATING
  YESTERDAY       26                        19      7       13
  MONTH TO DATE  298                       295      3      337
  SINCE SEP 1    492                       523    -31      579
  SINCE JUL 1    548                       656   -108      649

 COOLING
  YESTERDAY        0                         0      0        0
  MONTH TO DATE    0                         0      0        0
  SINCE SEP 1     29                        22      7        5
  SINCE JAN 1    267                       212     55      327
..................................................................


WIND (MPH)
  HIGHEST WIND SPEED    23   HIGHEST WIND DIRECTION     W (250)
  HIGHEST GUST SPEED    27   HIGHEST GUST DIRECTION     W (260)
  AVERAGE WIND SPEED    10.3


SKY COVER
  POSSIBLE SUNSHINE  MM
  AVERAGE SKY COVER 0.7


WEATHER CONDITIONS
 THE FOLLOWING WEATHER WAS RECORDED YESTERDAY.
  RAIN
  LIGHT RAIN
  LIGHT SNOW
  FOG


RELATIVE HUMIDITY (PERCENT)
 HIGHEST   100           700 PM
 LOWEST     82           700 AM
 AVERAGE    91

..........................................................


THE PULLMAN-MOSCOW  AIRPORT CLIMATE NORMALS FOR TODAY
                         NORMAL    RECORD    YEAR
 MAXIMUM TEMPERATURE (F)   57        77      1927
 MINIMUM TEMPERATURE (F)   35        21      1984


SUNRISE AND SUNSET
OCTOBER 20 2019.......SUNRISE   713 AM PDT   SUNSET   553 PM PDT
OCTOBER 21 2019.......SUNRISE   714 AM PDT   SUNSET   551 PM PDT


-  INDICATES NEGATIVE NUMBERS.
R  INDICATES RECORD WAS SET OR TIED.
MM INDICATES DATA IS MISSING.
T  INDICATES TRACE AMOUNT.




$$
