000
CDUS46 KOTX 200830
CLIPUW


CLIMATE REPORT
NATIONAL WEATHER SERVICE SPOKANE, WA
1230 AM PST SUN JAN 20 2019


...................................

...THE PULLMAN-MOSCOW  AIRPORT CLIMATE SUMMARY FOR JANUARY 19 2019...

CLIMATE NORMAL PERIOD 1981 TO 2010
CLIMATE RECORD PERIOD 9999 TO 9999


WEATHER ITEM   OBSERVED TIME   RECORD YEAR NORMAL DEPARTURE LAST
                VALUE   (LST)  VALUE       VALUE  FROM      YEAR
                                                  NORMAL
..................................................................
TEMPERATURE (F)
 YESTERDAY
  MAXIMUM         48   1211 PM  53    1919  37     11       41
  MINIMUM         34    127 AM -10    1957  27      7       32
                                      1922
                                      1916
  AVERAGE         41                        32      9       37

PRECIPITATION (IN)
  YESTERDAY        0.09                      0.07   0.02      T
  MONTH TO DATE    1.13                      0.98   0.15     1.82
  SINCE OCT 1      7.43                      6.18   1.25    10.68
  SINCE JAN 1      1.13                      0.98   0.15     1.82

SNOWFALL (IN)
  YESTERDAY       MM

DEGREE DAYS
 HEATING
  YESTERDAY       24                        33     -9       28
  MONTH TO DATE  570                       646    -76      529
  SINCE DEC 1   1555                      1726   -171     1651
  SINCE JUL 1   3138                      3470   -332     3134

 COOLING
  YESTERDAY        0                         0      0        0
  MONTH TO DATE    0                         0      0        0
  SINCE DEC 1      0                         0      0        0
  SINCE JAN 1      0                         0      0        0
..................................................................


WIND (MPH)
  HIGHEST WIND SPEED    21   HIGHEST WIND DIRECTION    SW (240)
  HIGHEST GUST SPEED    25   HIGHEST GUST DIRECTION    SW (240)
  AVERAGE WIND SPEED     8.1


SKY COVER
  POSSIBLE SUNSHINE  MM
  AVERAGE SKY COVER 0.8


WEATHER CONDITIONS
 THE FOLLOWING WEATHER WAS RECORDED YESTERDAY.
  LIGHT RAIN
  LIGHT SNOW
  FOG


RELATIVE HUMIDITY (PERCENT)
 HIGHEST    92          1200 AM
 LOWEST     71           200 PM
 AVERAGE    82

..........................................................


THE PULLMAN-MOSCOW  AIRPORT CLIMATE NORMALS FOR TODAY
                         NORMAL    RECORD    YEAR
 MAXIMUM TEMPERATURE (F)   37        51      1899
 MINIMUM TEMPERATURE (F)   27       -21      1937


SUNRISE AND SUNSET
JANUARY 20 2019.......SUNRISE   725 AM PST   SUNSET   434 PM PST
JANUARY 21 2019.......SUNRISE   724 AM PST   SUNSET   435 PM PST


-  INDICATES NEGATIVE NUMBERS.
R  INDICATES RECORD WAS SET OR TIED.
MM INDICATES DATA IS MISSING.
T  INDICATES TRACE AMOUNT.




$$
