000
CDUS46 KOTX 190847
CLIPUW


CLIMATE REPORT
NATIONAL WEATHER SERVICE SPOKANE, WA
146 AM PDT FRI OCT 19 2018


...................................

...THE PULLMAN-MOSCOW  AIRPORT CLIMATE SUMMARY FOR OCTOBER 18 2018...

CLIMATE NORMAL PERIOD 1981 TO 2010
CLIMATE RECORD PERIOD 9999 TO 9999


WEATHER ITEM   OBSERVED TIME   RECORD YEAR NORMAL DEPARTURE LAST
                VALUE   (LST)  VALUE       VALUE  FROM      YEAR
                                                  NORMAL
..................................................................
TEMPERATURE (F)
 YESTERDAY
  MAXIMUM         65    143 PM  78    1952  58      7       56
  MINIMUM         32    104 AM  21    1991  36     -4       43
  AVERAGE         49                        47      2       50

PRECIPITATION (IN)
  YESTERDAY        0.00                      0.05  -0.05     0.03
  MONTH TO DATE    0.26                      0.68  -0.42     1.06
  SINCE OCT 1      0.26                      0.68  -0.42     1.06
  SINCE JAN 1     12.23                     12.37  -0.14    16.67

SNOWFALL (IN)
  YESTERDAY       MM

DEGREE DAYS
 HEATING
  YESTERDAY       16                        18     -2       15
  MONTH TO DATE  324                       276     48      299
  SINCE SEP 1    566                       504     62      486
  SINCE JUL 1    636                       637     -1      509

 COOLING
  YESTERDAY        0                         0      0        0
  MONTH TO DATE    0                         0      0        0
  SINCE SEP 1      5                        22    -17       83
  SINCE JAN 1    327                       212    115      517
..................................................................


WIND (MPH)
  HIGHEST WIND SPEED    12   HIGHEST WIND DIRECTION     E (90)
  HIGHEST GUST SPEED    13   HIGHEST GUST DIRECTION     E (100)
  AVERAGE WIND SPEED     2.5


SKY COVER
  POSSIBLE SUNSHINE  MM
  AVERAGE SKY COVER 0.0


WEATHER CONDITIONS
 THE FOLLOWING WEATHER WAS RECORDED YESTERDAY.
  HAZE


RELATIVE HUMIDITY (PERCENT)
 HIGHEST    76           400 AM
 LOWEST     28           100 PM
 AVERAGE    52

..........................................................


THE PULLMAN-MOSCOW  AIRPORT CLIMATE NORMALS FOR TODAY
                         NORMAL    RECORD    YEAR
 MAXIMUM TEMPERATURE (F)   57        75      2014
                                             1974
 MINIMUM TEMPERATURE (F)   35        19      1984


SUNRISE AND SUNSET
OCTOBER 19 2018.......SUNRISE   712 AM PDT   SUNSET   554 PM PDT
OCTOBER 20 2018.......SUNRISE   713 AM PDT   SUNSET   552 PM PDT


-  INDICATES NEGATIVE NUMBERS.
R  INDICATES RECORD WAS SET OR TIED.
MM INDICATES DATA IS MISSING.
T  INDICATES TRACE AMOUNT.




$$
