000
CDUS46 KOTX 220850
CLIPUW

CLIMATE REPORT
NATIONAL WEATHER SERVICE SPOKANE WA
150 AM PDT THU OCT 22 2020

...................................

...THE PULLMAN_MOSCOW  AIRPORT CLIMATE SUMMARY FOR OCTOBER 21 2020...

CLIMATE NORMAL PERIOD 1981 TO 2010
CLIMATE RECORD PERIOD 9999 TO 9999


WEATHER ITEM   OBSERVED TIME   RECORD YEAR NORMAL DEPARTURE LAST
                VALUE   (LST)  VALUE       VALUE  FROM      YEAR
                                                  NORMAL
...................................................................
TEMPERATURE (F)
 YESTERDAY
  MAXIMUM         47    918 AM  79    2003  56     -9       52
  MINIMUM         30   1159 PM  19    1984  35     -5       39
  AVERAGE         39                        46     -7       46

PRECIPITATION (IN)
  YESTERDAY        0.20          0.87 1947   0.05   0.15     0.29
  MONTH TO DATE    1.64                      0.82   0.82     1.78
  SINCE OCT 1      1.64                      0.82   0.82     1.78
  SINCE JAN 1     15.63                     12.51   3.12    14.74

SNOWFALL (IN)
  YESTERDAY       MM

DEGREE DAYS
 HEATING
  YESTERDAY       26                        19      7       19
  MONTH TO DATE  216                       333   -117      341
  SINCE SEP 1    326                       561   -235      535
  SINCE JUL 1    420                       694   -274      591

 COOLING
  YESTERDAY        0                         0      0        0
  MONTH TO DATE    2                         0      2        0
  SINCE SEP 1     37                        22     15       29
  SINCE JAN 1    291                       212     79      267
...................................................................


WIND (MPH)
  HIGHEST WIND SPEED    20   HIGHEST WIND DIRECTION    NW (300)
  HIGHEST GUST SPEED    26   HIGHEST GUST DIRECTION    NW (310)
  AVERAGE WIND SPEED     5.5


SKY COVER
  POSSIBLE SUNSHINE  MM
  AVERAGE SKY COVER 0.6


WEATHER CONDITIONS
THE FOLLOWING WEATHER WAS RECORDED YESTERDAY.
  RAIN
  LIGHT RAIN
  FOG


RELATIVE HUMIDITY (PERCENT)
 HIGHEST    92          1100 AM
 LOWEST     70           300 AM
 AVERAGE    81

..........................................................


THE PULLMAN_MOSCOW  AIRPORT CLIMATE NORMALS FOR TODAY
                         NORMAL    RECORD    YEAR
 MAXIMUM TEMPERATURE (F)   56        79      2003
 MINIMUM TEMPERATURE (F)   35        22      1978
                                             1984


SUNRISE AND SUNSET
OCTOBER 22 2020.......SUNRISE   717 AM PDT   SUNSET   548 PM PDT
OCTOBER 23 2020.......SUNRISE   718 AM PDT   SUNSET   546 PM PDT


-  INDICATES NEGATIVE NUMBERS.
R  INDICATES RECORD WAS SET OR TIED.
MM INDICATES DATA IS MISSING.
T  INDICATES TRACE AMOUNT.




$$
