000
CDUS46 KOTX 150835
CLIPUW


CLIMATE REPORT
NATIONAL WEATHER SERVICE SPOKANE, WA
135 AM PDT WED AUG 15 2018


...................................

...THE PULLMAN-MOSCOW  AIRPORT CLIMATE SUMMARY FOR AUGUST 14 2018...

CLIMATE NORMAL PERIOD 1981 TO 2010
CLIMATE RECORD PERIOD 9999 TO 9999


WEATHER ITEM   OBSERVED TIME   RECORD YEAR NORMAL DEPARTURE LAST
                VALUE   (LST)  VALUE       VALUE  FROM      YEAR
                                                  NORMAL
..................................................................
TEMPERATURE (F)
 YESTERDAY
  MAXIMUM         87    238 PM 101    1992  83      4       74
  MINIMUM         46    508 AM  38    1957  50     -4       48
  AVERAGE         67                        66      1       61

PRECIPITATION (IN)
  YESTERDAY        0.00                      0.02  -0.02     0.00
  MONTH TO DATE    T                         0.28  -0.28     0.06
  SINCE OCT 1     20.49                     15.76   4.73    23.33
  SINCE JAN 1     11.63                     10.56   1.07    14.92

SNOWFALL (IN)
  YESTERDAY       MM

DEGREE DAYS
 HEATING
  YESTERDAY        0                         2     -2        4
  MONTH TO DATE    1                        18    -17        4
  SINCE JUN 1    186                       288   -102      144
  SINCE JUL 1     29                        82    -53       10

 COOLING
  YESTERDAY        2                         3     -1        0
  MONTH TO DATE  101                        49     52      125
  SINCE JUN 1    260                       144    116      355
  SINCE JAN 1    268                       149    119      375
..................................................................


WIND (MPH)
  HIGHEST WIND SPEED    10   HIGHEST WIND DIRECTION    SW (240)
  HIGHEST GUST SPEED    13   HIGHEST GUST DIRECTION    SW (220)
  AVERAGE WIND SPEED     2.7


SKY COVER
  POSSIBLE SUNSHINE  MM
  AVERAGE SKY COVER 0.1


WEATHER CONDITIONS
 THE FOLLOWING WEATHER WAS RECORDED YESTERDAY.
  HAZE


RELATIVE HUMIDITY (PERCENT)
 HIGHEST    71           600 AM
 LOWEST     15           300 PM
 AVERAGE    43

..........................................................


THE PULLMAN-MOSCOW  AIRPORT CLIMATE NORMALS FOR TODAY
                         NORMAL    RECORD    YEAR
 MAXIMUM TEMPERATURE (F)   83       101      1992
 MINIMUM TEMPERATURE (F)   50        39      1893


SUNRISE AND SUNSET
AUGUST 15 2018........SUNRISE   546 AM PDT   SUNSET   758 PM PDT
AUGUST 16 2018........SUNRISE   548 AM PDT   SUNSET   757 PM PDT


-  INDICATES NEGATIVE NUMBERS.
R  INDICATES RECORD WAS SET OR TIED.
MM INDICATES DATA IS MISSING.
T  INDICATES TRACE AMOUNT.




$$
