000
CDUS41 KBOX 160625
CLIPVD


CLIMATE REPORT
NATIONAL WEATHER SERVICE BOSTON/NORTON MA
125 AM EST WED JAN 16 2019


...................................

...THE PROVIDENCE RI CLIMATE SUMMARY FOR JANUARY 15 2019...

CLIMATE NORMAL PERIOD 1981 TO 2010
CLIMATE RECORD PERIOD 1904 TO 2019


WEATHER ITEM   OBSERVED TIME   RECORD YEAR NORMAL DEPARTURE LAST
                VALUE   (LST)  VALUE       VALUE  FROM      YEAR
                                                  NORMAL
..................................................................
TEMPERATURE (F)
 YESTERDAY
  MAXIMUM         38   1259 PM  67    1995  37      1       23
  MINIMUM         16    515 AM  -9    1957  21     -5       15
  AVERAGE         27                        29     -2       19

PRECIPITATION (IN)
  YESTERDAY        0.00          1.93 1936   0.14  -0.14      T
  MONTH TO DATE    1.69                      1.88  -0.19     4.39
  SINCE DEC 1      6.46                      6.10   0.36     6.96
  SINCE JAN 1      1.69                      1.88  -0.19     4.39

SNOWFALL (IN)
  YESTERDAY        0.0           4.8  1910   0.2   -0.2      0.1
  MONTH TO DATE    T                         4.4   -4.4     14.5
  SINCE DEC 1      0.3                      13.1  -12.8     21.6
  SINCE JUL 1      6.3                      14.6   -8.3     21.6
  SNOW DEPTH       0

DEGREE DAYS
 HEATING
  YESTERDAY       38                        36      2       46
  MONTH TO DATE  492                       536    -44      608
  SINCE DEC 1   1393                      1488    -95     1649
  SINCE JUL 1   2528                      2563    -35     2463

 COOLING
  YESTERDAY        0                         0      0        0
  MONTH TO DATE    0                         0      0        0
  SINCE DEC 1      0                         0      0        0
  SINCE JAN 1      0                         0      0        0
..................................................................


WIND (MPH)
  RESULTANT WIND SPEED   5   RESULTANT WIND DIRECTION  NW (300)
  HIGHEST WIND SPEED    13   HIGHEST WIND DIRECTION     N (10)
  HIGHEST GUST SPEED    17   HIGHEST GUST DIRECTION     N (340)
  AVERAGE WIND SPEED     5.7


SKY COVER
  POSSIBLE SUNSHINE  MM
  AVERAGE SKY COVER 0.3


WEATHER CONDITIONS
 THE FOLLOWING WEATHER WAS RECORDED YESTERDAY.
  NO SIGNIFICANT WEATHER WAS OBSERVED.


RELATIVE HUMIDITY (PERCENT)
 HIGHEST    84          1200 AM
 LOWEST     35          1200 PM
 AVERAGE    60

..........................................................


THE PROVIDENCE RI CLIMATE NORMALS FOR TODAY
                         NORMAL    RECORD    YEAR
 MAXIMUM TEMPERATURE (F)   37        61      1995
 MINIMUM TEMPERATURE (F)   21        -6      2004


SUNRISE AND SUNSET
JANUARY 16 2019.......SUNRISE   710 AM EST   SUNSET   441 PM EST
JANUARY 17 2019.......SUNRISE   710 AM EST   SUNSET   442 PM EST


-  INDICATES NEGATIVE NUMBERS.
R  INDICATES RECORD WAS SET OR TIED.
MM INDICATES DATA IS MISSING.
T  INDICATES TRACE AMOUNT.




$$
