791
CDUS41 KBOX 190618
CLIPVD


CLIMATE REPORT
NATIONAL WEATHER SERVICE BOSTON/NORTON MA
208 AM EDT SAT OCT 19 2019


...................................

...THE PROVIDENCE RI CLIMATE SUMMARY FOR OCTOBER 18 2019...

CLIMATE NORMAL PERIOD 1981 TO 2010
CLIMATE RECORD PERIOD 1904 TO 2019


WEATHER ITEM   OBSERVED TIME   RECORD YEAR NORMAL DEPARTURE LAST
                VALUE   (LST)  VALUE       VALUE  FROM      YEAR
                                                  NORMAL
..................................................................
TEMPERATURE (F)
 YESTERDAY
  MAXIMUM         61    324 PM  85    1908  63     -2       48
  MINIMUM         43   1159 PM  28    1978  43      0       34
                                      1976
                                      1970
  AVERAGE         52                        53     -1       41

PRECIPITATION (IN)
  YESTERDAY        0.00          2.38 1932   0.12  -0.12     0.00
  MONTH TO DATE    3.35                      2.25   1.10     3.86
  SINCE SEP 1      4.51                      6.17  -1.66    11.67
  SINCE JAN 1     38.82                     36.77   2.05    45.96

SNOWFALL (IN)
  YESTERDAY        0.0           T    1972   0.0    0.0      0.0
  MONTH TO DATE    0.0                       0.0    0.0      0.0
  SINCE SEP 1      0.0                       0.0    0.0      0.0
  SINCE JUL 1      0.0                       0.0    0.0      0.0
  SNOW DEPTH       0

DEGREE DAYS
 HEATING
  YESTERDAY       13                        12      1       24
  MONTH TO DATE  160                       175    -15      127
  SINCE SEP 1    200                       263    -63      177
  SINCE JUL 1    203                       272    -69      177

 COOLING
  YESTERDAY        0                         0      0        0
  MONTH TO DATE   10                         6      4       21
  SINCE SEP 1     86                        86      0      155
  SINCE JAN 1    871                       742    129     1069
..................................................................


WIND (MPH)
  RESULTANT WIND SPEED  10   RESULTANT WIND DIRECTION  NW (300)
  HIGHEST WIND SPEED    21   HIGHEST WIND DIRECTION    NW (310)
  HIGHEST GUST SPEED    26   HIGHEST GUST DIRECTION    NW (310)
  AVERAGE WIND SPEED    10.4


SKY COVER
  POSSIBLE SUNSHINE  MM
  AVERAGE SKY COVER 0.3


WEATHER CONDITIONS
 THE FOLLOWING WEATHER WAS RECORDED YESTERDAY.
  NO SIGNIFICANT WEATHER WAS OBSERVED.


RELATIVE HUMIDITY (PERCENT)
 HIGHEST    77           700 AM
 LOWEST     46           100 PM
 AVERAGE    62

..........................................................


THE PROVIDENCE RI CLIMATE NORMALS FOR TODAY
                         NORMAL    RECORD    YEAR
 MAXIMUM TEMPERATURE (F)   62        83      2016
 MINIMUM TEMPERATURE (F)   43        24      1974


SUNRISE AND SUNSET
OCTOBER 19 2019.......SUNRISE   702 AM EDT   SUNSET   559 PM EDT
OCTOBER 20 2019.......SUNRISE   703 AM EDT   SUNSET   557 PM EDT


-  INDICATES NEGATIVE NUMBERS.
R  INDICATES RECORD WAS SET OR TIED.
MM INDICATES DATA IS MISSING.
T  INDICATES TRACE AMOUNT.




$$
