000
CDUS41 KBOX 260550
CLIPVD


CLIMATE REPORT
NATIONAL WEATHER SERVICE BOSTON/NORTON MA
139 AM EDT THU APR 26 2018


...................................

...THE PROVIDENCE RI CLIMATE SUMMARY FOR APRIL 25 2018...

CLIMATE NORMAL PERIOD 1981 TO 2010
CLIMATE RECORD PERIOD 1904 TO 2018


WEATHER ITEM   OBSERVED TIME   RECORD YEAR NORMAL DEPARTURE LAST
                VALUE   (LST)  VALUE       VALUE  FROM      YEAR
                                                  NORMAL
..................................................................
TEMPERATURE (F)
 YESTERDAY
  MAXIMUM         56    321 PM  83    1982  62     -6       52
  MINIMUM         49   1201 AM  29    1919  43      6       49
  AVERAGE         53                        52      1       51

PRECIPITATION (IN)
  YESTERDAY        1.48          1.70 1945   0.12   1.36     1.36
  MONTH TO DATE    5.01                      3.71   1.30     5.99
  SINCE MAR 1      9.86                      8.72   1.14     9.84
  SINCE JAN 1     21.80                     15.87   5.93    17.02

SNOWFALL (IN)
  YESTERDAY        0.0           T    1987   0.0    0.0      0.0
  MONTH TO DATE    3.6                       0.6    3.0       T
  SINCE MAR 1     16.7                       6.1   10.6      7.7
  SINCE JUL 1     50.6                      33.8   16.8     45.9
  SNOW DEPTH       0

DEGREE DAYS
 HEATING
  YESTERDAY       12                        13     -1       14
  MONTH TO DATE  516                       419     97      360
  SINCE MAR 1   1326                      1228     98     1280
  SINCE JUL 1   4989                      5290   -301     4838

 COOLING
  YESTERDAY        0                         0      0        0
  MONTH TO DATE    0                         0      0        7
  SINCE MAR 1      0                         0      0        7
  SINCE JAN 1      0                         0      0        7
..................................................................


WIND (MPH)
  RESULTANT WIND SPEED   8   RESULTANT WIND DIRECTION  SE (150)
  HIGHEST WIND SPEED    18   HIGHEST WIND DIRECTION    SE (140)
  HIGHEST GUST SPEED    26   HIGHEST GUST DIRECTION    SE (150)
  AVERAGE WIND SPEED     8.5


SKY COVER
  POSSIBLE SUNSHINE  MM
  AVERAGE SKY COVER 0.9


WEATHER CONDITIONS
 THE FOLLOWING WEATHER WAS RECORDED YESTERDAY.
  HEAVY RAIN
  RAIN
  LIGHT RAIN
  FOG


RELATIVE HUMIDITY (PERCENT)
 HIGHEST   100           700 AM
 LOWEST     74           100 AM
 AVERAGE    87

..........................................................


THE PROVIDENCE RI CLIMATE NORMALS FOR TODAY
                         NORMAL    RECORD    YEAR
 MAXIMUM TEMPERATURE (F)   62        88      2009
 MINIMUM TEMPERATURE (F)   43        28      1919


SUNRISE AND SUNSET
APRIL 26 2018.........SUNRISE   549 AM EDT   SUNSET   739 PM EDT
APRIL 27 2018.........SUNRISE   548 AM EDT   SUNSET   740 PM EDT


-  INDICATES NEGATIVE NUMBERS.
R  INDICATES RECORD WAS SET OR TIED.
MM INDICATES DATA IS MISSING.
T  INDICATES TRACE AMOUNT.




$$
