000
CDUS41 KBOX 092154
CLIPVD


CLIMATE REPORT
NATIONAL WEATHER SERVICE BOSTON/NORTON MA
544 PM EDT SUN AUG 9 2020


...................................

...THE PROVIDENCE RI CLIMATE SUMMARY FOR AUGUST 9 2020...
VALID TODAY AS OF 0500 PM LOCAL TIME.

CLIMATE NORMAL PERIOD 1981 TO 2010
CLIMATE RECORD PERIOD 1904 TO 2020


WEATHER ITEM   OBSERVED TIME   RECORD YEAR NORMAL DEPARTURE LAST
                VALUE   (LST)  VALUE       VALUE  FROM      YEAR
                                                  NORMAL
..................................................................
TEMPERATURE (F)
 TODAY
  MAXIMUM         89    241 PM 100    2001  82      7       85
  MINIMUM         67    317 AM  51    1964  64      3       65
                                      1955
  AVERAGE         78                        73      5       75

PRECIPITATION (IN)
  TODAY            0.00          2.73 1992   0.11  -0.11     0.10
  MONTH TO DATE    0.19                      1.08  -0.89     0.56
  SINCE JUN 1      4.47                      8.01  -3.54     8.74
  SINCE JAN 1     22.26                     28.08  -5.82    32.54

SNOWFALL (IN)
  TODAY            0.0           0.0  2002   0.0    0.0      0.0
                                      2001
                                      2000
  MONTH TO DATE    0.0                       0.0    0.0      0.0
  SINCE JUN 1      0.0                       0.0    0.0      0.0
  SINCE JUL 1      0.0                       0.0    0.0      0.0
  SNOW DEPTH       0

DEGREE DAYS
 HEATING
  TODAY            0                         0      0        0
  MONTH TO DATE    0                         0      0        0
  SINCE JUN 1     21                        46    -25       25
  SINCE JUL 1      0                         3     -3        0

 COOLING
  TODAY           13                         8      5       10
  MONTH TO DATE  122                        78     44       96
  SINCE JUN 1    695                       476    219      587
  SINCE JAN 1    724                       502    222      616
..................................................................


WIND (MPH)
  HIGHEST WIND SPEED    21   HIGHEST WIND DIRECTION    SE (150)
  HIGHEST GUST SPEED    25   HIGHEST GUST DIRECTION    SE (150)
  AVERAGE WIND SPEED     9.1


SKY COVER
  POSSIBLE SUNSHINE  MM
  AVERAGE SKY COVER 0.7


WEATHER CONDITIONS
 THE FOLLOWING WEATHER WAS RECORDED TODAY.
  NO SIGNIFICANT WEATHER WAS OBSERVED.


RELATIVE HUMIDITY (PERCENT)
 HIGHEST   100           300 AM
 LOWEST     55           300 PM
 AVERAGE    78

..........................................................


THE PROVIDENCE RI CLIMATE NORMALS FOR TOMORROW
                         NORMAL    RECORD    YEAR
 MAXIMUM TEMPERATURE (F)   82        97      1949
 MINIMUM TEMPERATURE (F)   64        47      1964


SUNRISE AND SUNSET
AUGUST  9 2020........SUNRISE   548 AM EDT   SUNSET   753 PM EDT
AUGUST 10 2020........SUNRISE   549 AM EDT   SUNSET   752 PM EDT


-  INDICATES NEGATIVE NUMBERS.
R  INDICATES RECORD WAS SET OR TIED.
MM INDICATES DATA IS MISSING.
T  INDICATES TRACE AMOUNT.




$$
