690
CDUS41 KBOX 172153
CLIPVD


CLIMATE REPORT
NATIONAL WEATHER SERVICE BOSTON/NORTON MA
543 PM EDT WED OCT 17 2018


...................................

...THE PROVIDENCE RI CLIMATE SUMMARY FOR OCTOBER 17 2018...
VALID TODAY AS OF 0500 PM LOCAL TIME.

CLIMATE NORMAL PERIOD 1981 TO 2010
CLIMATE RECORD PERIOD 1904 TO 2018


WEATHER ITEM   OBSERVED TIME   RECORD YEAR NORMAL DEPARTURE LAST
                VALUE   (LST)  VALUE       VALUE  FROM      YEAR
                                                  NORMAL
..................................................................
TEMPERATURE (F)
 TODAY
  MAXIMUM         63    215 PM  88    1947  63      0       59
  MINIMUM         39    520 AM  30    1978  43     -4       38
                                      1970
                                      1937
  AVERAGE         51                        53     -2       49

PRECIPITATION (IN)
  TODAY            0.00          1.56 1989   0.13  -0.13     0.00
  MONTH TO DATE    3.86                      2.13   1.73     0.60
  SINCE SEP 1     11.67                      6.05   5.62     4.45
  SINCE JAN 1     45.96                     36.65   9.31    38.65

SNOWFALL (IN)
  TODAY            0.0           T    1970   0.0    0.0      0.0
  MONTH TO DATE    0.0                       0.0    0.0      0.0
  SINCE SEP 1      0.0                       0.0    0.0      0.0
  SINCE JUL 1      0.0                       0.0    0.0      0.0
  SNOW DEPTH      MM

DEGREE DAYS
 HEATING
  TODAY           14                        12      2       16
  MONTH TO DATE  103                       163    -60       73
  SINCE SEP 1    153                       251    -98      105
  SINCE JUL 1    153                       260   -107      113

 COOLING
  TODAY            0                         0      0        0
  MONTH TO DATE   21                         6     15       37
  SINCE SEP 1    155                        86     69      171
  SINCE JAN 1   1069                       742    327      875
..................................................................


WIND (MPH)
  HIGHEST WIND SPEED    24   HIGHEST WIND DIRECTION     W (260)
  HIGHEST GUST SPEED    29   HIGHEST GUST DIRECTION     W (260)
  AVERAGE WIND SPEED     9.9


SKY COVER
  POSSIBLE SUNSHINE  MM
  AVERAGE SKY COVER 0.2


WEATHER CONDITIONS
 THE FOLLOWING WEATHER WAS RECORDED TODAY.
  NO SIGNIFICANT WEATHER WAS OBSERVED.


RELATIVE HUMIDITY (PERCENT)
 HIGHEST    85           500 AM
 LOWEST     39           300 PM
 AVERAGE    62

..........................................................


THE PROVIDENCE RI CLIMATE NORMALS FOR TOMORROW
                         NORMAL    RECORD    YEAR
 MAXIMUM TEMPERATURE (F)   63        85      1908
 MINIMUM TEMPERATURE (F)   43        28      1978
                                             1976
                                             1970


SUNRISE AND SUNSET
OCTOBER 17 2018.......SUNRISE   700 AM EDT   SUNSET   601 PM EDT
OCTOBER 18 2018.......SUNRISE   701 AM EDT   SUNSET   600 PM EDT


-  INDICATES NEGATIVE NUMBERS.
R  INDICATES RECORD WAS SET OR TIED.
MM INDICATES DATA IS MISSING.
T  INDICATES TRACE AMOUNT.




$$
