000
CDUS41 KBOX 082121
CLIPVD

CLIMATE REPORT
NATIONAL WEATHER SERVICE BOSTON/NORTON MA
521 PM EDT SAT MAY 08 2021

...................................

...THE PROVIDENCE RI CLIMATE SUMMARY FOR MAY 8 2021...
VALID TODAY AS OF 0500 PM LOCAL TIME.

CLIMATE NORMAL PERIOD 1991 TO 2020
CLIMATE RECORD PERIOD 1904 TO 2021


WEATHER ITEM   OBSERVED TIME   RECORD YEAR NORMAL DEPARTURE LAST
                VALUE   (LST)  VALUE       VALUE  FROM      YEAR
                                                  NORMAL
...................................................................
TEMPERATURE (F)
 TODAY
  MAXIMUM         60   1207 PM  91    2000  67     -7       58
  MINIMUM         44    457 AM  33    1956  47     -3       43
  AVERAGE         52                        57     -5       51

PRECIPITATION (IN)
  TODAY            0.00          2.56 1954   0.10  -0.10     0.49
  MONTH TO DATE    1.10                      0.91   0.19     1.99
  SINCE MAR 1      8.02                     10.10  -2.08    12.34
  SINCE JAN 1     13.55                     17.50  -3.95    16.81

SNOWFALL (IN)
  TODAY            0.0           0.0  2000   0.0    0.0      0.0
                                      2001
                                      2002
  MONTH TO DATE    0.0                       0.0    0.0      0.0
  SINCE MAR 1      T                         7.0   -7.0      1.6
  SINCE JUL 1     31.2                      36.6   -5.4     13.2
  SNOW DEPTH       0

DEGREE DAYS
 HEATING
  TODAY           13                         9      4       14
  MONTH TO DATE   71                        78     -7       72
  SINCE MAR 1   1230                      1361   -131     1306
  SINCE JUL 1   4888                      5305   -417     5016

 COOLING
  TODAY            0                         0      0        0
  MONTH TO DATE    0                         0      0        0
  SINCE MAR 1      0                         3     -3        0
  SINCE JAN 1      0                         3     -3        0
...................................................................


WIND (MPH)
  HIGHEST WIND SPEED    17   HIGHEST WIND DIRECTION    NE (50)
  HIGHEST GUST SPEED    21   HIGHEST GUST DIRECTION    NE (30)
  AVERAGE WIND SPEED     8.5


SKY COVER
  POSSIBLE SUNSHINE  MM
  AVERAGE SKY COVER 0.7


WEATHER CONDITIONS
THE FOLLOWING WEATHER WAS RECORDED TODAY.
  NO SIGNIFICANT WEATHER WAS OBSERVED.


RELATIVE HUMIDITY (PERCENT)
 HIGHEST    68           200 AM
 LOWEST     43          1100 AM
 AVERAGE    56

..........................................................


THE PROVIDENCE RI CLIMATE NORMALS FOR TOMORROW
                         NORMAL    RECORD    YEAR
 MAXIMUM TEMPERATURE (F)   67        91      2000
 MINIMUM TEMPERATURE (F)   47        29      1956


SUNRISE AND SUNSET
MAY  8 2021...........SUNRISE   533 AM EDT   SUNSET   752 PM EDT
MAY  9 2021...........SUNRISE   532 AM EDT   SUNSET   753 PM EDT


-  INDICATES NEGATIVE NUMBERS.
R  INDICATES RECORD WAS SET OR TIED.
MM INDICATES DATA IS MISSING.
T  INDICATES TRACE AMOUNT.




$$
