000
CDUS43 KLOT 230647
CLIPWK


CLIMATE REPORT
NATIONAL WEATHER SERVICE CHICAGO IL
1242 AM CST WED JAN 23 2019


...................................

...THE CHICAGO EXECUTIVE CLIMATE SUMMARY FOR JANUARY 22 2019...

CLIMATE NORMAL PERIOD 1981 TO 2010
CLIMATE RECORD PERIOD 1996 TO 2019


WEATHER ITEM   OBSERVED TIME   RECORD YEAR NORMAL DEPARTURE LAST
                VALUE   (LST)  VALUE       VALUE  FROM      YEAR
                                                  NORMAL
..................................................................
TEMPERATURE (F)
 YESTERDAY
  MAXIMUM         34   1159 PM  55    2018  31      3       55
  MINIMUM         15    351 AM  -3    2013  16     -1       39
  AVERAGE         25                        23      2       47

PRECIPITATION (IN)
  YESTERDAY        T             0.68 2018   0.05  -0.05     0.68
  MONTH TO DATE    0.44                      1.16  -0.72     0.88
  SINCE DEC 1      3.50                      2.99   0.51     1.15
  SINCE JAN 1      0.44                      1.16  -0.72     0.88

DEGREE DAYS
 HEATING
  YESTERDAY       40                        42     -2       18
  MONTH TO DATE  778                       913   -135      945
  SINCE DEC 1   1739                      2060   -321     2108
  SINCE JUL 1   3103                      3330   -227     3184

 COOLING
  YESTERDAY        0                         0      0        0
  MONTH TO DATE    0                         0      0        0
  SINCE DEC 1      0                         0      0        0
  SINCE JAN 1      0                         0      0        0
..................................................................


WIND (MPH)
  RESULTANT WIND SPEED  10   RESULTANT WIND DIRECTION   S (160)
  HIGHEST WIND SPEED    22   HIGHEST WIND DIRECTION     S (180)
  HIGHEST GUST SPEED    29   HIGHEST GUST DIRECTION     S (170)
  AVERAGE WIND SPEED     9.0



WEATHER CONDITIONS
 THE FOLLOWING WEATHER WAS RECORDED YESTERDAY.
  LIGHT RAIN
  FREEZING RAIN
  LT FREEZING RAIN
  LIGHT SNOW
  FOG
  HAZE


..........................................................


THE CHICAGO EXECUTIVE CLIMATE NORMALS FOR TODAY
                         NORMAL    RECORD    YEAR
 MAXIMUM TEMPERATURE (F)   31        48      2012
                                             2002
 MINIMUM TEMPERATURE (F)   16        -4      2014
                                             2003


SUNRISE AND SUNSET
JANUARY 23 2019.......SUNRISE   713 AM CST   SUNSET   455 PM CST
JANUARY 24 2019.......SUNRISE   712 AM CST   SUNSET   456 PM CST


-  INDICATES NEGATIVE NUMBERS.
R  INDICATES RECORD WAS SET OR TIED.
MM INDICATES DATA IS MISSING.
T  INDICATES TRACE AMOUNT.




$$
