000
CDUS43 KLOT 040643
CLIPWK


CLIMATE REPORT
NATIONAL WEATHER SERVICE CHICAGO IL
143 AM CDT THU JUN 4 2020


...................................

...THE CHICAGO EXECUTIVE CLIMATE SUMMARY FOR JUNE 3 2020...

CLIMATE NORMAL PERIOD 1981 TO 2010
CLIMATE RECORD PERIOD 1996 TO 2020


WEATHER ITEM   OBSERVED TIME   RECORD YEAR NORMAL DEPARTURE LAST
                VALUE   (LST)  VALUE       VALUE  FROM      YEAR
                                                  NORMAL
..................................................................
TEMPERATURE (F)
 YESTERDAY
  MAXIMUM         87    235 PM  88    2011  75     12       65
  MINIMUM         68   1149 PM  41    2013  54     14       50
                                      2009
  AVERAGE         78                        64     14       58

PRECIPITATION (IN)
  YESTERDAY        0.11          1.02 2002   0.17  -0.06     0.00
  MONTH TO DATE    0.11                      0.51  -0.40     0.58
  SINCE JUN 1      0.11                      0.51  -0.40     0.58
  SINCE JAN 1     17.44                     12.00   5.44    14.82

DEGREE DAYS
 HEATING
  YESTERDAY        0                         4     -4        7
  MONTH TO DATE    1                        12    -11       11
  SINCE JUN 1      1                        12    -11       11
  SINCE JUL 1   5793                      6370   -577     6332

 COOLING
  YESTERDAY       13                         3     10        0
  MONTH TO DATE   30                         9     21        0
  SINCE JUN 1     30                         9     21        0
  SINCE JAN 1     91                        51     40       33
..................................................................


WIND (MPH)
  RESULTANT WIND SPEED   1   RESULTANT WIND DIRECTION   S (200)
  HIGHEST WIND SPEED    17   HIGHEST WIND DIRECTION    NW (320)
  HIGHEST GUST SPEED    26   HIGHEST GUST DIRECTION     W (260)
  AVERAGE WIND SPEED     5.7



WEATHER CONDITIONS
 THE FOLLOWING WEATHER WAS RECORDED YESTERDAY.
  RAIN
  LIGHT RAIN
  FOG


..........................................................


THE CHICAGO EXECUTIVE CLIMATE NORMALS FOR TODAY
                         NORMAL    RECORD    YEAR
 MAXIMUM TEMPERATURE (F)   76        91      2011
 MINIMUM TEMPERATURE (F)   54        42      2009


SUNRISE AND SUNSET
JUNE  4 2020..........SUNRISE   517 AM CDT   SUNSET   824 PM CDT
JUNE  5 2020..........SUNRISE   516 AM CDT   SUNSET   824 PM CDT


-  INDICATES NEGATIVE NUMBERS.
R  INDICATES RECORD WAS SET OR TIED.
MM INDICATES DATA IS MISSING.
T  INDICATES TRACE AMOUNT.




$$
