000
CDUS43 KLOT 270633
CLIPWK


CLIMATE REPORT
NATIONAL WEATHER SERVICE CHICAGO IL
132 AM CDT SUN MAY 27 2018


...................................

...THE CHICAGO EXECUTIVE CLIMATE SUMMARY FOR MAY 26 2018...

CLIMATE NORMAL PERIOD 1981 TO 2010
CLIMATE RECORD PERIOD 1996 TO 2018


WEATHER ITEM   OBSERVED TIME   RECORD YEAR NORMAL DEPARTURE LAST
                VALUE   (LST)  VALUE       VALUE  FROM      YEAR
                                                  NORMAL
..................................................................
TEMPERATURE (F)
 YESTERDAY
  MAXIMUM         91R   402 PM  88    2014  72     19       66
  MINIMUM         69    501 AM  40    2002  51     18       49
                                      2001
  AVERAGE         80                        62     18       58

PRECIPITATION (IN)
  YESTERDAY        0.00          1.22 2009   0.10  -0.10     0.53
  MONTH TO DATE    7.83                      3.17   4.66     3.35
  SINCE MAR 1     11.65                      8.39   3.26    13.13
  SINCE JAN 1     14.81                     10.97   3.84    16.58

DEGREE DAYS
 HEATING
  YESTERDAY        0                         5     -5        7
  MONTH TO DATE  121                       223   -102      282
  SINCE MAR 1   1737                      1598    139     1519
  SINCE JUL 1   6199                      6336   -137     5508

 COOLING
  YESTERDAY       15                         2     13        0
  MONTH TO DATE   70                        27     43       16
  SINCE MAR 1     70                        31     39       24
  SINCE JAN 1     70                        31     39       24
..................................................................


WIND (MPH)
  RESULTANT WIND SPEED   2   RESULTANT WIND DIRECTION   S (190)
  HIGHEST WIND SPEED    12   HIGHEST WIND DIRECTION     S (200)
  HIGHEST GUST SPEED    15   HIGHEST GUST DIRECTION     S (190)
  AVERAGE WIND SPEED     4.4



WEATHER CONDITIONS
 THE FOLLOWING WEATHER WAS RECORDED YESTERDAY.
  NO SIGNIFICANT WEATHER WAS OBSERVED.


..........................................................


THE CHICAGO EXECUTIVE CLIMATE NORMALS FOR TODAY
                         NORMAL    RECORD    YEAR
 MAXIMUM TEMPERATURE (F)   73        95      2012
 MINIMUM TEMPERATURE (F)   51        42      2008


SUNRISE AND SUNSET
MAY 27 2018...........SUNRISE   521 AM CDT   SUNSET   817 PM CDT
MAY 28 2018...........SUNRISE   520 AM CDT   SUNSET   818 PM CDT


-  INDICATES NEGATIVE NUMBERS.
R  INDICATES RECORD WAS SET OR TIED.
MM INDICATES DATA IS MISSING.
T  INDICATES TRACE AMOUNT.




$$
