000
CDUS41 KGYX 242041
CLIPWM


CLIMATE REPORT
NATIONAL WEATHER SERVICE GRAY ME
441 PM EDT SUN JUN 24 2018


...................................

...THE PORTLAND ME CLIMATE SUMMARY FOR JUNE 24 2018...
VALID TODAY AS OF 0400 PM LOCAL TIME.

CLIMATE NORMAL PERIOD 1981 TO 2010
CLIMATE RECORD PERIOD 1941 TO 2018


WEATHER ITEM   OBSERVED TIME   RECORD YEAR NORMAL DEPARTURE LAST
                VALUE   (LST)  VALUE       VALUE  FROM      YEAR
                                                  NORMAL
..................................................................
TEMPERATURE (F)
 TODAY
  MAXIMUM         73   1209 PM  93    1976  76     -3       85
  MINIMUM         54    339 AM  40    1941  56     -2       65
  AVERAGE         64                        66     -2       75

PRECIPITATION (IN)
  TODAY            0.00          1.77 1906   0.11  -0.11     0.00
  MONTH TO DATE    1.84                      3.12  -1.28     1.82
  SINCE JUN 1      1.84                      3.12  -1.28     1.82
  SINCE JAN 1     19.29                     22.32  -3.03    25.86

SNOWFALL (IN)
  TODAY            0.0           0.0  2002   0.0    0.0      0.0
                                      2001
                                      2000
  MONTH TO DATE    0.0                       0.0    0.0      0.0
  SINCE JUN 1      0.0                       0.0    0.0      0.0
  SINCE JUL 1     91.9                      61.9   30.0     95.3
  SNOW DEPTH       0

DEGREE DAYS
 HEATING
  TODAY            1                         2     -1        0
  MONTH TO DATE   89                        97     -8       81
  SINCE JUN 1     89                        97     -8       81
  SINCE JUL 1   6687                      7098   -411     6601

 COOLING
  TODAY            0                         3     -3       10
  MONTH TO DATE   32                        40     -8       81
  SINCE JUN 1     32                        40     -8       81
  SINCE JAN 1     47                        47      0       98
..................................................................


WIND (MPH)
  HIGHEST WIND SPEED    16   HIGHEST WIND DIRECTION     S (160)
  HIGHEST GUST SPEED    18   HIGHEST GUST DIRECTION     E (90)
  AVERAGE WIND SPEED     4.5


SKY COVER
  POSSIBLE SUNSHINE  MM
  AVERAGE SKY COVER 0.8


WEATHER CONDITIONS
 THE FOLLOWING WEATHER WAS RECORDED TODAY.
  LIGHT RAIN


RELATIVE HUMIDITY (PERCENT)
 HIGHEST    93          1200 AM
 LOWEST     66          1100 AM
 AVERAGE    80

..........................................................


THE PORTLAND ME CLIMATE NORMALS FOR TOMORROW
                         NORMAL    RECORD    YEAR
 MAXIMUM TEMPERATURE (F)   76        94      2005
                                             1943
 MINIMUM TEMPERATURE (F)   56        44      1953


SUNRISE AND SUNSET
JUNE 24 2018..........SUNRISE   501 AM EDT   SUNSET   827 PM EDT
JUNE 25 2018..........SUNRISE   501 AM EDT   SUNSET   827 PM EDT


-  INDICATES NEGATIVE NUMBERS.
R  INDICATES RECORD WAS SET OR TIED.
MM INDICATES DATA IS MISSING.
T  INDICATES TRACE AMOUNT.




$$
