000
CDUS46 KSGX 251123
CLIRAL


CLIMATE REPORT
NATIONAL WEATHER SERVICE SAN DIEGO, CA
423 AM PDT TUE SEP 25 2018


...................................

...THE RIVERSIDE MUNI AIRPORT CA CLIMATE SUMMARY FOR SEPTEMBER 24 2018...

CLIMATE NORMAL PERIOD 1981 TO 2010
CLIMATE RECORD PERIOD 1893 TO 2018


WEATHER ITEM   OBSERVED TIME   RECORD YEAR NORMAL DEPARTURE LAST
                VALUE   (LST)  VALUE       VALUE  FROM      YEAR
                                                  NORMAL
..................................................................
TEMPERATURE (F)
 YESTERDAY
  MAXIMUM         82    306 PM 109    1949  88     -6       86
  MINIMUM         59    453 AM  42    1923  61     -2       53
  AVERAGE         71                        74     -3       70

PRECIPITATION (IN)
  YESTERDAY        0.00          0.72 1908   0.01  -0.01     0.00
  MONTH TO DATE    0.00                      0.18  -0.18     0.22
  SINCE OCT 1      4.25                     12.33  -8.08    13.72
  SINCE JAN 1      4.22                      9.52  -5.30     8.46

DEGREE DAYS
 HEATING
  YESTERDAY        0                         0      0        0
  MONTH TO DATE    0                         0      0        1
  SINCE SEP 1      0                         0      0        1
  SINCE JUL 1      0                         0      0        1

 COOLING
  YESTERDAY        6                         9     -3        5
  MONTH TO DATE  296                       283     13      287
  SINCE SEP 1    296                       283     13      287
  SINCE JAN 1   1893                      1541    352     1935
..................................................................


WIND (MPH)
  RESULTANT WIND SPEED   4   RESULTANT WIND DIRECTION   W (270)
  HIGHEST WIND SPEED    15   HIGHEST WIND DIRECTION     W (270)
  HIGHEST GUST SPEED    21   HIGHEST GUST DIRECTION     W (270)
  AVERAGE WIND SPEED     6.2


SKY COVER
  POSSIBLE SUNSHINE  MM
  AVERAGE SKY COVER 0.2


WEATHER CONDITIONS
 THE FOLLOWING WEATHER WAS RECORDED YESTERDAY.
  FOG
  HAZE


RELATIVE HUMIDITY (PERCENT)
 HIGHEST    93           500 AM
 LOWEST     40           200 PM
 AVERAGE    67

..........................................................


THE RIVERSIDE MUNI AIRPORT CA CLIMATE NORMALS FOR TODAY
                         NORMAL    RECORD    YEAR
 MAXIMUM TEMPERATURE (F)   88       108      2010
                                             1921
 MINIMUM TEMPERATURE (F)   60        41      1934


SUNRISE AND SUNSET
SEPTEMBER 25 2018.....SUNRISE   640 AM PDT   SUNSET   642 PM PDT
SEPTEMBER 26 2018.....SUNRISE   641 AM PDT   SUNSET   641 PM PDT


-  INDICATES NEGATIVE NUMBERS.
R  INDICATES RECORD WAS SET OR TIED.
MM INDICATES DATA IS MISSING.
T  INDICATES TRACE AMOUNT.




$$
