000
CDUS46 KSGX 201140
CLIRAL


CLIMATE REPORT
NATIONAL WEATHER SERVICE SAN DIEGO, CA
440 AM PDT WED JUN 20 2018


...................................

...THE RIVERSIDE MUNI AIRPORT CA CLIMATE SUMMARY FOR JUNE 19 2018...

CLIMATE NORMAL PERIOD 1981 TO 2010
CLIMATE RECORD PERIOD 1893 TO 2018


WEATHER ITEM   OBSERVED TIME   RECORD YEAR NORMAL DEPARTURE LAST
                VALUE   (LST)  VALUE       VALUE  FROM      YEAR
                                                  NORMAL
..................................................................
TEMPERATURE (F)
 YESTERDAY
  MAXIMUM         87    111 PM 111    2016  86      1       98
  MINIMUM         56    506 AM  44    1933  60     -4       65
  AVERAGE         72                        73     -1       82

PRECIPITATION (IN)
  YESTERDAY        0.00          0.00 2017   0.00   0.00     0.00
                                      2016
                                      2015
  MONTH TO DATE    0.00                      0.07  -0.07     0.00
  SINCE OCT 1      4.23                     11.97  -7.74    13.21
  SINCE JAN 1      4.20                      9.16  -4.96     7.95

DEGREE DAYS
 HEATING
  YESTERDAY        0                         0      0        0
  MONTH TO DATE    0                         0      0        0
  SINCE JUN 1      0                         0      0        0
  SINCE JUL 1    827                      1444   -617     1134

 COOLING
  YESTERDAY        7                         8     -1       17
  MONTH TO DATE  169                       118     51      169
  SINCE JUN 1    169                       118     51      169
  SINCE JAN 1    368                       295     73      447
..................................................................


WIND (MPH)
  RESULTANT WIND SPEED   5   RESULTANT WIND DIRECTION   W (270)
  HIGHEST WIND SPEED    18   HIGHEST WIND DIRECTION     W (270)
  HIGHEST GUST SPEED    25   HIGHEST GUST DIRECTION     W (260)
  AVERAGE WIND SPEED     5.8


SKY COVER
  POSSIBLE SUNSHINE  MM
  AVERAGE SKY COVER 0.0


WEATHER CONDITIONS
 THE FOLLOWING WEATHER WAS RECORDED YESTERDAY.
  NO SIGNIFICANT WEATHER WAS OBSERVED.


RELATIVE HUMIDITY (PERCENT)
 HIGHEST    86           400 AM
 LOWEST     32           100 PM
 AVERAGE    59

..........................................................


THE RIVERSIDE MUNI AIRPORT CA CLIMATE NORMALS FOR TODAY
                         NORMAL    RECORD    YEAR
 MAXIMUM TEMPERATURE (F)   86       114      2016
 MINIMUM TEMPERATURE (F)   60        44      1944


SUNRISE AND SUNSET
JUNE 20 2018..........SUNRISE   539 AM PDT   SUNSET   804 PM PDT
JUNE 21 2018..........SUNRISE   539 AM PDT   SUNSET   804 PM PDT


-  INDICATES NEGATIVE NUMBERS.
R  INDICATES RECORD WAS SET OR TIED.
MM INDICATES DATA IS MISSING.
T  INDICATES TRACE AMOUNT.




$$
