000
CDUS46 KSGX 280925
CLIRAL


CLIMATE REPORT
NATIONAL WEATHER SERVICE SAN DIEGO, CA
125 AM PST FRI FEB 28 2020


...................................

...THE RIVERSIDE MUNI AIRPORT CA CLIMATE SUMMARY FOR FEBRUARY 27 2020...

CLIMATE NORMAL PERIOD 1981 TO 2010
CLIMATE RECORD PERIOD 1893 TO 2020


WEATHER ITEM   OBSERVED TIME   RECORD YEAR NORMAL DEPARTURE LAST
                VALUE   (LST)  VALUE       VALUE  FROM      YEAR
                                                  NORMAL
..................................................................
TEMPERATURE (F)
 YESTERDAY
  MAXIMUM         83    238 PM  87    1972  69     14       64
                                      1926
  MINIMUM         47    348 AM  26    1935  45      2       46
  AVERAGE         65                        57      8       55

PRECIPITATION (IN)
  YESTERDAY        0.00          1.48 1983   0.10  -0.10      T
  MONTH TO DATE    0.06                      2.94  -2.88     5.39
  SINCE OCT 1      4.47                      8.69  -4.22    11.21
  SINCE JAN 1      0.14                      5.88  -5.74     8.23

DEGREE DAYS
 HEATING
  YESTERDAY        0                         8     -8       10
  MONTH TO DATE  183                       256    -73      416
  SINCE DEC 1    787                       901   -114      975
  SINCE JUL 1    922                      1101   -179     1075

 COOLING
  YESTERDAY        0                         0      0        0
  MONTH TO DATE    3                         0      3        0
  SINCE DEC 1      3                         8     -5        3
  SINCE JAN 1      3                         6     -3        3
..................................................................


WIND (MPH)
  RESULTANT WIND SPEED   5   RESULTANT WIND DIRECTION  NE (60)
  HIGHEST WIND SPEED    12   HIGHEST WIND DIRECTION    NE (40)
  HIGHEST GUST SPEED    14   HIGHEST GUST DIRECTION     E (70)
  AVERAGE WIND SPEED     5.7


SKY COVER
  POSSIBLE SUNSHINE  MM
  AVERAGE SKY COVER 0.2


WEATHER CONDITIONS
 THE FOLLOWING WEATHER WAS RECORDED YESTERDAY.
  NO SIGNIFICANT WEATHER WAS OBSERVED.


RELATIVE HUMIDITY (PERCENT)
 HIGHEST    39           400 AM
 LOWEST     10          1100 AM
 AVERAGE    25

..........................................................


THE RIVERSIDE MUNI AIRPORT CA CLIMATE NORMALS FOR TODAY
                         NORMAL    RECORD    YEAR
 MAXIMUM TEMPERATURE (F)   69        88      1967
                                             1926
 MINIMUM TEMPERATURE (F)   45        29      1962
                                             1951
                                             1939


SUNRISE AND SUNSET
FEBRUARY 28 2020......SUNRISE   620 AM PST   SUNSET   545 PM PST
FEBRUARY 29 2020......SUNRISE   619 AM PST   SUNSET   546 PM PST


-  INDICATES NEGATIVE NUMBERS.
R  INDICATES RECORD WAS SET OR TIED.
MM INDICATES DATA IS MISSING.
T  INDICATES TRACE AMOUNT.




$$
