000
CDUS43 KUNR 180852
CLIRAP


CLIMATE REPORT
NATIONAL WEATHER SERVICE RAPID CITY SD
237 AM MDT WED JUL 18 2018


...................................

...THE RAPID CITY AIRPORT SD CLIMATE SUMMARY FOR JULY 17 2018...

CLIMATE NORMAL PERIOD 1981 TO 2010
CLIMATE RECORD PERIOD 1942 TO 2018


WEATHER ITEM   OBSERVED TIME   RECORD YEAR NORMAL DEPARTURE LAST
                VALUE   (LST)  VALUE       VALUE  FROM      YEAR
                                                  NORMAL
..................................................................
TEMPERATURE (F)
 YESTERDAY
  MAXIMUM         85    132 PM 104    1977  88     -3       99
  MINIMUM         60    804 PM  46    1950  59      1       62
  AVERAGE         73                        73      0       81

PRECIPITATION (IN)
  YESTERDAY        1.39R         1.00 1999   0.06   1.33     0.05
  MONTH TO DATE    4.42                      0.94   3.48     0.38
  SINCE JUN 1     10.48                      3.47   7.01     2.13
  SINCE JAN 1     18.53                     10.16   8.37     6.40

SNOWFALL (IN)
  YESTERDAY        0.0           0.0    MM   0.0    0.0      0.0
  MONTH TO DATE    0.0                       0.0    0.0      0.0
  SINCE JUN 1      0.0                       0.0    0.0      0.0
  SINCE JUL 1      0.0                       0.0    0.0      0.0
  SNOW DEPTH       0

DEGREE DAYS
 HEATING
  YESTERDAY        0                         0      0        0
  MONTH TO DATE    1                        10     -9        0
  SINCE JUN 1     54                       109    -55       33
  SINCE JUL 1      1                        10     -9        0

 COOLING
  YESTERDAY        8                         9     -1       16
  MONTH TO DATE  130                       124      6      214
  SINCE JUN 1    234                       208     26      316
  SINCE JAN 1    262                       223     39      328
..................................................................


WIND (MPH)
  HIGHEST WIND SPEED    44   HIGHEST WIND DIRECTION     W (290)
  HIGHEST GUST SPEED    53   HIGHEST GUST DIRECTION     W (270)
  AVERAGE WIND SPEED    11.1


SKY COVER
  AVERAGE SKY COVER 0.1


WEATHER CONDITIONS
 THE FOLLOWING WEATHER WAS RECORDED YESTERDAY.
  THUNDERSTORM
  HEAVY RAIN
  RAIN
  LIGHT RAIN
  FOG


RELATIVE HUMIDITY (PERCENT)
 HIGHEST    97           200 AM
 LOWEST     58           100 PM
 AVERAGE    78

..........................................................


THE RAPID CITY AIRPORT SD CLIMATE NORMALS FOR TODAY
                         NORMAL    RECORD    YEAR
 MAXIMUM TEMPERATURE (F)   88       106      2006
 MINIMUM TEMPERATURE (F)   59        49      1992
                                             1982
                                             1972


SUNRISE AND SUNSET
JULY 18 2018..........SUNRISE   526 AM MDT   SUNSET   830 PM MDT
JULY 19 2018..........SUNRISE   527 AM MDT   SUNSET   830 PM MDT


-  INDICATES NEGATIVE NUMBERS.
R  INDICATES RECORD WAS SET OR TIED.
MM INDICATES DATA IS MISSING.
T  INDICATES TRACE AMOUNT.




$$
