000
CDUS43 KUNR 230857
CLIRAP


CLIMATE REPORT
NATIONAL WEATHER SERVICE RAPID CITY SD
156 AM MST WED JAN 23 2019


...................................

...THE RAPID CITY AIRPORT SD CLIMATE SUMMARY FOR JANUARY 22 2019...

CLIMATE NORMAL PERIOD 1981 TO 2010
CLIMATE RECORD PERIOD 1942 TO 2019


WEATHER ITEM   OBSERVED TIME   RECORD YEAR NORMAL DEPARTURE LAST
                VALUE   (LST)  VALUE       VALUE  FROM      YEAR
                                                  NORMAL
..................................................................
TEMPERATURE (F)
 YESTERDAY
  MAXIMUM         32    222 PM  62    1981  37     -5       41
  MINIMUM         11    831 PM -18    1962  13     -2       16
  AVERAGE         22                        25     -3       29

PRECIPITATION (IN)
  YESTERDAY        T             0.19 1965   0.01  -0.01     0.00
  MONTH TO DATE    0.24                      0.22   0.02     0.15
  SINCE DEC 1      1.38                      0.64   0.74     0.42
  SINCE JAN 1      0.24                      0.22   0.02     0.15

SNOWFALL (IN)
  YESTERDAY        T             1.7  1965   0.1   -0.1      0.0
  MONTH TO DATE    3.3                       3.1    0.2      4.8
  SINCE DEC 1     17.7                       8.5    9.2     12.8
  SINCE JUL 1     24.6                      16.3    8.3     12.8
  SNOW DEPTH       1

DEGREE DAYS
 HEATING
  YESTERDAY       43                        40      3       36
  MONTH TO DATE  825                       882    -57      926
  SINCE DEC 1   1996                      2123   -127     2202
  SINCE JUL 1   3838                      3798     40     3753

 COOLING
  YESTERDAY        0                         0      0        0
  MONTH TO DATE    0                         0      0        0
  SINCE DEC 1      0                         0      0        0
  SINCE JAN 1      0                         0      0        0
..................................................................


WIND (MPH)
  HIGHEST WIND SPEED    39   HIGHEST WIND DIRECTION     N (340)
  HIGHEST GUST SPEED    51   HIGHEST GUST DIRECTION     N (340)
  AVERAGE WIND SPEED    16.1


SKY COVER
  AVERAGE SKY COVER 0.2


WEATHER CONDITIONS
 THE FOLLOWING WEATHER WAS RECORDED YESTERDAY.
  LIGHT SNOW
  FOG
  BLOWING SNOW


RELATIVE HUMIDITY (PERCENT)
 HIGHEST    88          1100 PM
 LOWEST     49           200 PM
 AVERAGE    69

..........................................................


THE RAPID CITY AIRPORT SD CLIMATE NORMALS FOR TODAY
                         NORMAL    RECORD    YEAR
 MAXIMUM TEMPERATURE (F)   37        68      2005
 MINIMUM TEMPERATURE (F)   13       -21      1963


SUNRISE AND SUNSET
JANUARY 23 2019.......SUNRISE   719 AM MST   SUNSET   450 PM MST
JANUARY 24 2019.......SUNRISE   718 AM MST   SUNSET   451 PM MST


-  INDICATES NEGATIVE NUMBERS.
R  INDICATES RECORD WAS SET OR TIED.
MM INDICATES DATA IS MISSING.
T  INDICATES TRACE AMOUNT.




$$
