557
CDUS43 KUNR 140832
CLIRAP


CLIMATE REPORT
NATIONAL WEATHER SERVICE RAPID CITY SD
231 AM MDT MON OCT 14 2019


...................................

...THE RAPID CITY AIRPORT SD CLIMATE SUMMARY FOR OCTOBER 13 2019...

CLIMATE NORMAL PERIOD 1981 TO 2010
CLIMATE RECORD PERIOD 1942 TO 2019


WEATHER ITEM   OBSERVED TIME   RECORD YEAR NORMAL DEPARTURE LAST
                VALUE   (LST)  VALUE       VALUE  FROM      YEAR
                                                  NORMAL
..................................................................
TEMPERATURE (F)
 YESTERDAY
  MAXIMUM         55    326 PM  87    1958  63     -8       47
  MINIMUM         20    445 AM  18    1969  35    -15       26
  AVERAGE         38                        49    -11       37

PRECIPITATION (IN)
  YESTERDAY        0.00          0.74 1942   0.05  -0.05     0.12
  MONTH TO DATE    0.54                      0.68  -0.14     0.92
  SINCE SEP 1      3.23                      1.97   1.26     2.87
  SINCE JAN 1     26.25                     14.60  11.65    24.06

DEGREE DAYS
 HEATING
  YESTERDAY       27                        16     11       28
  MONTH TO DATE  306                       181    125      320
  SINCE SEP 1    454                       368     86      505
  SINCE JUL 1    481                       405     76      556

 COOLING
  YESTERDAY        0                         0      0        0
  MONTH TO DATE    0                         0      0        0
  SINCE SEP 1     59                        61     -2       48
  SINCE JAN 1    399                       633   -234      488
..................................................................


WIND (MPH)
  HIGHEST WIND SPEED    12   HIGHEST WIND DIRECTION     N (350)
  HIGHEST GUST SPEED    13   HIGHEST GUST DIRECTION     N (350)
  AVERAGE WIND SPEED     3.5


SKY COVER
  AVERAGE SKY COVER 0.0


WEATHER CONDITIONS
 THE FOLLOWING WEATHER WAS RECORDED YESTERDAY.
  NO SIGNIFICANT WEATHER WAS OBSERVED.


RELATIVE HUMIDITY (PERCENT)
 HIGHEST    77          1200 AM
 LOWEST     28           100 PM
 AVERAGE    53

..........................................................


THE RAPID CITY AIRPORT SD CLIMATE NORMALS FOR TODAY
                         NORMAL    RECORD    YEAR
 MAXIMUM TEMPERATURE (F)   62        85      1964
 MINIMUM TEMPERATURE (F)   35        15      1969


SUNRISE AND SUNSET
OCTOBER 14 2019.......SUNRISE   705 AM MDT   SUNSET   610 PM MDT
OCTOBER 15 2019.......SUNRISE   707 AM MDT   SUNSET   609 PM MDT


-  INDICATES NEGATIVE NUMBERS.
R  INDICATES RECORD WAS SET OR TIED.
MM INDICATES DATA IS MISSING.
T  INDICATES TRACE AMOUNT.




$$
