000
CDUS43 KUNR 260836
CLIRAP

CLIMATE REPORT
NATIONAL WEATHER SERVICE
236 AM MDT MON OCT 26 2020

...................................

...THE RAPID CITY AIRPORT SD CLIMATE SUMMARY FOR OCTOBER 25 2020...

CLIMATE NORMAL PERIOD 1981 TO 2010
CLIMATE RECORD PERIOD 1942 TO 2020


WEATHER ITEM   OBSERVED TIME   RECORD YEAR NORMAL DEPARTURE LAST
                VALUE   (LST)  VALUE       VALUE  FROM      YEAR
                                                  NORMAL
...................................................................
TEMPERATURE (F)
 YESTERDAY
  MAXIMUM         17   1238 AM  82    2007  58    -41       67
  MINIMUM         10   1035 PM   9    1997  31    -21       25
  AVERAGE         14                        44    -30       46

PRECIPITATION (IN)
  YESTERDAY        0.02          0.54 1954   0.04  -0.02     0.00
  MONTH TO DATE    0.94                      1.22  -0.28     1.20
  SINCE SEP 1      2.05                      2.51  -0.46     3.89
  SINCE JAN 1     12.42                     15.14  -2.72    26.91

DEGREE DAYS
 HEATING
  YESTERDAY       51                        21     30       19
  MONTH TO DATE  526                       405    121      571
  SINCE SEP 1    713                       592    121      719
  SINCE JUL 1    727                       629     98      746

 COOLING
  YESTERDAY        0                         0      0        0
  MONTH TO DATE    1                         0      1        0
  SINCE SEP 1     44                        61    -17       59
  SINCE JAN 1    686                       633     53      399
...................................................................


WIND (MPH)
  HIGHEST WIND SPEED    24   HIGHEST WIND DIRECTION     N (360)
  HIGHEST GUST SPEED    30   HIGHEST GUST DIRECTION     N (360)
  AVERAGE WIND SPEED    15.7


SKY COVER
  AVERAGE SKY COVER 0.9


WEATHER CONDITIONS
THE FOLLOWING WEATHER WAS RECORDED YESTERDAY.
  LIGHT SNOW
  FOG


RELATIVE HUMIDITY (PERCENT)
 HIGHEST    87           400 AM
 LOWEST     63           400 PM
 AVERAGE    75

..........................................................


THE RAPID CITY AIRPORT SD CLIMATE NORMALS FOR TODAY
                         NORMAL    RECORD    YEAR
 MAXIMUM TEMPERATURE (F)   57        81      1990
 MINIMUM TEMPERATURE (F)   31         2      1997


SUNRISE AND SUNSET
OCTOBER 26 2020.......SUNRISE   722 AM MDT   SUNSET   550 PM MDT
OCTOBER 27 2020.......SUNRISE   723 AM MDT   SUNSET   549 PM MDT


-  INDICATES NEGATIVE NUMBERS.
R  INDICATES RECORD WAS SET OR TIED.
MM INDICATES DATA IS MISSING.
T  INDICATES TRACE AMOUNT.




$$
