000
CDUS43 KUNR 151832
CLIRAP


CLIMATE REPORT
NATIONAL WEATHER SERVICE RAPID CITY SD
1231 PM MDT MON OCT 15 2018


...................................

...THE RAPID CITY AIRPORT SD CLIMATE SUMMARY FOR OCTOBER 15 2018...
VALID AS OF 1200 PM LOCAL TIME.

CLIMATE NORMAL PERIOD 1981 TO 2010
CLIMATE RECORD PERIOD 1942 TO 2018


WEATHER ITEM   OBSERVED TIME   RECORD YEAR NORMAL DEPARTURE LAST
                VALUE   (LST)  VALUE       VALUE  FROM      YEAR
                                                  NORMAL
..................................................................
TEMPERATURE (F)
 TODAY
  MAXIMUM         45   1059 AM  87    1958  62    -17       62
  MINIMUM         13R   437 AM  22    2001  34    -21       24
                                      1969
  AVERAGE         29                        48    -19       43

PRECIPITATION (IN)
  TODAY            0.00          2.13 1980   0.06  -0.06     0.00
  MONTH TO DATE    0.92                      0.79   0.13     0.58
  SINCE SEP 1      2.87                      2.08   0.79     1.72
  SINCE JAN 1     24.06                     14.71   9.35    10.88

SNOWFALL (IN)
  TODAY            0.0           T    2013   0.1   -0.1      0.0
                                      1992
  MONTH TO DATE    3.6                       0.4    3.2      0.0
  SINCE SEP 1      3.6                       0.6    3.0      0.0
  SINCE JUL 1      3.6                       0.6    3.0      0.0
  SNOW DEPTH       T

DEGREE DAYS
 HEATING
  TODAY           36                        17     19       22
  MONTH TO DATE  397                       215    182      277
  SINCE SEP 1    582                       402    180      472
  SINCE JUL 1    633                       439    194      479

 COOLING
  TODAY            0                         0      0        0
  MONTH TO DATE    0                         0      0        0
  SINCE SEP 1     48                        61    -13       85
  SINCE JAN 1    488                       633   -145      709
..................................................................


WIND (MPH)
  HIGHEST WIND SPEED     9   HIGHEST WIND DIRECTION     S (180)
  HIGHEST GUST SPEED    14   HIGHEST GUST DIRECTION     S (170)
  AVERAGE WIND SPEED     3.4


SKY COVER
  AVERAGE SKY COVER 0.0


WEATHER CONDITIONS
 THE FOLLOWING WEATHER WAS RECORDED TODAY.
  NO SIGNIFICANT WEATHER WAS OBSERVED.


RELATIVE HUMIDITY (PERCENT)
 HIGHEST    84           700 AM
 LOWEST     41          1100 AM
 AVERAGE    63

..........................................................


THE RAPID CITY AIRPORT SD CLIMATE NORMALS FOR TOMORROW
                         NORMAL    RECORD    YEAR
 MAXIMUM TEMPERATURE (F)   61        91      1991
 MINIMUM TEMPERATURE (F)   34        14      1992


SUNRISE AND SUNSET
OCTOBER 15 2018.......SUNRISE   707 AM MDT   SUNSET   608 PM MDT
OCTOBER 16 2018.......SUNRISE   708 AM MDT   SUNSET   607 PM MDT


-  INDICATES NEGATIVE NUMBERS.
R  INDICATES RECORD WAS SET OR TIED.
MM INDICATES DATA IS MISSING.
T  INDICATES TRACE AMOUNT.




$$
