000
CDUS46 KMFR 220036
CLIRBG


CLIMATE REPORT
NATIONAL WEATHER SERVICE MEDFORD, OR
436 PM PST FRI FEB 21 2020


...................................

...THE ROSEBURG OR CLIMATE SUMMARY FOR FEBRUARY 21 2020...
VALID TODAY AS OF 0400 PM LOCAL TIME.

CLIMATE NORMAL PERIOD 1981 TO 2010
CLIMATE RECORD PERIOD 1931 TO 2020


WEATHER ITEM   OBSERVED TIME   RECORD YEAR NORMAL DEPARTURE LAST
                VALUE   (LST)  VALUE       VALUE  FROM      YEAR
                                                  NORMAL
..................................................................
TEMPERATURE (F)
 TODAY
  MAXIMUM         64    355 PM  65    2002  55      9       46
  MINIMUM         32    823 AM  22    1955  38     -6       31
  AVERAGE         48                        46      2       39

PRECIPITATION (IN)
  TODAY            0.00          1.66 1948   0.13  -0.13
  MONTH TO DATE    0.91                      3.08  -2.17
  SINCE OCT 1     14.44                     23.82  -9.38
  SINCE JAN 1      8.11                      8.17  -0.06

SNOWFALL (IN)
  TODAY           MM                        MM     MM       MM
  MONTH TO DATE   MM                        MM     MM       MM
  SINCE JUL 1      0.0                      MM     MM        0.0
  SNOW DEPTH      MM

DEGREE DAYS
 HEATING
  TODAY           17                        19     -2       26
  MONTH TO DATE  442                       421     21      497
  SINCE DEC 1   1608                      1811   -203     1836
  SINCE JUL 1   2615                      2740   -125     2607

 COOLING
  TODAY            0                         0      0        0
  MONTH TO DATE    0                         0      0        0
  SINCE DEC 1      0                         0      0        0
  SINCE JAN 1      0                         0      0        0
..................................................................







THE ROSEBURG OR CLIMATE NORMALS FOR TOMORROW
                         NORMAL    RECORD    YEAR
 MAXIMUM TEMPERATURE (F)   55        70      2002
                                             1995
 MINIMUM TEMPERATURE (F)   38        28      2019
                                             2010


SUNRISE AND SUNSET
FEBRUARY 21 2020......SUNRISE   703 AM PST   SUNSET   552 PM PST
FEBRUARY 22 2020......SUNRISE   701 AM PST   SUNSET   553 PM PST


-  INDICATES NEGATIVE NUMBERS.
R  INDICATES RECORD WAS SET OR TIED.
MM INDICATES DATA IS MISSING.
T  INDICATES TRACE AMOUNT.




$$
