921
CDUS46 KMFR 140903
CLIRBG


CLIMATE REPORT
NATIONAL WEATHER SERVICE MEDFORD, OR
203 AM PDT MON OCT 14 2019


...................................

...THE ROSEBURG OR CLIMATE SUMMARY FOR OCTOBER 13 2019...

CLIMATE NORMAL PERIOD 1981 TO 2010
CLIMATE RECORD PERIOD 1931 TO 2019


WEATHER ITEM   OBSERVED TIME   RECORD YEAR NORMAL DEPARTURE LAST
                VALUE   (LST)  VALUE       VALUE  FROM      YEAR
                                                  NORMAL
..................................................................
TEMPERATURE (F)
 YESTERDAY
  MAXIMUM         69    219 PM  83    2015  68      1       71
  MINIMUM         44    642 AM  35    1960  45     -1       41
  AVERAGE         57                        56      1       56

PRECIPITATION (IN)
  YESTERDAY        0.00          1.50 2016   0.07  -0.07     0.00
  MONTH TO DATE    0.11                      0.76  -0.65     0.40
  SINCE OCT 1      0.11                      0.76  -0.65     0.40
  SINCE JAN 1     25.43                     21.37   4.06    13.98

SNOWFALL (IN)
  YESTERDAY       MM                        MM     MM       MM
  MONTH TO DATE   MM                        MM     MM       MM
  SINCE JUL 1      0.0                      MM     MM        0.0
  SNOW DEPTH      MM

DEGREE DAYS
 HEATING
  YESTERDAY        8                         9     -1        9
  MONTH TO DATE  145                        88     57       91
  SINCE SEP 1    218                       156     62      143
  SINCE JUL 1    223                       177     46      145

 COOLING
  YESTERDAY        0                         0      0        0
  MONTH TO DATE    0                         2     -2        1
  SINCE SEP 1     77                        67     10       49
  SINCE JAN 1    680                       478    202      692
..................................................................


WIND (MPH)
  RESULTANT WIND SPEED   3   RESULTANT WIND DIRECTION   N (20)
  HIGHEST WIND SPEED    15   HIGHEST WIND DIRECTION     N (10)
  HIGHEST GUST SPEED    21   HIGHEST GUST DIRECTION     N (360)
  AVERAGE WIND SPEED     3.0


SKY COVER
  POSSIBLE SUNSHINE  MM
  AVERAGE SKY COVER 0.3


WEATHER CONDITIONS
 THE FOLLOWING WEATHER WAS RECORDED YESTERDAY.
  NO SIGNIFICANT WEATHER WAS OBSERVED.


RELATIVE HUMIDITY (PERCENT)
 HIGHEST    92           600 AM
 LOWEST     42           200 PM
 AVERAGE    67

..........................................................


THE ROSEBURG OR CLIMATE NORMALS FOR TODAY
                         NORMAL    RECORD    YEAR
 MAXIMUM TEMPERATURE (F)   67        86      1991
 MINIMUM TEMPERATURE (F)   45        34      1960
                                             1956


SUNRISE AND SUNSET
OCTOBER 14 2019.......SUNRISE   726 AM PDT   SUNSET   632 PM PDT
OCTOBER 15 2019.......SUNRISE   727 AM PDT   SUNSET   631 PM PDT


-  INDICATES NEGATIVE NUMBERS.
R  INDICATES RECORD WAS SET OR TIED.
MM INDICATES DATA IS MISSING.
T  INDICATES TRACE AMOUNT.




$$
