000
CDUS46 KMFR 180055
CLIRBG


CLIMATE REPORT
NATIONAL WEATHER SERVICE MEDFORD, OR
555 PM PDT TUE JUL 17 2018


...................................

...THE ROSEBURG OR CLIMATE SUMMARY FOR JULY 17 2018...
VALID TODAY AS OF 0500 PM LOCAL TIME.

CLIMATE NORMAL PERIOD 1981 TO 2010
CLIMATE RECORD PERIOD 1931 TO 2018


WEATHER ITEM   OBSERVED TIME   RECORD YEAR NORMAL DEPARTURE LAST
                VALUE   (LST)  VALUE       VALUE  FROM      YEAR
                                                  NORMAL
..................................................................
TEMPERATURE (F)
 TODAY
  MAXIMUM         95    255 PM  97    1959  85     10       85
                                      1941
  MINIMUM         61    459 AM  42    1955  57      4       52
  AVERAGE         78                        71      7       69

PRECIPITATION (IN)
  TODAY            0.00          0.43 1991   0.02  -0.02
  MONTH TO DATE    0.00                      0.27  -0.27
  SINCE OCT 1     21.66                     34.68 -13.02
  SINCE JAN 1     13.29                     19.03  -5.74

SNOWFALL (IN)
  TODAY            0.0                      MM     MM       MM
  MONTH TO DATE    0.0                      MM     MM       MM
  SINCE JUL 1      0.0                      MM     MM       MM
  SNOW DEPTH       0

DEGREE DAYS
 HEATING
  TODAY            0                         0      0        0
  MONTH TO DATE    0                         8     -8        0
  SINCE JUN 1     46                        91    -45       64
  SINCE JUL 1      0                         8     -8        0

 COOLING
  TODAY           13                         6      7        4
  MONTH TO DATE  142                        83     59      107
  SINCE JUN 1    216                       133     83      212
  SINCE JAN 1    239                       153     86      261
..................................................................







THE ROSEBURG OR CLIMATE NORMALS FOR TOMORROW
                         NORMAL    RECORD    YEAR
 MAXIMUM TEMPERATURE (F)   85       102      2015
                                             1959
 MINIMUM TEMPERATURE (F)   57        46      1963


SUNRISE AND SUNSET
JULY 17 2018..........SUNRISE   549 AM PDT   SUNSET   850 PM PDT
JULY 18 2018..........SUNRISE   550 AM PDT   SUNSET   849 PM PDT


-  INDICATES NEGATIVE NUMBERS.
R  INDICATES RECORD WAS SET OR TIED.
MM INDICATES DATA IS MISSING.
T  INDICATES TRACE AMOUNT.




$$
