000
CDUS46 KMFR 190838
CLIRBG


CLIMATE REPORT
NATIONAL WEATHER SERVICE MEDFORD, OR
138 AM PDT THU APR 19 2018


...................................

...THE ROSEBURG OR CLIMATE SUMMARY FOR APRIL 18 2018...

CLIMATE NORMAL PERIOD 1981 TO 2010
CLIMATE RECORD PERIOD 1931 TO 2018


WEATHER ITEM   OBSERVED TIME   RECORD YEAR NORMAL DEPARTURE LAST
                VALUE   (LST)  VALUE       VALUE  FROM      YEAR
                                                  NORMAL
..................................................................
TEMPERATURE (F)
 YESTERDAY
  MAXIMUM         63    431 PM  91    2016  63      0       66
  MINIMUM         42   1159 PM  32    1964  42      0       48
  AVERAGE         53                        52      1       57

PRECIPITATION (IN)
  YESTERDAY        0.02          1.00 2000   0.09  -0.07     0.02
  MONTH TO DATE    1.56                      1.82  -0.26     1.28
  SINCE OCT 1     19.71                     30.01 -10.30    38.91
  SINCE JAN 1     11.34                     14.36  -3.02    19.99

SNOWFALL (IN)
  YESTERDAY       MM                        MM     MM       MM
  MONTH TO DATE   MM                        MM     MM       MM
  SINCE JUL 1     MM                        MM     MM       MM
  SNOW DEPTH      MM

DEGREE DAYS
 HEATING
  YESTERDAY       12                        13     -1        8
  MONTH TO DATE  237                       251    -14      217
  SINCE MAR 1    772                       761     11      671
  SINCE JUL 1   3526                      3630   -104     3387

 COOLING
  YESTERDAY        0                         0      0        0
  MONTH TO DATE    0                         0      0        0
  SINCE MAR 1      0                         0      0        0
  SINCE JAN 1      0                         0      0        0
..................................................................


WIND (MPH)
  RESULTANT WIND SPEED   2   RESULTANT WIND DIRECTION   N (340)
  HIGHEST WIND SPEED    17   HIGHEST WIND DIRECTION    NW (320)
  HIGHEST GUST SPEED    23   HIGHEST GUST DIRECTION     N (340)
  AVERAGE WIND SPEED     2.7


SKY COVER
  POSSIBLE SUNSHINE  MM
  AVERAGE SKY COVER 0.5


WEATHER CONDITIONS
 THE FOLLOWING WEATHER WAS RECORDED YESTERDAY.
  LIGHT RAIN
  FOG


RELATIVE HUMIDITY (PERCENT)
 HIGHEST    96           600 AM
 LOWEST     32           200 PM
 AVERAGE    64

..........................................................


THE ROSEBURG OR CLIMATE NORMALS FOR TODAY
                         NORMAL    RECORD    YEAR
 MAXIMUM TEMPERATURE (F)   63        87      2016
 MINIMUM TEMPERATURE (F)   42        30      1961


SUNRISE AND SUNSET
APRIL 19 2018.........SUNRISE   625 AM PDT   SUNSET   801 PM PDT
APRIL 20 2018.........SUNRISE   623 AM PDT   SUNSET   802 PM PDT


-  INDICATES NEGATIVE NUMBERS.
R  INDICATES RECORD WAS SET OR TIED.
MM INDICATES DATA IS MISSING.
T  INDICATES TRACE AMOUNT.




$$
