000
CDUS46 KMFR 260843
CLIRBG


CLIMATE REPORT
NATIONAL WEATHER SERVICE MEDFORD, OR
143 AM PDT MON OCT 26 2020


...................................

...THE ROSEBURG OR CLIMATE SUMMARY FOR OCTOBER 25 2020...

CLIMATE NORMAL PERIOD 1981 TO 2010
CLIMATE RECORD PERIOD 1931 TO 2020


WEATHER ITEM   OBSERVED TIME   RECORD YEAR NORMAL DEPARTURE LAST
                VALUE   (LST)  VALUE       VALUE  FROM      YEAR
                                                  NORMAL
..................................................................
TEMPERATURE (F)
 YESTERDAY
  MAXIMUM         58    320 PM  80    1944  62     -4       71
  MINIMUM         33   1159 PM  30    1954  43    -10       43
  AVERAGE         46                        53     -7       57

PRECIPITATION (IN)
  YESTERDAY        0.00          2.15 1956   0.13  -0.13     0.01
  MONTH TO DATE    0.97                      1.85  -0.88     0.79
  SINCE OCT 1      0.97                      1.85  -0.88     0.79
  SINCE JAN 1     18.13                     22.46  -4.33    26.11

SNOWFALL (IN)
  YESTERDAY       MM                        MM     MM       MM
  MONTH TO DATE    0.0                      MM     MM       MM
  SINCE JUL 1      0.0                      MM     MM        0.0
  SNOW DEPTH      MM

DEGREE DAYS
 HEATING
  YESTERDAY       19                        12      7        8
  MONTH TO DATE  135                       217    -82      261
  SINCE SEP 1    154                       285   -131      334
  SINCE JUL 1    157                       306   -149      339

 COOLING
  YESTERDAY        0                         0      0        0
  MONTH TO DATE   32                         2     30        0
  SINCE SEP 1    166                        67     99       77
  SINCE JAN 1    827                       478    349      680
..................................................................


WIND (MPH)
  RESULTANT WIND SPEED   7   RESULTANT WIND DIRECTION   N (360)
  HIGHEST WIND SPEED    22   HIGHEST WIND DIRECTION     N (10)
  HIGHEST GUST SPEED    32   HIGHEST GUST DIRECTION     N (350)
  AVERAGE WIND SPEED     7.3


SKY COVER
  POSSIBLE SUNSHINE  MM
  AVERAGE SKY COVER 0.0


WEATHER CONDITIONS
 THE FOLLOWING WEATHER WAS RECORDED YESTERDAY.
  NO SIGNIFICANT WEATHER WAS OBSERVED.


RELATIVE HUMIDITY (PERCENT)
 HIGHEST    75           600 AM
 LOWEST     15           300 PM
 AVERAGE    45

..........................................................


THE ROSEBURG OR CLIMATE NORMALS FOR TODAY
                         NORMAL    RECORD    YEAR
 MAXIMUM TEMPERATURE (F)   62        78      1944
 MINIMUM TEMPERATURE (F)   43        28      1954
                                             1972


SUNRISE AND SUNSET
OCTOBER 26 2020.......SUNRISE   742 AM PDT   SUNSET   612 PM PDT
OCTOBER 27 2020.......SUNRISE   743 AM PDT   SUNSET   611 PM PDT


-  INDICATES NEGATIVE NUMBERS.
R  INDICATES RECORD WAS SET OR TIED.
MM INDICATES DATA IS MISSING.
T  INDICATES TRACE AMOUNT.




$$
