000
CDUS46 KMFR 180839
CLIRBG


CLIMATE REPORT
NATIONAL WEATHER SERVICE MEDFORD, OR
139 AM PDT THU OCT 18 2018


...................................

...THE ROSEBURG OR CLIMATE SUMMARY FOR OCTOBER 17 2018...

CLIMATE NORMAL PERIOD 1981 TO 2010
CLIMATE RECORD PERIOD 1931 TO 2018


WEATHER ITEM   OBSERVED TIME   RECORD YEAR NORMAL DEPARTURE LAST
                VALUE   (LST)  VALUE       VALUE  FROM      YEAR
                                                  NORMAL
..................................................................
TEMPERATURE (F)
 YESTERDAY
  MAXIMUM         82    415 PM  88    1936  66     16       69
  MINIMUM         40    713 AM  31    1938  44     -4       43
  AVERAGE         61                        55      6       56

PRECIPITATION (IN)
  YESTERDAY        0.00          0.70 1953   0.08  -0.08     0.00
  MONTH TO DATE    0.40                      1.06  -0.66     0.43
  SINCE OCT 1      0.40                      1.06  -0.66     0.43
  SINCE JAN 1     13.98                     21.67  -7.69    24.81

SNOWFALL (IN)
  YESTERDAY       MM                        MM     MM       MM
  MONTH TO DATE   MM                        MM     MM       MM
  SINCE JUL 1      0.0                      MM     MM       MM
  SNOW DEPTH      MM

DEGREE DAYS
 HEATING
  YESTERDAY        4                        10     -6        9
  MONTH TO DATE  115                       126    -11      180
  SINCE SEP 1    167                       194    -27      246
  SINCE JUL 1    169                       215    -46      246

 COOLING
  YESTERDAY        0                         0      0        0
  MONTH TO DATE    1                         2     -1        0
  SINCE SEP 1     49                        67    -18      138
  SINCE JAN 1    692                       478    214      863
..................................................................


WIND (MPH)
  RESULTANT WIND SPEED   1   RESULTANT WIND DIRECTION   N (20)
  HIGHEST WIND SPEED     8   HIGHEST WIND DIRECTION     N (10)
  HIGHEST GUST SPEED    10   HIGHEST GUST DIRECTION     N (10)
  AVERAGE WIND SPEED     1.0


SKY COVER
  POSSIBLE SUNSHINE  MM
  AVERAGE SKY COVER 0.0


WEATHER CONDITIONS
 THE FOLLOWING WEATHER WAS RECORDED YESTERDAY.
  NO SIGNIFICANT WEATHER WAS OBSERVED.


RELATIVE HUMIDITY (PERCENT)
 HIGHEST    82           500 AM
 LOWEST     16           300 PM
 AVERAGE    49

..........................................................


THE ROSEBURG OR CLIMATE NORMALS FOR TODAY
                         NORMAL    RECORD    YEAR
 MAXIMUM TEMPERATURE (F)   65        89      1940
 MINIMUM TEMPERATURE (F)   44        32      1949


SUNRISE AND SUNSET
OCTOBER 18 2018.......SUNRISE   731 AM PDT   SUNSET   625 PM PDT
OCTOBER 19 2018.......SUNRISE   732 AM PDT   SUNSET   624 PM PDT


-  INDICATES NEGATIVE NUMBERS.
R  INDICATES RECORD WAS SET OR TIED.
MM INDICATES DATA IS MISSING.
T  INDICATES TRACE AMOUNT.




$$
