248
CDUS46 KSTO 150056
CLIRDD

CLIMATE REPORT
NATIONAL WEATHER SERVICE SACRAMENTO
554 PM PDT MON JUN 14 2021

...................................

...THE REDDING CA AIRPORT AND CITY CLIMATE SUMMARY FOR JUNE 14 2021...
VALID TODAY AS OF 0500 PM LOCAL TIME.

CLIMATE NORMAL PERIOD: 1991 TO 2020
CLIMATE RECORD PERIOD: 1893 TO 2021


WEATHER ITEM   OBSERVED TIME   RECORD YEAR NORMAL DEPARTURE LAST
                VALUE   (LST)  VALUE       VALUE  FROM      YEAR
                                                  NORMAL
...................................................................
TEMPERATURE (F)
 TODAY
  MAXIMUM         88   3:58 PM 109    1961  91     -3       86
                                      1966
                                      2000
  MINIMUM         68            41    1907  62      6       60
  AVERAGE         78                        77      1       73

PRECIPITATION (IN)
  TODAY            0.00          0.97 1995   0.03  -0.03     0.00
  MONTH TO DATE    T                         0.48  -0.48      T
  SINCE OCT 1     13.80                     32.60 -18.80    23.65
  SINCE JAN 1      9.95                     20.84 -10.89    13.95

SNOWFALL (IN)
  TODAY           MM                         0.0   MM        0.0
  MONTH TO DATE    0.0                       0.0    0.0      0.0
  SINCE JUN 1      0.0                       0.0    0.0      0.0
  SINCE JUL 1      1.5                       2.6   -1.1      0.0

DEGREE DAYS
 HEATING
  TODAY            0                         0      0        0
  MONTH TO DATE    0                         4     -4        4
  SINCE JUN 1      0                         4     -4        4
  SINCE JUL 1   2309                      2571   -262     2309

 COOLING
  TODAY           13                        12      1        8
  MONTH TO DATE  172                       144     28      128
  SINCE JUN 1    172                       144     28      128
  SINCE JAN 1    461                       333    128      346
...................................................................


WIND (MPH)
  RESULTANT WIND SPEED  11   RESULTANT WIND DIRECTION   S (170)
  HIGHEST WIND SPEED    24   HIGHEST WIND DIRECTION     S (170)
  HIGHEST GUST SPEED    30   HIGHEST GUST DIRECTION     S (180)
  AVERAGE WIND SPEED    12.1


SKY COVER
  POSSIBLE SUNSHINE  MM
  AVERAGE SKY COVER 0.4


WEATHER CONDITIONS
THE FOLLOWING WEATHER WAS RECORDED TODAY.
  NO SIGNIFICANT WEATHER WAS OBSERVED.


RELATIVE HUMIDITY (PERCENT)
 HIGHEST    70           6:00 AM
 LOWEST     27           4:00 PM
 AVERAGE    49

..........................................................


THE REDDING CA AIRPORT AND CITY CLIMATE NORMALS FOR TOMORROW
                         NORMAL    RECORD    YEAR
 MAXIMUM TEMPERATURE (F)   92       113      1961
 MINIMUM TEMPERATURE (F)   62        47      1907


SUNRISE AND SUNSET
JUNE 14 2021..........SUNRISE   5:38 AM PDT   SUNSET   8:41 PM PDT
JUNE 15 2021..........SUNRISE   5:38 AM PDT   SUNSET   8:42 PM PDT


-  INDICATES NEGATIVE NUMBERS.
R  INDICATES RECORD WAS SET OR TIED.
MM INDICATES DATA IS MISSING.
T  INDICATES TRACE AMOUNT.


$$
