000
CDUS46 KSTO 110858
CLIRDD

CLIMATE REPORT
NATIONAL WEATHER SERVICE SACRAMENTO, CA
1248 AM PST TUE DEC 11 2018


..........................................................

...THE REDDING AIRPORT CA CLIMATE SUMMARY FOR DECEMBER 10 2018...

CLIMATE NORMAL PERIOD 1981 TO 2010
CLIMATE RECORD PERIOD 1986 TO 2018


WEATHER ITEM   OBSERVED RECORD YEAR NORMAL DEPARTURE LAST
                VALUE   VALUE       VALUE  FROM      YEAR
                                           NORMAL
...........................................................
TEMPERATURE (F)
 YESTERDAY
  MAXIMUM         62     74    1925  55      7       73
  MINIMUM         41     19    2009  37      4       29
  AVERAGE         52

PRECIPITATION (IN)
  YESTERDAY        0.01   4.85 1937   0.18  -0.17     0.00
  MONTH TO DATE    0.26               1.84  -1.58     0.08
  SINCE OCT 1      7.28               8.42  -1.14     5.64
  SINCE JAN 1     21.34              30.19  -8.85    34.65

SNOWFALL (IN)
  YESTERDAY       MM      0.0  2001  MM               0.0
  MONTH TO DATE    0.0               MM               0.0
  SINCE DEC 1      0.0               MM               0.0
  SINCE JUL 1      0.0               MM               0.0

DEGREE DAYS
 HEATING
  YESTERDAY       13

 COOLING
  YESTERDAY        0
...........................................................


WIND (MPH)
  RESULTANT WIND SPEED   7   RESULTANT WIND DIRECTION   N (350)
  HIGHEST WIND SPEED    20   HIGHEST WIND DIRECTION     N (10)
  HIGHEST GUST SPEED    25   HIGHEST GUST DIRECTION     N (350)


SKY COVER
  POSSIBLE SUNSHINE  MM
  AVERAGE SKY COVER 0.4


WEATHER CONDITIONS
 THE FOLLOWING WEATHER WAS RECORDED YESTERDAY.
  LIGHT RAIN
  FOG
  FOG W/VISIBILITY <= 1/4 MILE


RELATIVE HUMIDITY (PERCENT)
 HIGHEST   100
 LOWEST     39
 AVERAGE    70

..........................................................


THE REDDING AIRPORT CA CLIMATE NORMALS FOR TODAY
                         NORMAL    RECORD    YEAR
 MAXIMUM TEMPERATURE (F)   55        75      1958
                                             1951
 MINIMUM TEMPERATURE (F)   36        22      1972
                                             1932


SUNRISE AND SUNSET
DECEMBER 11 2018......SUNRISE   722 AM PST   SUNSET   443 PM PST
DECEMBER 12 2018......SUNRISE   723 AM PST   SUNSET   443 PM PST


-  INDICATES NEGATIVE NUMBERS.
R  INDICATES RECORD WAS SET OR TIED.
MM INDICATES DATA IS MISSING.
T  INDICATES TRACE AMOUNT.

&&
....................................................................

REDDING CITY CLIMATE DATA FOR DECEMBER 10

CLIMATE RECORD PERIOD 1897-1986

RECORD HIGH..............     74 IN 1925
RECORD LOW...............     20 IN 1972

RECORD RAINFALL..........   4.85 IN 1937

$$

NNNN
