000
CDUS46 KSTO 160843 RRA
CLIRDD

CLIMATE REPORT
NATIONAL WEATHER SERVICE SACRAMENTO, CA
142 AM PDT WED OCT 16 2019


...................................

...THE REDDING AIRPORT CA CLIMATE SUMMARY FOR OCTOBER 15 2019...

CLIMATE NORMAL PERIOD 1981 TO 2010
CLIMATE RECORD PERIOD 1986 TO 2019


WEATHER ITEM   OBSERVED RECORD YEAR NORMAL DEPARTURE LAST
                VALUE   VALUE       VALUE  FROM      YEAR
                                           NORMAL
...........................................................
TEMPERATURE (F)
 YESTERDAY
  MAXIMUM         80     97    1955  79      1       84
  MINIMUM         42     38    1984  50     -8       50
  AVERAGE         61

PRECIPITATION (IN)
  YESTERDAY        0.00   1.80 1924   0.07  -0.07     0.00
  MONTH TO DATE    0.00               0.66  -0.66     0.52
  SINCE OCT 1      0.00               0.66  -0.66     0.52
  SINCE JAN 1     32.57              22.43  10.14    14.58

SNOWFALL (IN)
  YESTERDAY        0.0    0.0  2002  MM               0.0
                               2001
  MONTH TO DATE    0.0               MM               0.0
  SINCE SEP 1      0.0               MM               0.0
  SINCE JUL 1      0.0               MM               0.0

DEGREE DAYS
 HEATING
  YESTERDAY        4

 COOLING
  YESTERDAY        0
...........................................................


WIND (MPH)
  RESULTANT WIND SPEED   1   RESULTANT WIND DIRECTION   S (180)
  HIGHEST WIND SPEED     9   HIGHEST WIND DIRECTION     S (180)
  HIGHEST GUST SPEED    12   HIGHEST GUST DIRECTION     S (180)


SKY COVER
  POSSIBLE SUNSHINE  MM
  AVERAGE SKY COVER 0.0


WEATHER CONDITIONS
 THE FOLLOWING WEATHER WAS RECORDED YESTERDAY.
  NO SIGNIFICANT WEATHER WAS OBSERVED.


RELATIVE HUMIDITY (PERCENT)
 HIGHEST    67
 LOWEST     15
 AVERAGE    41

..........................................................


THE REDDING AIRPORT CA CLIMATE NORMALS FOR TODAY
                         NORMAL    RECORD    YEAR
 MAXIMUM TEMPERATURE (F)   78        98      1988
 MINIMUM TEMPERATURE (F)   49        37      1984
                                             1893


SUNRISE AND SUNSET
OCTOBER 16 2019.......SUNRISE   721 AM PDT   SUNSET   628 PM PDT
OCTOBER 17 2019.......SUNRISE   722 AM PDT   SUNSET   626 PM PDT


-  INDICATES NEGATIVE NUMBERS.
R  INDICATES RECORD WAS SET OR TIED.
MM INDICATES DATA IS MISSING.
T  INDICATES TRACE AMOUNT.

&&
....................................................................

REDDING CITY CLIMATE DATA FOR OCTOBER 15

CLIMATE RECORD PERIOD 1897-1986

RECORD HIGH..............     97 IN 1955
RECORD LOW...............     38 IN 1984
RECORD RAINFALL..........   1.80 IN 1924

$$
