654
CDUS46 KSTO 180042
CLIRDD

CLIMATE REPORT
NATIONAL WEATHER SERVICE SACRAMENTO, CA
541 PM PDT SUN JUN 17 2018


...................................

...THE REDDING AIRPORT CA CLIMATE SUMMARY FOR JUNE 17 2018...
VALID TODAY AS OF 0500 PM LOCAL TIME.

CLIMATE NORMAL PERIOD 1981 TO 2010
CLIMATE RECORD PERIOD 1986 TO 2018


WEATHER ITEM   OBSERVED RECORD YEAR NORMAL DEPARTURE LAST
                VALUE   VALUE       VALUE  FROM      YEAR
                                           NORMAL
...........................................................
TEMPERATURE (F)
 TODAY
  MAXIMUM         81    108    1982  91    -10      103
                               1961
  MINIMUM         57     49    1939  62     -5       72
                               1937
  AVERAGE         69

PRECIPITATION (IN)
  TODAY            0.00   1.01 2016   0.02  -0.02     0.00
  MONTH TO DATE    T                  0.56  -0.56     0.59
  SINCE OCT 1     19.70              33.58 -13.88    47.03
  SINCE JAN 1     14.03              20.73  -6.70    28.30

SNOWFALL (IN)
  TODAY            0.0   MM      MM  MM               0.0
  MONTH TO DATE    0.0               MM               0.0
  SINCE JUN 1      0.0               MM               0.0
  SINCE JUL 1      0.0               MM               3.0

DEGREE DAYS
 HEATING
  TODAY            0

 COOLING
  TODAY            4
...........................................................


WIND (MPH)
  RESULTANT WIND SPEED   7   RESULTANT WIND DIRECTION   S (180)
  HIGHEST WIND SPEED    16   HIGHEST WIND DIRECTION     S (170)
  HIGHEST GUST SPEED    22   HIGHEST GUST DIRECTION     S (160)


SKY COVER
  POSSIBLE SUNSHINE  MM
  AVERAGE SKY COVER 0.2


WEATHER CONDITIONS
 THE FOLLOWING WEATHER WAS RECORDED TODAY.
  NO SIGNIFICANT WEATHER WAS OBSERVED.


RELATIVE HUMIDITY (PERCENT)
 HIGHEST    72
 LOWEST     33
 AVERAGE    53

..........................................................


THE REDDING AIRPORT CA CLIMATE NORMALS FOR TOMORROW
                         NORMAL    RECORD    YEAR
 MAXIMUM TEMPERATURE (F)   91       110      2017
 MINIMUM TEMPERATURE (F)   62        46      1906


SUNRISE AND SUNSET
JUNE 17 2018..........SUNRISE   538 AM PDT   SUNSET   842 PM PDT
JUNE 18 2018..........SUNRISE   538 AM PDT   SUNSET   842 PM PDT


-  INDICATES NEGATIVE NUMBERS.
R  INDICATES RECORD WAS SET OR TIED.
MM INDICATES DATA IS MISSING.
T  INDICATES TRACE AMOUNT.




&&
....................................................................

REDDING CITY CLIMATE DATA FOR JUNE 17

CLIMATE RECORD PERIOD 1897-1986

RECORD HIGH..............    108 IN 1982
RECORD LOW...............     49 IN 1939

RECORD RAINFALL..........   0.26 IN 1894

$$

NNNN
