000
CDUS46 KSTO 110845
CLIRDD

CLIMATE REPORT
NATIONAL WEATHER SERVICE SACRAMENTO, CA
145 AM PDT TUE AUG 11 2020


...................................

...THE REDDING CA AIRPORT AND CITY CLIMATE SUMMARY FOR AUGUST 10 2020...

CLIMATE NORMAL PERIOD 1981 TO 2010
CLIMATE RECORD PERIOD 1893 TO 2020


WEATHER ITEM   OBSERVED RECORD YEAR NORMAL DEPARTURE LAST
                VALUE   VALUE       VALUE  FROM      YEAR
                                           NORMAL
...........................................................
TEMPERATURE (F)
 YESTERDAY
  MAXIMUM        109    118    1971  98     11       79
  MINIMUM         73     53    1994  64      9       61
  AVERAGE         91

PRECIPITATION (IN)
  YESTERDAY        0.00   0.23 1999   0.01  -0.01     0.11
  MONTH TO DATE    0.00               0.04  -0.04     1.01
  SINCE OCT 1     23.65              33.84 -10.19    43.61
  SINCE JAN 1     13.95              20.99  -7.04    32.27

SNOWFALL (IN)
  YESTERDAY        0.0   MM      MM  MM               0.0
  MONTH TO DATE    0.0               MM               0.0
  SINCE JUN 1      0.0               MM               0.0
  SINCE JUL 1      0.0               MM               0.0

DEGREE DAYS
 HEATING
  YESTERDAY        0

 COOLING
  YESTERDAY       26
...........................................................


WIND (MPH)
  RESULTANT WIND SPEED   1   RESULTANT WIND DIRECTION   E (100)
  HIGHEST WIND SPEED    18   HIGHEST WIND DIRECTION     S (170)
  HIGHEST GUST SPEED    22   HIGHEST GUST DIRECTION     S (180)


SKY COVER
  POSSIBLE SUNSHINE  MM
  AVERAGE SKY COVER 0.0


WEATHER CONDITIONS
 THE FOLLOWING WEATHER WAS RECORDED YESTERDAY.
  NO SIGNIFICANT WEATHER WAS OBSERVED.


RELATIVE HUMIDITY (PERCENT)
 HIGHEST    64
 LOWEST     11
 AVERAGE    38

..........................................................


THE REDDING CA AIRPORT AND CITY CLIMATE NORMALS FOR TODAY
                         NORMAL    RECORD    YEAR
 MAXIMUM TEMPERATURE (F)   98       110      1992
                                             1933
 MINIMUM TEMPERATURE (F)   64        55      1989
                                             1919


SUNRISE AND SUNSET
AUGUST 11 2020........SUNRISE   617 AM PDT   SUNSET   811 PM PDT
AUGUST 12 2020........SUNRISE   618 AM PDT   SUNSET   810 PM PDT


-  INDICATES NEGATIVE NUMBERS.
R  INDICATES RECORD WAS SET OR TIED.
MM INDICATES DATA IS MISSING.
T  INDICATES TRACE AMOUNT.




$$
