000
CDUS46 KSTO 200041
CLIRDD

CLIMATE REPORT
NATIONAL WEATHER SERVICE SACRAMENTO, CA
539 PM PDT WED SEP 19 2018


...................................

...THE REDDING AIRPORT CA CLIMATE SUMMARY FOR SEPTEMBER 19 2018...
VALID TODAY AS OF 0500 PM LOCAL TIME.

CLIMATE NORMAL PERIOD 1981 TO 2010
CLIMATE RECORD PERIOD 1986 TO 2018


WEATHER ITEM   OBSERVED RECORD YEAR NORMAL DEPARTURE LAST
                VALUE   VALUE       VALUE  FROM      YEAR
                                           NORMAL
...........................................................
TEMPERATURE (F)
 TODAY
  MAXIMUM         91    109    1952  90      1       78
  MINIMUM         51     46    1986  57     -6       49
  AVERAGE         71

PRECIPITATION (IN)
  TODAY            0.00   3.24 1959   0.02  -0.02     0.00
  MONTH TO DATE    0.00               0.36  -0.36     0.61
  SINCE OCT 1     19.70              34.34 -14.64    47.74
  SINCE JAN 1     14.03              21.49  -7.46    29.01

SNOWFALL (IN)
  TODAY            0.0    0.0  2002  MM               0.0
                               2001
  MONTH TO DATE    0.0               MM               0.0
  SINCE SEP 1      0.0               MM               0.0
  SINCE JUL 1      0.0               MM               0.0

DEGREE DAYS
 HEATING
  TODAY            0

 COOLING
  TODAY            6
...........................................................


WIND (MPH)
  RESULTANT WIND SPEED   2   RESULTANT WIND DIRECTION   N (350)
  HIGHEST WIND SPEED    13   HIGHEST WIND DIRECTION     N (350)
  HIGHEST GUST SPEED    19   HIGHEST GUST DIRECTION     N (360)


SKY COVER
  POSSIBLE SUNSHINE  MM
  AVERAGE SKY COVER 0.0


WEATHER CONDITIONS
 THE FOLLOWING WEATHER WAS RECORDED TODAY.
  NO SIGNIFICANT WEATHER WAS OBSERVED.


RELATIVE HUMIDITY (PERCENT)
 HIGHEST    63
 LOWEST      8
 AVERAGE    36

..........................................................


THE REDDING AIRPORT CA CLIMATE NORMALS FOR TOMORROW
                         NORMAL    RECORD    YEAR
 MAXIMUM TEMPERATURE (F)   90       105      1994
                                             1967
                                             1952
 MINIMUM TEMPERATURE (F)   57        39      1947


SUNRISE AND SUNSET
SEPTEMBER 19 2018.....SUNRISE   654 AM PDT   SUNSET   711 PM PDT
SEPTEMBER 20 2018.....SUNRISE   655 AM PDT   SUNSET   709 PM PDT


-  INDICATES NEGATIVE NUMBERS.
R  INDICATES RECORD WAS SET OR TIED.
MM INDICATES DATA IS MISSING.
T  INDICATES TRACE AMOUNT.




&&
....................................................................

REDDING CITY CLIMATE DATA FOR SEPTEMBER 19

CLIMATE RECORD PERIOD 1897-1986

RECORD HIGH..............    109 IN 1952
RECORD LOW...............     45 IN 1986

RECORD RAINFALL..........   3.24 IN 1959

$$

NNNN
