000
CDUS41 KPHI 172126
CLIRDG


CLIMATE REPORT
NATIONAL WEATHER SERVICE MOUNT HOLLY NJ
526 PM EDT TUE JUL 17 2018


...................................

...THE READING PA CLIMATE SUMMARY FOR JULY 17 2018...
VALID TODAY AS OF 0500 PM LOCAL TIME.

CLIMATE NORMAL PERIOD 1981 TO 2010
CLIMATE RECORD PERIOD 1869 TO 2018


WEATHER ITEM   OBSERVED TIME   RECORD YEAR NORMAL DEPARTURE LAST
                VALUE   (LST)  VALUE       VALUE  FROM      YEAR
                                                  NORMAL
..................................................................
TEMPERATURE (F)
 TODAY
  MAXIMUM         87   1052 AM 102    1988  85      2       88
  MINIMUM         73    246 PM  51    1974  65      8       67
                                      1908
  AVERAGE         80                        75      5       78

PRECIPITATION (IN)
  TODAY            0.37          3.23 2005   0.16   0.21     0.04
  MONTH TO DATE    2.40                      2.45  -0.05     4.43
  SINCE JUN 1      6.68                      6.23   0.45     9.70
  SINCE JAN 1     26.48                     23.25   3.23    23.12

DEGREE DAYS
 HEATING
  TODAY            0                         0      0        0
  MONTH TO DATE    0                         0      0        0
  SINCE JUN 1      8                        24    -16       16
  SINCE JUL 1      0                         0      0        0

 COOLING
  TODAY           15                        10      5       13
  MONTH TO DATE  226                       167     59      200
  SINCE JUN 1    430                       356     74      434
  SINCE JAN 1    546                       416    130      509
..................................................................


WIND (MPH)
  HIGHEST WIND SPEED    18   HIGHEST WIND DIRECTION    NW (320)
  HIGHEST GUST SPEED    22   HIGHEST GUST DIRECTION     W (290)
  AVERAGE WIND SPEED     5.8


SKY COVER
  POSSIBLE SUNSHINE  MM
  AVERAGE SKY COVER 0.4


WEATHER CONDITIONS
 THE FOLLOWING WEATHER WAS RECORDED TODAY.
  THUNDERSTORM
  HEAVY RAIN
  RAIN
  LIGHT RAIN
  FOG


RELATIVE HUMIDITY (PERCENT)
 HIGHEST   100           600 AM
 LOWEST     65          1000 AM
 AVERAGE    83

..........................................................


THE READING PA CLIMATE NORMALS FOR TOMORROW
                         NORMAL    RECORD    YEAR
 MAXIMUM TEMPERATURE (F)   85       100      2012
 MINIMUM TEMPERATURE (F)   65        51      1976


SUNRISE AND SUNSET
JULY 17 2018..........SUNRISE   548 AM EDT   SUNSET   832 PM EDT
JULY 18 2018..........SUNRISE   549 AM EDT   SUNSET   831 PM EDT


-  INDICATES NEGATIVE NUMBERS.
R  INDICATES RECORD WAS SET OR TIED.
MM INDICATES DATA IS MISSING.
T  INDICATES TRACE AMOUNT.




$$
