000
CDUS41 KPHI 110552
CLIRDG

CLIMATE REPORT
NATIONAL WEATHER SERVICE MOUNT HOLLY NJ
152 AM EDT TUE MAY 11 2021

...................................

...THE READING PA CLIMATE SUMMARY FOR MAY 10 2021...

CLIMATE NORMAL PERIOD: 1991 TO 2020
CLIMATE RECORD PERIOD: 1869 TO 2021


WEATHER ITEM   OBSERVED TIME   RECORD YEAR NORMAL DEPARTURE LAST
                VALUE   (LST)  VALUE       VALUE  FROM      YEAR
                                                  NORMAL
...................................................................
TEMPERATURE (F)
 YESTERDAY
  MAXIMUM         63   5:21 PM  92    1889  72     -9       64
  MINIMUM         48  11:59 PM  31    1980  50     -2       34
  AVERAGE         56                        61     -5       49

PRECIPITATION (IN)
  YESTERDAY        T             1.20 1945   0.11  -0.11     0.00
  MONTH TO DATE    1.04                      1.06  -0.02     0.99
  SINCE MAR 1      6.04                      7.94  -1.90     9.43
  SINCE JAN 1     12.73                     13.52  -0.79    14.46

DEGREE DAYS
 HEATING
  YESTERDAY        9                         6      3       16
  MONTH TO DATE   75                        67      8      113
  SINCE MAR 1   1019                      1182   -163     1125
  SINCE JUL 1   4574                      5036   -462     4633

 COOLING
  YESTERDAY        0                         1     -1        0
  MONTH TO DATE   10                        10      0        2
  SINCE MAR 1     24                        21      3        2
  SINCE JAN 1     24                        21      3        2
...................................................................


WIND (MPH)
  HIGHEST WIND SPEED    18   HIGHEST WIND DIRECTION    NW (320)
  HIGHEST GUST SPEED    23   HIGHEST GUST DIRECTION    NW (320)
  AVERAGE WIND SPEED     9.0


SKY COVER
  POSSIBLE SUNSHINE  MM
  AVERAGE SKY COVER 0.7


WEATHER CONDITIONS
THE FOLLOWING WEATHER WAS RECORDED YESTERDAY.
  LIGHT RAIN
  FOG


RELATIVE HUMIDITY (PERCENT)
 HIGHEST    97           3:00 AM
 LOWEST     42           5:00 PM
 AVERAGE    70

..........................................................


THE READING PA CLIMATE NORMALS FOR TODAY
                         NORMAL    RECORD    YEAR
 MAXIMUM TEMPERATURE (F)   72        93      1911
                                             1948
 MINIMUM TEMPERATURE (F)   50        33      1972


SUNRISE AND SUNSET
MAY 11 2021...........SUNRISE   5:51 AM EDT   SUNSET   8:10 PM EDT
MAY 12 2021...........SUNRISE   5:50 AM EDT   SUNSET   8:11 PM EDT


-  INDICATES NEGATIVE NUMBERS.
R  INDICATES RECORD WAS SET OR TIED.
MM INDICATES DATA IS MISSING.
T  INDICATES TRACE AMOUNT.




$$
