000
CDUS41 KPHI 090553
CLIRDG

CLIMATE REPORT
NATIONAL WEATHER SERVICE MOUNT HOLLY NJ
153 AM EDT SUN AUG 09 2020

...................................

...THE READING PA CLIMATE SUMMARY FOR AUGUST 8 2020...

CLIMATE NORMAL PERIOD: 1981 TO 2010
CLIMATE RECORD PERIOD: 1869 TO 2020


WEATHER ITEM   OBSERVED TIME   RECORD YEAR NORMAL DEPARTURE LAST
                VALUE   (LST)  VALUE       VALUE  FROM      YEAR
                                                  NORMAL
...................................................................
TEMPERATURE (F)
 YESTERDAY
  MAXIMUM         86   4:38 PM  98    1909  84      2       87
  MINIMUM         69   6:04 AM  48    1903  63      6       68
  AVERAGE         78                        74      4       78

PRECIPITATION (IN)
  YESTERDAY        0.00          1.03 1959   0.12  -0.12     0.08
  MONTH TO DATE   10.47                      0.94   9.53     0.86
  SINCE JUN 1     20.32                      9.24  11.08    15.75
  SINCE JAN 1     36.25                     26.26   9.99    39.15

DEGREE DAYS
 HEATING
  YESTERDAY        0                         0      0        0
  MONTH TO DATE    0                         0      0        0
  SINCE JUN 1     11                        25    -14       16
  SINCE JUL 1      0                         1     -1        0

 COOLING
  YESTERDAY       13                         9      4       13
  MONTH TO DATE   99                        72     27      106
  SINCE JUN 1    822                       564    258      739
  SINCE JAN 1    890                       624    266      844
...................................................................


WIND (MPH)
  HIGHEST WIND SPEED     9   HIGHEST WIND DIRECTION     N (10)
  HIGHEST GUST SPEED    11   HIGHEST GUST DIRECTION    SW (210)
  AVERAGE WIND SPEED     2.2


SKY COVER
  POSSIBLE SUNSHINE  MM
  AVERAGE SKY COVER 0.5


WEATHER CONDITIONS
THE FOLLOWING WEATHER WAS RECORDED YESTERDAY.
  FOG
  HAZE


RELATIVE HUMIDITY (PERCENT)
 HIGHEST    97           2:00 AM
 LOWEST     55           3:00 PM
 AVERAGE    76

..........................................................


THE READING PA CLIMATE NORMALS FOR TODAY
                         NORMAL    RECORD    YEAR
 MAXIMUM TEMPERATURE (F)   84        99      2001
 MINIMUM TEMPERATURE (F)   63        51      1989


SUNRISE AND SUNSET
AUGUST  9 2020........SUNRISE   6:09 AM EDT   SUNSET   8:08 PM EDT
AUGUST 10 2020........SUNRISE   6:10 AM EDT   SUNSET   8:07 PM EDT


-  INDICATES NEGATIVE NUMBERS.
R  INDICATES RECORD WAS SET OR TIED.
MM INDICATES DATA IS MISSING.
T  INDICATES TRACE AMOUNT.




$$
