000
CDUS41 KPHI 170602
CLIRDG


CLIMATE REPORT
NATIONAL WEATHER SERVICE MOUNT HOLLY NJ
158 AM EDT THU OCT 17 2019


...................................

...THE READING PA CLIMATE SUMMARY FOR OCTOBER 16 2019...

CLIMATE NORMAL PERIOD 1981 TO 2010
CLIMATE RECORD PERIOD 1869 TO 2019


WEATHER ITEM   OBSERVED TIME   RECORD YEAR NORMAL DEPARTURE LAST
                VALUE   (LST)  VALUE       VALUE  FROM      YEAR
                                                  NORMAL
..................................................................
TEMPERATURE (F)
 YESTERDAY
  MAXIMUM         62    224 PM  83    1989  64     -2       58
                                      1938
                                      1908
  MINIMUM         48    219 AM  31    2006  43      5       43
                                      1976
  AVERAGE         55                        54      1       51

PRECIPITATION (IN)
  YESTERDAY        1.62          1.64 2002   0.10   1.52     0.00
  MONTH TO DATE    2.57                      1.97   0.60     0.99
  SINCE SEP 1      4.58                      6.31  -1.73     9.02
  SINCE JAN 1     44.80                     35.27   9.53    54.40

DEGREE DAYS
 HEATING
  YESTERDAY       10                        12     -2       14
  MONTH TO DATE   98                       151    -53       55
  SINCE SEP 1    114                       225   -111       86
  SINCE JUL 1    114                       230   -116       86

 COOLING
  YESTERDAY        0                         0      0        0
  MONTH TO DATE   25                         5     20       67
  SINCE SEP 1    177                        89     88      255
  SINCE JAN 1   1239                       892    347     1302
..................................................................


WIND (MPH)
  HIGHEST WIND SPEED    29   HIGHEST WIND DIRECTION    NW (310)
  HIGHEST GUST SPEED    36   HIGHEST GUST DIRECTION    NW (310)
  AVERAGE WIND SPEED     8.9


SKY COVER
  POSSIBLE SUNSHINE  MM
  AVERAGE SKY COVER 0.8


WEATHER CONDITIONS
 THE FOLLOWING WEATHER WAS RECORDED YESTERDAY.
  HEAVY RAIN
  RAIN
  LIGHT RAIN
  FOG


RELATIVE HUMIDITY (PERCENT)
 HIGHEST   100           500 AM
 LOWEST     71           900 PM
 AVERAGE    86

..........................................................


THE READING PA CLIMATE NORMALS FOR TODAY
                         NORMAL    RECORD    YEAR
 MAXIMUM TEMPERATURE (F)   64        86      1938
                                             1908
 MINIMUM TEMPERATURE (F)   43        31      1976
                                             1937
                                             1889


SUNRISE AND SUNSET
OCTOBER 17 2019.......SUNRISE   717 AM EDT   SUNSET   621 PM EDT
OCTOBER 18 2019.......SUNRISE   718 AM EDT   SUNSET   620 PM EDT


-  INDICATES NEGATIVE NUMBERS.
R  INDICATES RECORD WAS SET OR TIED.
MM INDICATES DATA IS MISSING.
T  INDICATES TRACE AMOUNT.




$$
