000
CDUS46 KPDT 200828
CLIRDM

CLIMATE REPORT
NATIONAL WEATHER SERVICE PENDLETON OR
128 AM PDT TUE OCT 20 2020

...................................

...THE REDMOND OR CLIMATE SUMMARY FOR OCTOBER 19 2020...

CLIMATE NORMAL PERIOD 1981 TO 2010
CLIMATE RECORD PERIOD 1949 TO 2020


WEATHER ITEM   OBSERVED TIME   RECORD YEAR NORMAL DEPARTURE LAST
                VALUE   (LST)  VALUE       VALUE  FROM      YEAR
                                                  NORMAL
...................................................................
TEMPERATURE (F)
 YESTERDAY
  MAXIMUM         73    142 PM  83    1974  62     11       51
  MINIMUM         40   1146 PM  14    1995  31      9       33
  AVERAGE         57                        46     11       42

PRECIPITATION (IN)
  YESTERDAY        0.00          0.38 1984   0.02  -0.02     0.20
  MONTH TO DATE    0.13                      0.34  -0.21     0.27
  SINCE SEP 1      0.29                      0.75  -0.46     1.80
  SINCE JAN 1      4.49                      6.48  -1.99     9.26

DEGREE DAYS
 HEATING
  YESTERDAY        8                        19    -11       23
  MONTH TO DATE  143                       298   -155      374
  SINCE SEP 1    267                       548   -281      592
  SINCE JUL 1    335                       697   -362      639

 COOLING
  YESTERDAY        0                         0      0        0
  MONTH TO DATE    1                         0      1        0
  SINCE SEP 1     53                        16     37       37
  SINCE JAN 1    401                       222    179      293
...................................................................


WIND (MPH)
  RESULTANT WIND SPEED   3   RESULTANT WIND DIRECTION  NW (310)
  HIGHEST WIND SPEED    20   HIGHEST WIND DIRECTION    NW (320)
  HIGHEST GUST SPEED    24   HIGHEST GUST DIRECTION    NW (320)
  AVERAGE WIND SPEED     6.4


SKY COVER
  POSSIBLE SUNSHINE  MM
  AVERAGE SKY COVER 0.0


WEATHER CONDITIONS
THE FOLLOWING WEATHER WAS RECORDED YESTERDAY.
  NO SIGNIFICANT WEATHER WAS OBSERVED.


RELATIVE HUMIDITY (PERCENT)
 HIGHEST    82           300 AM
 LOWEST     23           100 PM
 AVERAGE    53

..........................................................


THE REDMOND OR CLIMATE NORMALS FOR TODAY
                         NORMAL    RECORD    YEAR
 MAXIMUM TEMPERATURE (F)   62        84      1999
 MINIMUM TEMPERATURE (F)   31        18      1976


SUNRISE AND SUNSET
OCTOBER 20 2020.......SUNRISE   727 AM PDT   SUNSET   611 PM PDT
OCTOBER 21 2020.......SUNRISE   728 AM PDT   SUNSET   610 PM PDT


-  INDICATES NEGATIVE NUMBERS.
R  INDICATES RECORD WAS SET OR TIED.
MM INDICATES DATA IS MISSING.
T  INDICATES TRACE AMOUNT.




$$
