000
CDUS46 KPDT 160027 RRA
CLIRDM

CLIMATE REPORT
NATIONAL WEATHER SERVICE PENDLETON OR
527 PM PDT TUE OCT 15 2019


...................................

...THE REDMOND OR CLIMATE SUMMARY FOR OCTOBER 15 2019...
VALID TODAY AS OF 0500 PM LOCAL TIME.

CLIMATE NORMAL PERIOD 1981 TO 2010
CLIMATE RECORD PERIOD 1949 TO 2019


WEATHER ITEM   OBSERVED TIME   RECORD YEAR NORMAL DEPARTURE LAST
                VALUE   (LST)  VALUE       VALUE  FROM      YEAR
                                                  NORMAL
..................................................................
TEMPERATURE (F)
 TODAY
  MAXIMUM         72   1259 PM  88    1961  64      8       71
  MINIMUM         28    637 AM  17    2013  31     -3       18
  AVERAGE         50                        48      2       45

PRECIPITATION (IN)
  TODAY            0.00          0.91 2012   0.02  -0.02     0.00
  MONTH TO DATE    T                         0.26  -0.26     0.19
  SINCE OCT 1      T                         0.26  -0.26     0.19
  SINCE JAN 1      8.99                      6.40   2.59     3.67

DEGREE DAYS
 HEATING
  TODAY           15                        17     -2       20
  MONTH TO DATE  308                       225     83      267
  SINCE SEP 1    526                       475     51      526
  SINCE JUL 1    573                       624    -51      599

 COOLING
  TODAY            0                         0      0        0
  MONTH TO DATE    0                         0      0        0
  SINCE SEP 1     37                        16     21        4
  SINCE JAN 1    293                       222     71      365
..................................................................


WIND (MPH)
  RESULTANT WIND SPEED   1   RESULTANT WIND DIRECTION   E (100)
  HIGHEST WIND SPEED    14   HIGHEST WIND DIRECTION    NW (320)
  HIGHEST GUST SPEED    16   HIGHEST GUST DIRECTION    NW (310)
  AVERAGE WIND SPEED     4.5


SKY COVER
  POSSIBLE SUNSHINE  MM
  AVERAGE SKY COVER 0.0


WEATHER CONDITIONS
 THE FOLLOWING WEATHER WAS RECORDED TODAY.
  NO SIGNIFICANT WEATHER WAS OBSERVED.


RELATIVE HUMIDITY (PERCENT)
 HIGHEST    78           600 AM
 LOWEST     22          1100 AM
 AVERAGE    50

..........................................................


THE REDMOND OR CLIMATE NORMALS FOR TOMORROW
                         NORMAL    RECORD    YEAR
 MAXIMUM TEMPERATURE (F)   64        85      1997
 MINIMUM TEMPERATURE (F)   31        18      1999


SUNRISE AND SUNSET
OCTOBER 15 2019.......SUNRISE   719 AM PDT   SUNSET   621 PM PDT
OCTOBER 16 2019.......SUNRISE   721 AM PDT   SUNSET   619 PM PDT


-  INDICATES NEGATIVE NUMBERS.
R  INDICATES RECORD WAS SET OR TIED.
MM INDICATES DATA IS MISSING.
T  INDICATES TRACE AMOUNT.




$$
