000
CDUS46 KPDT 060827 RRA
CLIRDM

CLIMATE REPORT
NATIONAL WEATHER SERVICE PENDLETON OR
126 AM PDT SAT JUN 6 2020


...................................

...THE REDMOND OR CLIMATE SUMMARY FOR JUNE 5 2020...

CLIMATE NORMAL PERIOD 1981 TO 2010
CLIMATE RECORD PERIOD 1949 TO 2020


WEATHER ITEM   OBSERVED TIME   RECORD YEAR NORMAL DEPARTURE LAST
                VALUE   (LST)  VALUE       VALUE  FROM      YEAR
                                                  NORMAL
..................................................................
TEMPERATURE (F)
 YESTERDAY
  MAXIMUM         74   1245 PM  98    2016  73      1       83
  MINIMUM         44    445 AM  29    1976  39      5       46
  AVERAGE         59                        56      3       65

PRECIPITATION (IN)
  YESTERDAY        0.07          0.81 1952   0.03   0.04     0.07
  MONTH TO DATE    0.07                      0.15  -0.08     0.07
  SINCE OCT 1      5.58                      6.95  -1.37     8.32
  SINCE JAN 1      3.94                      4.19  -0.25     6.95

DEGREE DAYS
 HEATING
  YESTERDAY        6                         9     -3        0
  MONTH TO DATE   19                        49    -30        6
  SINCE JUN 1     19                        49    -30        6
  SINCE JUL 1   5919                      6545   -626     6181

 COOLING
  YESTERDAY        0                         0      0        0
  MONTH TO DATE    0                         0      0        6
  SINCE JUN 1      0                         0      0        6
  SINCE JAN 1     11                         5      6        6
..................................................................


WIND (MPH)
  RESULTANT WIND SPEED   5   RESULTANT WIND DIRECTION  NW (310)
  HIGHEST WIND SPEED    25   HIGHEST WIND DIRECTION    NW (330)
  HIGHEST GUST SPEED    32   HIGHEST GUST DIRECTION    NW (330)
  AVERAGE WIND SPEED     7.7


SKY COVER
  POSSIBLE SUNSHINE  MM
  AVERAGE SKY COVER 0.3


WEATHER CONDITIONS
 THE FOLLOWING WEATHER WAS RECORDED YESTERDAY.
  LIGHT RAIN


RELATIVE HUMIDITY (PERCENT)
 HIGHEST    83           500 AM
 LOWEST     33           100 PM
 AVERAGE    58

..........................................................


THE REDMOND OR CLIMATE NORMALS FOR TODAY
                         NORMAL    RECORD    YEAR
 MAXIMUM TEMPERATURE (F)   73        97      2016
 MINIMUM TEMPERATURE (F)   40        29      1963


SUNRISE AND SUNSET
JUNE  6 2020..........SUNRISE   521 AM PDT   SUNSET   846 PM PDT
JUNE  7 2020..........SUNRISE   521 AM PDT   SUNSET   846 PM PDT


-  INDICATES NEGATIVE NUMBERS.
R  INDICATES RECORD WAS SET OR TIED.
MM INDICATES DATA IS MISSING.
T  INDICATES TRACE AMOUNT.




$$
