000
CDUS46 KPDT 220144
CLIRDM

CLIMATE REPORT
NATIONAL WEATHER SERVICE PENDLETON OR
644 PM PDT MON MAY 21 2018


...................................

...THE REDMOND OR CLIMATE SUMMARY FOR MAY 21 2018...
VALID TODAY AS OF 0500 PM LOCAL TIME.

CLIMATE NORMAL PERIOD 1981 TO 2010
CLIMATE RECORD PERIOD 1949 TO 2018


WEATHER ITEM   OBSERVED TIME   RECORD YEAR NORMAL DEPARTURE LAST
                VALUE   (LST)  VALUE       VALUE  FROM      YEAR
                                                  NORMAL
..................................................................
TEMPERATURE (F)
 TODAY
  MAXIMUM         78    357 PM  89    1958  69      9       77
  MINIMUM         39    419 AM  26    1960  37      2       40
  AVERAGE         59                        53      6       59

PRECIPITATION (IN)
  TODAY            0.00          1.14 2015   0.04  -0.04     0.00
  MONTH TO DATE    0.54                      0.65  -0.11     0.13
  SINCE OCT 1      3.55                      6.42  -2.87     8.10
  SINCE JAN 1      2.44                      3.66  -1.22     4.35

DEGREE DAYS
 HEATING
  TODAY            6                        12     -6        6
  MONTH TO DATE  146                       314   -168      304
  SINCE MAR 1   1480                      1712   -232     1624
  SINCE JUL 1   5910                      6385   -475     6501

 COOLING
  TODAY            0                         0      0        0
  MONTH TO DATE    3                         0      3        2
  SINCE MAR 1      3                         0      3        2
  SINCE JAN 1      3                         0      3        2
..................................................................


WIND (MPH)
  RESULTANT WIND SPEED   3   RESULTANT WIND DIRECTION   N (340)
  HIGHEST WIND SPEED    16   HIGHEST WIND DIRECTION     N (340)
  HIGHEST GUST SPEED    21   HIGHEST GUST DIRECTION     N (360)
  AVERAGE WIND SPEED     5.1


SKY COVER
  POSSIBLE SUNSHINE  MM
  AVERAGE SKY COVER 0.3


WEATHER CONDITIONS
 THE FOLLOWING WEATHER WAS RECORDED TODAY.
  NO SIGNIFICANT WEATHER WAS OBSERVED.


RELATIVE HUMIDITY (PERCENT)
 HIGHEST    86           500 AM
 LOWEST     29           200 PM
 AVERAGE    58

..........................................................


THE REDMOND OR CLIMATE NORMALS FOR TOMORROW
                         NORMAL    RECORD    YEAR
 MAXIMUM TEMPERATURE (F)   69        90      1979
 MINIMUM TEMPERATURE (F)   37        21      2013


SUNRISE AND SUNSET
MAY 21 2018...........SUNRISE   532 AM PDT   SUNSET   831 PM PDT
MAY 22 2018...........SUNRISE   531 AM PDT   SUNSET   832 PM PDT


-  INDICATES NEGATIVE NUMBERS.
R  INDICATES RECORD WAS SET OR TIED.
MM INDICATES DATA IS MISSING.
T  INDICATES TRACE AMOUNT.

$$
