416
CDUS46 KPDT 150826
CLIRDM

CLIMATE REPORT
NATIONAL WEATHER SERVICE PENDLETON OR
125 AM PDT WED AUG 15 2018


...................................

...THE REDMOND OR CLIMATE SUMMARY FOR AUGUST 14 2018...

CLIMATE NORMAL PERIOD 1981 TO 2010
CLIMATE RECORD PERIOD 1949 TO 2018


WEATHER ITEM   OBSERVED TIME   RECORD YEAR NORMAL DEPARTURE LAST
                VALUE   (LST)  VALUE       VALUE  FROM      YEAR
                                                  NORMAL
..................................................................
TEMPERATURE (F)
 YESTERDAY
  MAXIMUM         93    336 PM 101    1998  86      7       78
  MINIMUM         46    509 AM  36    1974  46      0       39
  AVERAGE         70                        66      4       59

PRECIPITATION (IN)
  YESTERDAY        0.00          0.25 1968   0.01  -0.01     0.00
                                      1968
                                      2014
  MONTH TO DATE    0.00                      0.22  -0.22     0.29
  SINCE OCT 1      4.55                      8.21  -3.66     8.79
  SINCE JAN 1      3.44                      5.45  -2.01     5.04

DEGREE DAYS
 HEATING
  YESTERDAY        0                         2     -2        6
  MONTH TO DATE    5                        25    -20       10
  SINCE JUN 1    158                       311   -153      181
  SINCE JUL 1     27                        94    -67       16

 COOLING
  YESTERDAY        5                         3      2        0
  MONTH TO DATE   86                        48     38      107
  SINCE JUN 1    319                       169    150      315
  SINCE JAN 1    325                       174    151      325
..................................................................


WIND (MPH)
  RESULTANT WIND SPEED   4   RESULTANT WIND DIRECTION  NW (330)
  HIGHEST WIND SPEED    18   HIGHEST WIND DIRECTION    NW (330)
  HIGHEST GUST SPEED    23   HIGHEST GUST DIRECTION     N (340)
  AVERAGE WIND SPEED     6.6


SKY COVER
  POSSIBLE SUNSHINE  MM
  AVERAGE SKY COVER 0.0


WEATHER CONDITIONS
 THE FOLLOWING WEATHER WAS RECORDED YESTERDAY.
  HAZE


RELATIVE HUMIDITY (PERCENT)
 HIGHEST    61           500 AM
 LOWEST     16           400 PM
 AVERAGE    39

..........................................................


THE REDMOND OR CLIMATE NORMALS FOR TODAY
                         NORMAL    RECORD    YEAR
 MAXIMUM TEMPERATURE (F)   85       102      1967
 MINIMUM TEMPERATURE (F)   46        36      2009
                                             1968


SUNRISE AND SUNSET
AUGUST 15 2018........SUNRISE   608 AM PDT   SUNSET   809 PM PDT
AUGUST 16 2018........SUNRISE   609 AM PDT   SUNSET   808 PM PDT


-  INDICATES NEGATIVE NUMBERS.
R  INDICATES RECORD WAS SET OR TIED.
MM INDICATES DATA IS MISSING.
T  INDICATES TRACE AMOUNT.




$$
