000
CDUS46 KPDT 200838 RRA
CLIRDM

CLIMATE REPORT
NATIONAL WEATHER SERVICE PENDLETON OR
127 AM PDT SAT OCT 20 2018


...................................

...THE REDMOND OR CLIMATE SUMMARY FOR OCTOBER 19 2018...

CLIMATE NORMAL PERIOD 1981 TO 2010
CLIMATE RECORD PERIOD 1949 TO 2018


WEATHER ITEM   OBSERVED TIME   RECORD YEAR NORMAL DEPARTURE LAST
                VALUE   (LST)  VALUE       VALUE  FROM      YEAR
                                                  NORMAL
..................................................................
TEMPERATURE (F)
 YESTERDAY
  MAXIMUM         77    130 PM  83    1974  62     15       69
  MINIMUM         29    500 AM  14    1995  31     -2       40
  AVERAGE         53                        46      7       55

PRECIPITATION (IN)
  YESTERDAY        0.00          0.38 1984   0.02  -0.02     0.02
  MONTH TO DATE    0.19                      0.34  -0.15     0.43
  SINCE OCT 1      0.19                      0.34  -0.15     0.43
  SINCE JAN 1      3.67                      6.48  -2.81     5.90

DEGREE DAYS
 HEATING
  YESTERDAY       12                        19     -7       10
  MONTH TO DATE  333                       298     35      369
  SINCE SEP 1    592                       548     44      591
  SINCE JUL 1    665                       697    -32      614

 COOLING
  YESTERDAY        0                         0      0        0
  MONTH TO DATE    0                         0      0        0
  SINCE SEP 1      4                        16    -12       56
  SINCE JAN 1    365                       222    143      434
..................................................................


WIND (MPH)
  RESULTANT WIND SPEED   0   RESULTANT WIND DIRECTION  SW (230)
  HIGHEST WIND SPEED    13   HIGHEST WIND DIRECTION    NW (320)
  HIGHEST GUST SPEED    16   HIGHEST GUST DIRECTION    NW (320)
  AVERAGE WIND SPEED     5.0


SKY COVER
  POSSIBLE SUNSHINE  MM
  AVERAGE SKY COVER 0.0


WEATHER CONDITIONS
 THE FOLLOWING WEATHER WAS RECORDED YESTERDAY.
  NO SIGNIFICANT WEATHER WAS OBSERVED.


RELATIVE HUMIDITY (PERCENT)
 HIGHEST    58           300 AM
 LOWEST     14           100 PM
 AVERAGE    36

..........................................................


THE REDMOND OR CLIMATE NORMALS FOR TODAY
                         NORMAL    RECORD    YEAR
 MAXIMUM TEMPERATURE (F)   62        84      1999
 MINIMUM TEMPERATURE (F)   31        18      1976


SUNRISE AND SUNSET
OCTOBER 20 2018.......SUNRISE   726 AM PDT   SUNSET   612 PM PDT
OCTOBER 21 2018.......SUNRISE   727 AM PDT   SUNSET   610 PM PDT


-  INDICATES NEGATIVE NUMBERS.
R  INDICATES RECORD WAS SET OR TIED.
MM INDICATES DATA IS MISSING.
T  INDICATES TRACE AMOUNT.




$$
