000
CDUS46 KPDT 200829 RRA
CLIRDM

CLIMATE REPORT
NATIONAL WEATHER SERVICE PENDLETON OR
1227 AM PST TUE FEB 20 2018


...................................

...THE REDMOND OR CLIMATE SUMMARY FOR FEBRUARY 19 2018...

CLIMATE NORMAL PERIOD 1981 TO 2010
CLIMATE RECORD PERIOD 1949 TO 2018


WEATHER ITEM   OBSERVED TIME   RECORD YEAR NORMAL DEPARTURE LAST
                VALUE   (LST)  VALUE       VALUE  FROM      YEAR
                                                  NORMAL
..................................................................
TEMPERATURE (F)
 YESTERDAY
  MAXIMUM         25    450 PM  69    1995  48    -23       47
  MINIMUM         13    811 PM  -5    2006  24    -11       29
  AVERAGE         19                        36    -17       38

PRECIPITATION (IN)
  YESTERDAY        0.01          0.21 1993   0.02  -0.01     0.12
  MONTH TO DATE    0.03                      0.45  -0.42     0.83
  SINCE OCT 1      1.31                      4.18  -2.87     6.20
  SINCE JAN 1      0.20                      1.42  -1.22     2.45

DEGREE DAYS
 HEATING
  YESTERDAY       46                        29     17       27
  MONTH TO DATE  503                       576    -73      543
  SINCE DEC 1   2506                      2642   -136     3122
  SINCE JUL 1   4085                      4416   -331     4586

 COOLING
  YESTERDAY        0                         0      0        0
  MONTH TO DATE    0                         0      0        0
  SINCE DEC 1      0                         0      0        0
  SINCE JAN 1      0                         0      0        0
..................................................................


WIND (MPH)
  RESULTANT WIND SPEED   8   RESULTANT WIND DIRECTION   N (340)
  HIGHEST WIND SPEED    23   HIGHEST WIND DIRECTION    NW (320)
  HIGHEST GUST SPEED    27   HIGHEST GUST DIRECTION    NW (310)
  AVERAGE WIND SPEED     8.9


SKY COVER
  POSSIBLE SUNSHINE  MM
  AVERAGE SKY COVER 0.9


WEATHER CONDITIONS
 THE FOLLOWING WEATHER WAS RECORDED YESTERDAY.
  LIGHT SNOW
  FOG


RELATIVE HUMIDITY (PERCENT)
 HIGHEST    84          1200 AM
 LOWEST     55           500 PM
 AVERAGE    70

..........................................................


THE REDMOND OR CLIMATE NORMALS FOR TODAY
                         NORMAL    RECORD    YEAR
 MAXIMUM TEMPERATURE (F)   48        73      1995
 MINIMUM TEMPERATURE (F)   24         2      1993


SUNRISE AND SUNSET
FEBRUARY 20 2018......SUNRISE   656 AM PST   SUNSET   541 PM PST
FEBRUARY 21 2018......SUNRISE   655 AM PST   SUNSET   542 PM PST


-  INDICATES NEGATIVE NUMBERS.
R  INDICATES RECORD WAS SET OR TIED.
MM INDICATES DATA IS MISSING.
T  INDICATES TRACE AMOUNT.




$$
