000
CDUS46 KPDT 200828 RRA
CLIRDM

CLIMATE REPORT
NATIONAL WEATHER SERVICE PENDLETON OR
1227 AM PST SUN JAN 20 2019


...................................

...THE REDMOND OR CLIMATE SUMMARY FOR JANUARY 19 2019...

CLIMATE NORMAL PERIOD 1981 TO 2010
CLIMATE RECORD PERIOD 1949 TO 2019


WEATHER ITEM   OBSERVED TIME   RECORD YEAR NORMAL DEPARTURE LAST
                VALUE   (LST)  VALUE       VALUE  FROM      YEAR
                                                  NORMAL
..................................................................
TEMPERATURE (F)
 YESTERDAY
  MAXIMUM         47    939 AM  60    1994  43      4       45
  MINIMUM         39   1159 PM  -7    1963  24     15       21
  AVERAGE         43                        33     10       33

PRECIPITATION (IN)
  YESTERDAY        0.18          0.51 1962   0.03   0.15     0.00
  MONTH TO DATE    0.72                      0.65   0.07     0.17
  SINCE OCT 1      2.09                      3.41  -1.32     1.28
  SINCE JAN 1      0.72                      0.65   0.07     0.17

DEGREE DAYS
 HEATING
  YESTERDAY       22                        32    -10       32
  MONTH TO DATE  558                       625    -67      562
  SINCE DEC 1   1485                      1691   -206     1694
  SINCE JUL 1   3124                      3465   -341     3273

 COOLING
  YESTERDAY        0                         0      0        0
  MONTH TO DATE    0                         0      0        0
  SINCE DEC 1      0                         0      0        0
  SINCE JAN 1      0                         0      0        0
..................................................................


WIND (MPH)
  RESULTANT WIND SPEED   8   RESULTANT WIND DIRECTION   S (180)
  HIGHEST WIND SPEED    21   HIGHEST WIND DIRECTION     S (180)
  HIGHEST GUST SPEED    28   HIGHEST GUST DIRECTION     S (180)
  AVERAGE WIND SPEED     7.2


SKY COVER
  POSSIBLE SUNSHINE  MM
  AVERAGE SKY COVER 0.9


WEATHER CONDITIONS
 THE FOLLOWING WEATHER WAS RECORDED YESTERDAY.
  RAIN
  LIGHT RAIN
  FOG


RELATIVE HUMIDITY (PERCENT)
 HIGHEST   100           700 PM
 LOWEST     76           600 AM
 AVERAGE    88

..........................................................


THE REDMOND OR CLIMATE NORMALS FOR TODAY
                         NORMAL    RECORD    YEAR
 MAXIMUM TEMPERATURE (F)   43        64      1968
 MINIMUM TEMPERATURE (F)   24        -4      1962


SUNRISE AND SUNSET
JANUARY 20 2019.......SUNRISE   734 AM PST   SUNSET   458 PM PST
JANUARY 21 2019.......SUNRISE   733 AM PST   SUNSET   459 PM PST


-  INDICATES NEGATIVE NUMBERS.
R  INDICATES RECORD WAS SET OR TIED.
MM INDICATES DATA IS MISSING.
T  INDICATES TRACE AMOUNT.




$$
