000
CDUS42 KRAH 192045
CLIRDU


CLIMATE REPORT
NATIONAL WEATHER SERVICE RALEIGH NC
439 PM EDT WED SEP 19 2018


...................................

...THE RALEIGH-DURHAM INTL AIRPORT NC CLIMATE SUMMARY FOR SEPTEMBER 19 2018...
VALID TODAY AS OF 0439 PM LOCAL TIME.

CLIMATE NORMAL PERIOD 1981 TO 2010
CLIMATE RECORD PERIOD 1887 TO 2018


WEATHER ITEM   OBSERVED TIME   RECORD YEAR NORMAL DEPARTURE LAST
                VALUE   (LST)  VALUE       VALUE  FROM      YEAR
                                                  NORMAL
..................................................................
TEMPERATURE (F)
 TODAY
  MAXIMUM         88    304 PM  98    1895  81      7       85
  MINIMUM         65    453 AM  43    1959  61      4       64
  AVERAGE         77                        71      6       75

PRECIPITATION (IN)
  TODAY            0.00          2.56 1938   0.14  -0.14     0.00
  MONTH TO DATE    7.62                      2.97   4.65     2.28
  SINCE SEP 1      7.62                      2.97   4.65     2.28
  SINCE JAN 1     42.03                     32.51   9.52    37.68

DEGREE DAYS
 HEATING
  TODAY            0                         1     -1        0
  MONTH TO DATE    0                         3     -3        7
  SINCE SEP 1      0                         3     -3        7
  SINCE JUL 1      0                         4     -4        7

 COOLING
  TODAY           12                         7      5       10
  MONTH TO DATE  264                       172     92      117
  SINCE SEP 1    264                       172     92      117
  SINCE JAN 1   1902                      1613    289     1749
..................................................................


WIND (MPH)
  HIGHEST WIND SPEED     9   HIGHEST WIND DIRECTION    NE (50)
  HIGHEST GUST SPEED    14   HIGHEST GUST DIRECTION     N (340)
  AVERAGE WIND SPEED     1.8


SKY COVER
  POSSIBLE SUNSHINE  MM
  AVERAGE SKY COVER 0.2


WEATHER CONDITIONS
 THE FOLLOWING WEATHER WAS RECORDED TODAY.
  FOG


RELATIVE HUMIDITY (PERCENT)
 HIGHEST   100           100 AM
 LOWEST     46           200 PM
 AVERAGE    73

..........................................................


THE RALEIGH-DURHAM INTL AIRPORT NC CLIMATE NORMALS FOR TOMORROW
                         NORMAL    RECORD    YEAR
 MAXIMUM TEMPERATURE (F)   81        96      1895
 MINIMUM TEMPERATURE (F)   60        44      1959
                                             1929


SUNRISE AND SUNSET
SEPTEMBER 19 2018.....SUNRISE   701 AM EDT   SUNSET   716 PM EDT
SEPTEMBER 20 2018.....SUNRISE   702 AM EDT   SUNSET   715 PM EDT


-  INDICATES NEGATIVE NUMBERS.
R  INDICATES RECORD WAS SET OR TIED.
MM INDICATES DATA IS MISSING.
T  INDICATES TRACE AMOUNT.

&&

CLIMATE REPORT NWS FORECAST OFFICE
NCSU CENTENNIAL CAMPUS
RALEIGH, NC

MAXIMUM TEMPERATURE...89

MINIMUM TEMPERATURE...68

PRECIPITATION...0.00

$$
