000
CDUS42 KRAH 281438
CLIRDU

CLIMATE REPORT
NATIONAL WEATHER SERVICE RALEIGH NC
1038 AM EDT WED OCT 28 2020

...................................

...THE RALEIGH-DURHAM INTL AIRPORT NC CLIMATE SUMMARY FOR OCTOBER 28 2020...
VALID AS OF 1038 AM LOCAL TIME.

CLIMATE NORMAL PERIOD 1981 TO 2010
CLIMATE RECORD PERIOD 1887 TO 2020


WEATHER ITEM   OBSERVED TIME   RECORD YEAR NORMAL DEPARTURE LAST
                VALUE   (LST)  VALUE       VALUE  FROM      YEAR
                                                  NORMAL
...................................................................
TEMPERATURE (F)
 TODAY
  MAXIMUM                       86    1919  69              75
  MINIMUM         57    449 AM  27    1957  46     11       53
                                      1976
  AVERAGE                                   58              64

PRECIPITATION (IN)
  TODAY            0.00          3.97 1947   0.10  -0.10     0.00
  MONTH TO DATE    2.40                      2.95  -0.55     2.78
  SINCE SEP 1      7.41                      7.31   0.10     3.89
  SINCE JAN 1     43.94                     36.85   7.09    35.86

DEGREE DAYS
 HEATING
  TODAY                                      8               1
  MONTH TO DATE                            142              71
  SINCE SEP 1                              162              71
  SINCE JUL 1                              163              71

 COOLING
  TODAY                                      1               0
  MONTH TO DATE                             50              96
  SINCE SEP 1                              277             461
  SINCE JAN 1                             1718            2081
...................................................................


WIND (MPH)
  HIGHEST WIND SPEED     9   HIGHEST WIND DIRECTION    SW (230)
  HIGHEST GUST SPEED    12   HIGHEST GUST DIRECTION    SW (240)
  AVERAGE WIND SPEED     1.6


SKY COVER
  POSSIBLE SUNSHINE  MM
  AVERAGE SKY COVER 0.7


WEATHER CONDITIONS
THE FOLLOWING WEATHER WAS RECORDED TODAY.
  FOG


RELATIVE HUMIDITY (PERCENT)
 HIGHEST   100          1200 AM
 LOWEST     96           200 AM
 AVERAGE    98

..........................................................


THE RALEIGH-DURHAM INTL AIRPORT NC CLIMATE NORMALS FOR TOMORROW
                         NORMAL    RECORD    YEAR
 MAXIMUM TEMPERATURE (F)   69        83      1922
                                             1950
 MINIMUM TEMPERATURE (F)   45        25      1976


SUNRISE AND SUNSET
OCTOBER 28 2020.......SUNRISE   734 AM EDT   SUNSET   623 PM EDT
OCTOBER 29 2020.......SUNRISE   735 AM EDT   SUNSET   622 PM EDT


-  INDICATES NEGATIVE NUMBERS.
R  INDICATES RECORD WAS SET OR TIED.
MM INDICATES DATA IS MISSING.
T  INDICATES TRACE AMOUNT.

&&

CLIMATE REPORT
NWS FORECAST OFFICE
NCSU CENTENNIAL CAMPUS
RALEIGH, NC

MINIMUM TEMPERATURE... 57

PRECIPITATION... 0.00


$$
