000
CDUS42 KRAH 152137
CLIRDU


CLIMATE REPORT
NATIONAL WEATHER SERVICE RALEIGH NC
435 PM EST SAT DEC 15 2018


...................................

...THE RALEIGH-DURHAM INTL AIRPORT NC CLIMATE SUMMARY FOR DECEMBER 15 2018...
VALID TODAY AS OF 0435 PM LOCAL TIME.

CLIMATE NORMAL PERIOD 1981 TO 2010
CLIMATE RECORD PERIOD 1887 TO 2018


WEATHER ITEM   OBSERVED TIME   RECORD YEAR NORMAL DEPARTURE LAST
                VALUE   (LST)  VALUE       VALUE  FROM      YEAR
                                                  NORMAL
..................................................................
TEMPERATURE (F)
 TODAY
  MAXIMUM         49   1200 AM  75    1971  53     -4       43
  MINIMUM         42    804 AM   8    1958  33      9       31
  AVERAGE         46                        43      3       37

PRECIPITATION (IN)
  TODAY            0.23          1.75 1901   0.10   0.13     0.00
  MONTH TO DATE    3.73                      1.49   2.24     1.87
  SINCE DEC 1      3.73                      1.49   2.24     1.87
  SINCE JAN 1     57.79                     41.76  16.03    45.12

SNOWFALL (IN)
  TODAY            0.0           4.0  1904   0.0    0.0      0.0
  MONTH TO DATE    8.9                       0.1    8.8      0.3
  SINCE DEC 1      8.9                       0.1    8.8      0.3
  SINCE JUL 1      8.9                       0.2    8.7      0.3
  SNOW DEPTH       0

DEGREE DAYS
 HEATING
  TODAY           19                        22     -3       28
  MONTH TO DATE  326                       297     29      324
  SINCE DEC 1    326                       297     29      324
  SINCE JUL 1   1026                       878    148      906

 COOLING
  TODAY            0                         0      0        0
  MONTH TO DATE    0                         0      0        0
  SINCE DEC 1      0                         0      0        0
  SINCE JAN 1   2122                      1728    394     1968
..................................................................


WIND (MPH)
  HIGHEST WIND SPEED    14   HIGHEST WIND DIRECTION    NE (50)
  HIGHEST GUST SPEED    17   HIGHEST GUST DIRECTION    NE (50)
  AVERAGE WIND SPEED     2.5


SKY COVER
  POSSIBLE SUNSHINE  MM
  AVERAGE SKY COVER 0.9


WEATHER CONDITIONS
 THE FOLLOWING WEATHER WAS RECORDED TODAY.
  RAIN
  LIGHT RAIN
  FOG
  FOG W/VISIBILITY <= 1/4 MILE


RELATIVE HUMIDITY (PERCENT)
 HIGHEST   100           100 AM
 LOWEST     93          1100 AM
 AVERAGE    97

..........................................................


THE RALEIGH-DURHAM INTL AIRPORT NC CLIMATE NORMALS FOR TOMORROW
                         NORMAL    RECORD    YEAR
 MAXIMUM TEMPERATURE (F)   53        77      1971
 MINIMUM TEMPERATURE (F)   33         7      1958


SUNRISE AND SUNSET
DECEMBER 15 2018......SUNRISE   718 AM EST   SUNSET   503 PM EST
DECEMBER 16 2018......SUNRISE   719 AM EST   SUNSET   503 PM EST


-  INDICATES NEGATIVE NUMBERS.
R  INDICATES RECORD WAS SET OR TIED.
MM INDICATES DATA IS MISSING.
T  INDICATES TRACE AMOUNT.

&&

CLIMATE REPORT
NWS FORECAST OFFICE
NCSU CENTENNIAL CAMPUS
RALEIGH NC

MAXIMUM TEMPERATURE... 56

MINIMUM TEMPERATURE... 43

PRECIPITATION... 0.14


$$
