560
CDUS42 KRAH 211433
CLIRDU


CLIMATE REPORT
NATIONAL WEATHER SERVICE RALEIGH NC
1031 AM EDT MON OCT 21 2019


...................................

...THE RALEIGH-DURHAM INTL AIRPORT NC CLIMATE SUMMARY FOR OCTOBER 21 2019...
VALID AS OF 1031 AM LOCAL TIME.

CLIMATE NORMAL PERIOD 1981 TO 2010
CLIMATE RECORD PERIOD 1887 TO 2019


WEATHER ITEM   OBSERVED TIME   RECORD YEAR NORMAL DEPARTURE LAST
                VALUE   (LST)  VALUE       VALUE  FROM      YEAR
                                                  NORMAL
..................................................................
TEMPERATURE (F)
 TODAY
  MAXIMUM                       84    1993  71    -10       58
                                      1979
  MINIMUM         50    531 AM  26    1974  48      2       37
  AVERAGE         56                        60     -4       48

PRECIPITATION (IN)
  TODAY            0.00          2.22 1904   0.11  -0.11     0.00
  MONTH TO DATE    2.47                      2.25   0.22     2.99
  SINCE SEP 1      3.58                      6.61  -3.03    10.96
  SINCE JAN 1     35.55                     36.15  -0.60    45.37

DEGREE DAYS
 HEATING
  TODAY            9                         7      2       17
  MONTH TO DATE   59                        90    -31       65
  SINCE SEP 1     59                       110    -51       65
  SINCE JUL 1     59                       111    -52       65

 COOLING
  TODAY            0                         1     -1        0
  MONTH TO DATE   85                        43     42      119
  SINCE SEP 1    450                       270    180      483
  SINCE JAN 1   2070                      1711    359     2121
..................................................................


WIND (MPH)
  HIGHEST WIND SPEED     9   HIGHEST WIND DIRECTION     E (70)
  HIGHEST GUST SPEED    13   HIGHEST GUST DIRECTION     E (80)
  AVERAGE WIND SPEED     2.8


SKY COVER
  POSSIBLE SUNSHINE  MM
  AVERAGE SKY COVER 0.6


WEATHER CONDITIONS
 THE FOLLOWING WEATHER WAS RECORDED TODAY.
  FOG


RELATIVE HUMIDITY (PERCENT)
 HIGHEST   100           200 AM
 LOWEST     84           900 AM
 AVERAGE    92

..........................................................


THE RALEIGH-DURHAM INTL AIRPORT NC CLIMATE NORMALS FOR TOMORROW
                         NORMAL    RECORD    YEAR
 MAXIMUM TEMPERATURE (F)   71        86      1947
 MINIMUM TEMPERATURE (F)   48        26      1974


SUNRISE AND SUNSET
OCTOBER 21 2019.......SUNRISE   727 AM EDT   SUNSET   632 PM EDT
OCTOBER 22 2019.......SUNRISE   728 AM EDT   SUNSET   631 PM EDT


-  INDICATES NEGATIVE NUMBERS.
R  INDICATES RECORD WAS SET OR TIED.
MM INDICATES DATA IS MISSING.
T  INDICATES TRACE AMOUNT.

&&

CLIMATE REPORT
NWS FORECAST OFFICE
NCSU CENTENNIAL CAMPUS
RALEIGH NC

MINIMUM TEMPERATURE... 53

PRECIPITATION... 0.00

$$
