000
CDUS42 KRAH 250530
CLIRDU


CLIMATE REPORT
NATIONAL WEATHER SERVICE RALEIGH NC
1228 AM EST SAT JAN 25 2020


...................................

...THE RALEIGH-DURHAM INTL AIRPORT NC CLIMATE SUMMARY FOR JANUARY 24 2020...

CLIMATE NORMAL PERIOD 1981 TO 2010
CLIMATE RECORD PERIOD 1887 TO 2020


WEATHER ITEM   OBSERVED TIME   RECORD YEAR NORMAL DEPARTURE LAST
                VALUE   (LST)  VALUE       VALUE  FROM      YEAR
                                                  NORMAL
..................................................................
TEMPERATURE (F)
 YESTERDAY
  MAXIMUM         65    339 PM  77    1967  51     14       65
  MINIMUM         39    203 AM   7    1963  31      8       35
  AVERAGE         52                        41     11       50

PRECIPITATION (IN)
  YESTERDAY        0.21          1.85 1913   0.11   0.10     0.73
  MONTH TO DATE    3.64                      2.72   0.92     3.27
  SINCE DEC 1      6.96                      5.79   1.17     9.50
  SINCE JAN 1      3.64                      2.72   0.92     3.27

SNOWFALL (IN)
  YESTERDAY        0.0           3.7         0.1   -0.1      0.0
  MONTH TO DATE    0.0                       2.2   -2.2      0.0
  SINCE DEC 1      0.0                       2.8   -2.8      8.9
  SINCE JUL 1      T                         2.9   -2.9      8.9
  SNOW DEPTH       0

DEGREE DAYS
 HEATING
  YESTERDAY       13                        24    -11       15
  MONTH TO DATE  399                       582   -183      511
  SINCE DEC 1    933                      1252   -319     1112
  SINCE JUL 1   1505                      1833   -328     1812

 COOLING
  YESTERDAY        0                         0      0        0
  MONTH TO DATE    2                         0      2        0
  SINCE DEC 1      2                         2      0        0
  SINCE JAN 1      2                         0      2        0
..................................................................


WIND (MPH)
  HIGHEST WIND SPEED    20   HIGHEST WIND DIRECTION     S (160)
  HIGHEST GUST SPEED    28   HIGHEST GUST DIRECTION    SE (150)
  AVERAGE WIND SPEED     9.8


SKY COVER
  POSSIBLE SUNSHINE  MM
  AVERAGE SKY COVER 0.9


WEATHER CONDITIONS
 THE FOLLOWING WEATHER WAS RECORDED YESTERDAY.
  HEAVY RAIN
  RAIN
  LIGHT RAIN
  FOG


RELATIVE HUMIDITY (PERCENT)
 HIGHEST    93          1100 PM
 LOWEST     60           200 PM
 AVERAGE    77

..........................................................


THE RALEIGH-DURHAM INTL AIRPORT NC CLIMATE NORMALS FOR TODAY
                         NORMAL    RECORD    YEAR
 MAXIMUM TEMPERATURE (F)   52        78      1950
 MINIMUM TEMPERATURE (F)   31         8      1963


SUNRISE AND SUNSET
JANUARY 25 2020.......SUNRISE   721 AM EST   SUNSET   535 PM EST
JANUARY 26 2020.......SUNRISE   720 AM EST   SUNSET   536 PM EST


-  INDICATES NEGATIVE NUMBERS.
R  INDICATES RECORD WAS SET OR TIED.
MM INDICATES DATA IS MISSING.
T  INDICATES TRACE AMOUNT.

&&
CLIMATE REPORT NWS FORECAST OFFICE
NCSU CENTENNIAL CAMPUS
RALEIGH, NC

MAXIMUM TEMPERATURE... 63

MINIMUM TEMPERATURE... 40

PRECIPITATION... 0.17


$$
