000
CDUS42 KRAH 180543
CLIRDU


CLIMATE REPORT
NATIONAL WEATHER SERVICE RALEIGH NC
141 AM EDT MON JUN 18 2018


...................................

...THE RALEIGH-DURHAM INTL AIRPORT NC CLIMATE SUMMARY FOR JUNE 17 2018...

CLIMATE NORMAL PERIOD 1981 TO 2010
CLIMATE RECORD PERIOD 1887 TO 2018


WEATHER ITEM   OBSERVED TIME   RECORD YEAR NORMAL DEPARTURE LAST
                VALUE   (LST)  VALUE       VALUE  FROM      YEAR
                                                  NORMAL
..................................................................
TEMPERATURE (F)
 YESTERDAY
  MAXIMUM         93    231 PM  99    1945  88      5       86
  MINIMUM         70    508 AM  50    1961  67      3       72
  AVERAGE         82                        77      5       79

PRECIPITATION (IN)
  YESTERDAY        0.00          2.74 1909   0.12  -0.12     0.21
  MONTH TO DATE    0.83                      2.01  -1.18     4.43
  SINCE JUN 1      0.83                      2.01  -1.18     4.43
  SINCE JAN 1     21.72                     19.04   2.68    26.29

DEGREE DAYS
 HEATING
  YESTERDAY        0                         0      0        0
  MONTH TO DATE    0                         0      0        1
  SINCE JUN 1      0                         0      0        1
  SINCE JUL 1   3344                      3243    101     2507

 COOLING
  YESTERDAY       17                        12      5       14
  MONTH TO DATE  197                       172     25      172
  SINCE JUN 1    197                       172     25      172
  SINCE JAN 1    532                       381    151      511
..................................................................


WIND (MPH)
  HIGHEST WIND SPEED    13   HIGHEST WIND DIRECTION    SW (220)
  HIGHEST GUST SPEED    15   HIGHEST GUST DIRECTION    SW (220)
  AVERAGE WIND SPEED     5.3


SKY COVER
  POSSIBLE SUNSHINE  MM
  AVERAGE SKY COVER 0.6


WEATHER CONDITIONS
 THE FOLLOWING WEATHER WAS RECORDED YESTERDAY.
  THUNDERSTORM


RELATIVE HUMIDITY (PERCENT)
 HIGHEST   100           400 AM
 LOWEST     56           300 PM
 AVERAGE    78

..........................................................


THE RALEIGH-DURHAM INTL AIRPORT NC CLIMATE NORMALS FOR TODAY
                         NORMAL    RECORD    YEAR
 MAXIMUM TEMPERATURE (F)   88        98      2015
                                             1944
 MINIMUM TEMPERATURE (F)   67        47      1961


SUNRISE AND SUNSET
JUNE 18 2018..........SUNRISE   559 AM EDT   SUNSET   834 PM EDT
JUNE 19 2018..........SUNRISE   559 AM EDT   SUNSET   834 PM EDT


-  INDICATES NEGATIVE NUMBERS.
R  INDICATES RECORD WAS SET OR TIED.
MM INDICATES DATA IS MISSING.
T  INDICATES TRACE AMOUNT.

&&
CLIMATE REPORT NWS FORECAST OFFICE
NCSU CENTENNIAL CAMPUS
RALEIGH, NC

MAXIMUM TEMPERATURE... 92

MINIMUM TEMPERATURE... 72

PRECIPITATION... 0.32


$$
