000
CDUS45 KBOI 220933
CLIREO


CLIMATE REPORT
NATIONAL WEATHER SERVICE BOISE ID
333 AM MDT TUE OCT 22 2019

...................................

...THE ROME OR CLIMATE SUMMARY FOR OCTOBER 21 2019...

CLIMATE NORMAL PERIOD 1981 TO 2010
CLIMATE RECORD PERIOD 9999 TO 9999


WEATHER ITEM   OBSERVED TIME   NORMAL DEPARTURE LAST
                VALUE   (LST)  VALUE  FROM      YEAR
                                      NORMAL
.......................................................
TEMPERATURE (F)
 YESTERDAY
  MAXIMUM         65    414 PM  62      3       72
  MINIMUM         39   1228 AM  30      9       30
  AVERAGE         52            46      6       51

PRECIPITATION (IN)
  YESTERDAY        0.00          0.03  -0.03     0.00
  MONTH TO DATE    0.22          0.48  -0.26     0.65
  SINCE OCT 1      0.22          0.48  -0.26     0.65
  SINCE JAN 1      9.02          7.21   1.81     4.45

DEGREE DAYS
 HEATING
  YESTERDAY       13            19     -6       14
  MONTH TO DATE  420           325     95      341
  SINCE SEP 1    617           508    109      483
  SINCE JUL 1    621           549     72      500

 COOLING
  YESTERDAY        0             0      0        0
  MONTH TO DATE    0             0      0        1
  SINCE SEP 1     76            40     36       39
  SINCE JAN 1    650           506    144      589
.......................................................


WIND (MPH)
  HIGHEST WIND SPEED    18   HIGHEST WIND DIRECTION     W (250)
  HIGHEST GUST SPEED    23   HIGHEST GUST DIRECTION     W (250)
  AVERAGE WIND SPEED     8.4


SKY COVER
  AVERAGE SKY COVER 0.0


WEATHER CONDITIONS
THE FOLLOWING WEATHER WAS RECORDED YESTERDAY.
  NO SIGNIFICANT WEATHER WAS OBSERVED.


RELATIVE HUMIDITY (PERCENT)
 HIGHEST    67          1200 AM
 LOWEST     24          1200 PM
 AVERAGE    46

..........................................................


THE ROME OR CLIMATE NORMALS FOR TODAY
                         NORMAL




SUNRISE AND SUNSET
OCTOBER 22 2019.......SUNRISE   713 AM PDT   SUNSET   559 PM PDT
OCTOBER 23 2019.......SUNRISE   714 AM PDT   SUNSET   557 PM PDT


-  INDICATES NEGATIVE NUMBERS.
R  INDICATES RECORD WAS SET OR TIED.
MM INDICATES DATA IS MISSING.
T  INDICATES TRACE AMOUNT.




$$
