000
CDUS45 KBOI 240931
CLIREO


CLIMATE REPORT
NATIONAL WEATHER SERVICE BOISE ID
231 AM MST FRI JAN 24 2020

...................................

...THE ROME OR CLIMATE SUMMARY FOR JANUARY 23 2020...

CLIMATE NORMAL PERIOD 1981 TO 2010
CLIMATE RECORD PERIOD 9999 TO 9999


WEATHER ITEM   OBSERVED TIME   NORMAL DEPARTURE LAST
                VALUE   (LST)  VALUE  FROM      YEAR
                                      NORMAL
.......................................................
TEMPERATURE (F)
 YESTERDAY
  MAXIMUM         54    205 PM  40     14       55
  MINIMUM         36   1159 PM  20     16       31
  AVERAGE         45            30     15       43

PRECIPITATION (IN)
  YESTERDAY        0.00          0.02  -0.02     0.00
  MONTH TO DATE    0.29          0.50  -0.21     0.34
  SINCE OCT 1      1.94          2.69  -0.75     2.16
  SINCE JAN 1      0.29          0.50  -0.21     0.34

DEGREE DAYS
 HEATING
  YESTERDAY       20            35    -15       22
  MONTH TO DATE  693           825   -132      754
  SINCE DEC 1   1692          1959   -267     1821
  SINCE JUL 1   3415          3572   -157     3331

 COOLING
  YESTERDAY        0             0      0        0
  MONTH TO DATE    0             0      0        0
  SINCE DEC 1      0             0      0        0
  SINCE JAN 1      0             0      0        0
.......................................................


WIND (MPH)
  HIGHEST WIND SPEED    15   HIGHEST WIND DIRECTION     S (160)
  HIGHEST GUST SPEED    20   HIGHEST GUST DIRECTION    SE (150)
  AVERAGE WIND SPEED     5.9


SKY COVER
  AVERAGE SKY COVER 0.0


WEATHER CONDITIONS
THE FOLLOWING WEATHER WAS RECORDED YESTERDAY.
  NO SIGNIFICANT WEATHER WAS OBSERVED.


RELATIVE HUMIDITY (PERCENT)
 HIGHEST    85          1000 PM
 LOWEST     50           100 PM
 AVERAGE    68

..........................................................


THE ROME OR CLIMATE NORMALS FOR TODAY
                         NORMAL




SUNRISE AND SUNSET
JANUARY 24 2020.......SUNRISE   713 AM PST   SUNSET   454 PM PST
JANUARY 25 2020.......SUNRISE   712 AM PST   SUNSET   455 PM PST


-  INDICATES NEGATIVE NUMBERS.
R  INDICATES RECORD WAS SET OR TIED.
MM INDICATES DATA IS MISSING.
T  INDICATES TRACE AMOUNT.




$$
