000
CDUS46 KBOI 210935
CLIREO


CLIMATE REPORT
NATIONAL WEATHER SERVICE BOISE ID
235 AM MST MON JAN 21 2019


...................................

...THE ROME OR CLIMATE SUMMARY FOR JANUARY 20 2019...

CLIMATE NORMAL PERIOD 1981 TO 2010
CLIMATE RECORD PERIOD 9999 TO 9999


WEATHER ITEM   OBSERVED TIME   NORMAL DEPARTURE LAST
                VALUE   (LST)  VALUE  FROM      YEAR
                                      NORMAL
......................................................
TEMPERATURE (F)
 YESTERDAY
  MAXIMUM         49    143 PM  39     10       42
  MINIMUM         33   1159 PM  20     13       20
  AVERAGE         41            30     11       31

PRECIPITATION (IN)
  YESTERDAY        0.09          0.02   0.07     0.00
  MONTH TO DATE    0.34          0.44  -0.10     0.45
  SINCE OCT 1      2.16          2.63  -0.47     2.33
  SINCE JAN 1      0.34          0.44  -0.10     0.45

DEGREE DAYS
 HEATING
  YESTERDAY       24            35    -11       34
  MONTH TO DATE  663           720    -57      560
  SINCE DEC 1   1730          1854   -124     1763
  SINCE JUL 1   3240          3467   -227     3185

 COOLING
  YESTERDAY        0             0      0        0
  MONTH TO DATE    0             0      0        0
  SINCE DEC 1      0             0      0        0
  SINCE JAN 1      0             0      0        0
......................................................


WIND (MPH)
  RESULTANT WIND SPEED  11   RESULTANT WIND DIRECTION   S (180)
  HIGHEST WIND SPEED    33   HIGHEST WIND DIRECTION     S (180)
  HIGHEST GUST SPEED    44   HIGHEST GUST DIRECTION     S (180)
  AVERAGE WIND SPEED    12.0


SKY COVER
  AVERAGE SKY COVER 0.0


WEATHER CONDITIONS
 THE FOLLOWING WEATHER WAS RECORDED YESTERDAY.
  NO SIGNIFICANT WEATHER WAS OBSERVED.


RELATIVE HUMIDITY (PERCENT)
 HIGHEST   100           900 PM
 LOWEST     50           800 AM
 AVERAGE    75

..........................................................


THE ROME OR CLIMATE NORMALS FOR TODAY
                         NORMAL    RECORD    YEAR
 MAXIMUM TEMPERATURE (F)   39        MM        MM
 MINIMUM TEMPERATURE (F)   20        MM        MM


SUNRISE AND SUNSET
JANUARY 21 2019.......SUNRISE   715 AM PST   SUNSET   451 PM PST
JANUARY 22 2019.......SUNRISE   715 AM PST   SUNSET   452 PM PST


-  INDICATES NEGATIVE NUMBERS.
R  INDICATES RECORD WAS SET OR TIED.
MM INDICATES DATA IS MISSING.
T  INDICATES TRACE AMOUNT.




$$
