000
CDUS43 KLOT 250632
CLIRFD


CLIMATE REPORT
NATIONAL WEATHER SERVICE CHICAGO IL
132 AM CDT MON MAY 25 2020


...................................

...THE ROCKFORD IL CLIMATE SUMMARY FOR MAY 24 2020...

CLIMATE NORMAL PERIOD 1981 TO 2010
CLIMATE RECORD PERIOD 1905 TO 2020


WEATHER ITEM   OBSERVED TIME   RECORD YEAR NORMAL DEPARTURE LAST
                VALUE   (LST)  VALUE       VALUE  FROM      YEAR
                                                  NORMAL
..................................................................
TEMPERATURE (F)
 YESTERDAY
  MAXIMUM         85    437 PM  93    2012  74     11       74
                                      2010
                                      1921
  MINIMUM         59    419 AM  33    1925  51      8       55
  AVERAGE         72                        63      9       65

PRECIPITATION (IN)
  YESTERDAY        0.00          2.79 1997   0.15  -0.15     1.40
  MONTH TO DATE    3.76                      3.01   0.75     5.91
  SINCE MAR 1     11.56                      8.68   2.88    12.26
  SINCE JAN 1     14.70                     11.46   3.24    18.56

SNOWFALL (IN)
  YESTERDAY        0.0           T    1925   0.0    0.0      0.0
  MONTH TO DATE    0.0                       0.0    0.0      0.0
  SINCE MAR 1      5.6                       5.7   -0.1      6.7
  SINCE JUL 1     34.3                      36.7   -2.4     57.8
  SNOW DEPTH       0

DEGREE DAYS
 HEATING
  YESTERDAY        0                         5     -5        0
  MONTH TO DATE  214                       175     39      223
  SINCE MAR 1   1466                      1513    -47     1653
  SINCE JUL 1   6137                      6515   -378     6897

 COOLING
  YESTERDAY        7                         2      5        0
  MONTH TO DATE   16                        29    -13        3
  SINCE MAR 1     16                        37    -21        5
  SINCE JAN 1     16                        37    -21        5
..................................................................


WIND (MPH)
  HIGHEST WIND SPEED    14   HIGHEST WIND DIRECTION     S (170)
  HIGHEST GUST SPEED    18   HIGHEST GUST DIRECTION     S (170)
  AVERAGE WIND SPEED     4.7


SKY COVER
  POSSIBLE SUNSHINE  MM
  AVERAGE SKY COVER 0.7


WEATHER CONDITIONS
 THE FOLLOWING WEATHER WAS RECORDED YESTERDAY.
  FOG


RELATIVE HUMIDITY (PERCENT)
 HIGHEST    90           500 AM
 LOWEST     51           500 PM
 AVERAGE    71

..........................................................


THE ROCKFORD IL CLIMATE NORMALS FOR TODAY
                         NORMAL    RECORD    YEAR
 MAXIMUM TEMPERATURE (F)   75        92      1939
 MINIMUM TEMPERATURE (F)   51        29      1925


SUNRISE AND SUNSET
MAY 25 2020...........SUNRISE   526 AM CDT   SUNSET   821 PM CDT
MAY 26 2020...........SUNRISE   526 AM CDT   SUNSET   822 PM CDT


-  INDICATES NEGATIVE NUMBERS.
R  INDICATES RECORD WAS SET OR TIED.
MM INDICATES DATA IS MISSING.
T  INDICATES TRACE AMOUNT.




$$
