289
CDUS43 KLOT 232136
CLIRFD


CLIMATE REPORT
NATIONAL WEATHER SERVICE CHICAGO IL
436 PM CDT WED OCT 23 2019


...................................

...THE ROCKFORD IL CLIMATE SUMMARY FOR OCTOBER 23 2019...
VALID TODAY AS OF 0400 PM LOCAL TIME.

CLIMATE NORMAL PERIOD 1981 TO 2010
CLIMATE RECORD PERIOD 1905 TO 2019


WEATHER ITEM   OBSERVED TIME   RECORD YEAR NORMAL DEPARTURE LAST
                VALUE   (LST)  VALUE       VALUE  FROM      YEAR
                                                  NORMAL
..................................................................
TEMPERATURE (F)
 TODAY
  MAXIMUM         59    241 PM  83    1963  60     -1       55
  MINIMUM         35    656 AM  20    1981  39     -4       32
                                      1895
  AVERAGE         47                        49     -2       44

PRECIPITATION (IN)
  TODAY            T             1.71 2010   0.08  -0.08     0.00
  MONTH TO DATE    2.08                      1.98   0.10     3.97
  SINCE SEP 1     11.18                      5.33   5.85     9.54
  SINCE JAN 1     44.32                     30.99  13.33    43.47

SNOWFALL (IN)
  TODAY            0.0           5.0  1929   0.0    0.0      0.0
  MONTH TO DATE    0.0                       0.0    0.0       T
  SINCE SEP 1      0.0                       0.0    0.0       T
  SINCE JUL 1      0.0                       0.0    0.0       T

DEGREE DAYS
 HEATING
  TODAY           18                        16      2       21
  MONTH TO DATE  264                       282    -18      345
  SINCE SEP 1    284                       399   -115      428
  SINCE JUL 1    285                       413   -128      428

 COOLING
  TODAY            0                         0      0        0
  MONTH TO DATE   12                         8      4       23
  SINCE SEP 1    144                        92     52      160
  SINCE JAN 1    927                       819    108      967
..................................................................


WIND (MPH)
  HIGHEST WIND SPEED    12   HIGHEST WIND DIRECTION    SW (210)
  HIGHEST GUST SPEED    19   HIGHEST GUST DIRECTION    SW (240)
  AVERAGE WIND SPEED     7.1


SKY COVER
  POSSIBLE SUNSHINE  MM
  AVERAGE SKY COVER 0.4


WEATHER CONDITIONS
 THE FOLLOWING WEATHER WAS RECORDED TODAY.
  LIGHT RAIN


RELATIVE HUMIDITY (PERCENT)
 HIGHEST    82           700 AM
 LOWEST     54           100 PM
 AVERAGE    68

..........................................................


THE ROCKFORD IL CLIMATE NORMALS FOR TOMORROW
                         NORMAL    RECORD    YEAR
 MAXIMUM TEMPERATURE (F)   59        80      1963
 MINIMUM TEMPERATURE (F)   39        18      1981


SUNRISE AND SUNSET
OCTOBER 23 2019.......SUNRISE   718 AM CDT   SUNSET   603 PM CDT
OCTOBER 24 2019.......SUNRISE   719 AM CDT   SUNSET   601 PM CDT


-  INDICATES NEGATIVE NUMBERS.
R  INDICATES RECORD WAS SET OR TIED.
MM INDICATES DATA IS MISSING.
T  INDICATES TRACE AMOUNT.




$$
