000
CDUS43 KGRB 230642
CLIRHI


CLIMATE REPORT
NATIONAL WEATHER SERVICE GREEN BAY
135 AM CDT SUN SEP 23 2018


...................................

...THE RHINELANDER WI CLIMATE SUMMARY FOR SEPTEMBER 22 2018...

CLIMATE NORMAL PERIOD 1981 TO 2010
CLIMATE RECORD PERIOD 1908 TO 2018


WEATHER ITEM   OBSERVED TIME   RECORD YEAR NORMAL DEPARTURE LAST
                VALUE   (LST)  VALUE       VALUE  FROM      YEAR
                                                  NORMAL
..................................................................
TEMPERATURE (F)
 YESTERDAY
  MAXIMUM         64    245 PM  92    1908  64      0       78
  MINIMUM         36    236 AM  27    1974  42     -6       64
  AVERAGE         50                        53     -3       71

PRECIPITATION (IN)
  YESTERDAY        0.00          1.52 1930   0.14  -0.14     0.19
  MONTH TO DATE    4.65                      3.07   1.58     1.86
  SINCE SEP 1      4.65                      3.07   1.58     1.86
  SINCE JAN 1     25.18                     23.95   1.23    32.95

SNOWFALL (IN)
  YESTERDAY        0.0           0.3  1995  MM     MM        0.0
  MONTH TO DATE    0.0                      MM     MM        0.0
  SINCE SEP 1      0.0                      MM     MM        0.0
  SINCE JUL 1      0.0                      MM     MM        0.0
  SNOW DEPTH       0

DEGREE DAYS
 HEATING
  YESTERDAY       15                        12      3        0
  MONTH TO DATE   85                       189   -104      143
  SINCE SEP 1     85                       189   -104      143
  SINCE JUL 1    128                       316   -188      309

 COOLING
  YESTERDAY        0                         0      0        6
  MONTH TO DATE   80                        16     64       25
  SINCE SEP 1     80                        16     64       25
  SINCE JAN 1    566                       257    309      187
..................................................................


WIND (MPH)
  HIGHEST WIND SPEED    17   HIGHEST WIND DIRECTION    SW (220)
  HIGHEST GUST SPEED    28   HIGHEST GUST DIRECTION    SW (240)
  AVERAGE WIND SPEED     7.0


SKY COVER
  POSSIBLE SUNSHINE  MM
  AVERAGE SKY COVER 0.2


WEATHER CONDITIONS
 THE FOLLOWING WEATHER WAS RECORDED YESTERDAY.
  NO SIGNIFICANT WEATHER WAS OBSERVED.


RELATIVE HUMIDITY (PERCENT)
 HIGHEST    92           100 AM
 LOWEST     43           100 PM
 AVERAGE    68

..........................................................


THE RHINELANDER WI CLIMATE NORMALS FOR TODAY
                         NORMAL    RECORD    YEAR
 MAXIMUM TEMPERATURE (F)   63        91      1908
 MINIMUM TEMPERATURE (F)   41        25      1974


SUNRISE AND SUNSET
SEPTEMBER 23 2018.....SUNRISE   646 AM CDT   SUNSET   653 PM CDT
SEPTEMBER 24 2018.....SUNRISE   647 AM CDT   SUNSET   651 PM CDT


-  INDICATES NEGATIVE NUMBERS.
R  INDICATES RECORD WAS SET OR TIED.
MM INDICATES DATA IS MISSING.
T  INDICATES TRACE AMOUNT.




$$
