000
CDUS43 KGRB 180749
CLIRHI


CLIMATE REPORT
NATIONAL WEATHER SERVICE GREEN BAY
145 AM CST TUE DEC 18 2018


...................................

...THE RHINELANDER WI CLIMATE SUMMARY FOR DECEMBER 17 2018...

CLIMATE NORMAL PERIOD 1981 TO 2010
CLIMATE RECORD PERIOD 1908 TO 2018


WEATHER ITEM   OBSERVED TIME   RECORD YEAR NORMAL DEPARTURE LAST
                VALUE   (LST)  VALUE       VALUE  FROM      YEAR
                                                  NORMAL
..................................................................
TEMPERATURE (F)
 YESTERDAY
  MAXIMUM         32    322 PM  42    1997  25      7       26
                                      1913
  MINIMUM         15   1159 PM -25    1983   8      7       20
  AVERAGE         24                        16      8       23

PRECIPITATION (IN)
  YESTERDAY        0.00          0.46 1915   0.04  -0.04     0.03
  MONTH TO DATE    0.20                      0.84  -0.64     1.66
  SINCE DEC 1      0.20                      0.84  -0.64     1.66
  SINCE JAN 1     33.40                     30.80   2.60    40.22

SNOWFALL (IN)
  YESTERDAY        0.0           7.0  1908  MM     MM        0.2
  MONTH TO DATE    3.2                      MM     MM       12.4
  SINCE DEC 1      3.2                      MM     MM       12.4
  SINCE JUL 1     20.0                      MM     MM       26.2
  SNOW DEPTH       2

DEGREE DAYS
 HEATING
  YESTERDAY       41                        49     -8       42
  MONTH TO DATE  688                       784    -96      757
  SINCE DEC 1    688                       784    -96      757
  SINCE JUL 1   2802                      2918   -116     2730

 COOLING
  YESTERDAY        0                         0      0        0
  MONTH TO DATE    0                         0      0        0
  SINCE DEC 1      0                         0      0        0
  SINCE JAN 1    566                       261    305      215
..................................................................


WIND (MPH)
  HIGHEST WIND SPEED    15   HIGHEST WIND DIRECTION    NW (320)
  HIGHEST GUST SPEED    27   HIGHEST GUST DIRECTION    NW (300)
  AVERAGE WIND SPEED     4.6


SKY COVER
  POSSIBLE SUNSHINE  MM
  AVERAGE SKY COVER 0.1


WEATHER CONDITIONS
 THE FOLLOWING WEATHER WAS RECORDED YESTERDAY.
  NO SIGNIFICANT WEATHER WAS OBSERVED.


RELATIVE HUMIDITY (PERCENT)
 HIGHEST    74           800 PM
 LOWEST     43           300 PM
 AVERAGE    59

..........................................................


THE RHINELANDER WI CLIMATE NORMALS FOR TODAY
                         NORMAL    RECORD    YEAR
 MAXIMUM TEMPERATURE (F)   25        46      2002
 MINIMUM TEMPERATURE (F)    7       -34      1983


SUNRISE AND SUNSET
DECEMBER 18 2018......SUNRISE   734 AM CST   SUNSET   415 PM CST
DECEMBER 19 2018......SUNRISE   734 AM CST   SUNSET   416 PM CST


-  INDICATES NEGATIVE NUMBERS.
R  INDICATES RECORD WAS SET OR TIED.
MM INDICATES DATA IS MISSING.
T  INDICATES TRACE AMOUNT.

$$
