000
CDUS43 KGRB 110722
CLIRHI


CLIMATE REPORT
NATIONAL WEATHER SERVICE GREEN BAY
122 AM CST WED DEC 11 2019


...................................

...THE RHINELANDER WI CLIMATE SUMMARY FOR DECEMBER 10 2019...

CLIMATE NORMAL PERIOD 1981 TO 2010
CLIMATE RECORD PERIOD 1908 TO 2019


WEATHER ITEM   OBSERVED TIME   RECORD YEAR NORMAL DEPARTURE LAST
                VALUE   (LST)  VALUE       VALUE  FROM      YEAR
                                                  NORMAL
..................................................................
TEMPERATURE (F)
 YESTERDAY
  MAXIMUM         11   1219 AM  49    2015  27    -16       28
  MINIMUM        -12   1005 PM -24    1927  10    -22       10
                                      1919
  AVERAGE          0                        18    -18       19

PRECIPITATION (IN)
  YESTERDAY        0.00          0.65 1911   0.05  -0.05     0.00
  MONTH TO DATE    0.76                      0.52   0.24     0.20
  SINCE DEC 1      0.76                      0.52   0.24     0.20
  SINCE JAN 1     40.41                     30.48   9.93    33.40

SNOWFALL (IN)
  YESTERDAY        0.0           5.5  2003  MM     MM        0.0
  MONTH TO DATE    9.4                      MM     MM        3.2
  SINCE DEC 1      9.4                      MM     MM        3.2
  SINCE JUL 1     27.5                      MM     MM       20.0
  SNOW DEPTH      10

DEGREE DAYS
 HEATING
  YESTERDAY       65                        47     18       46
  MONTH TO DATE  428                       448    -20      439
  SINCE DEC 1    428                       448    -20      439
  SINCE JUL 1   2635                      2582     53     2553

 COOLING
  YESTERDAY        0                         0      0        0
  MONTH TO DATE    0                         0      0        0
  SINCE DEC 1      0                         0      0        0
  SINCE JAN 1    272                       261     11      566
..................................................................


WIND (MPH)
  HIGHEST WIND SPEED    16   HIGHEST WIND DIRECTION     W (270)
  HIGHEST GUST SPEED    22   HIGHEST GUST DIRECTION    NW (310)
  AVERAGE WIND SPEED     9.2


SKY COVER
  POSSIBLE SUNSHINE  MM
  AVERAGE SKY COVER 0.4


WEATHER CONDITIONS
 THE FOLLOWING WEATHER WAS RECORDED YESTERDAY.
  NO SIGNIFICANT WEATHER WAS OBSERVED.


RELATIVE HUMIDITY (PERCENT)
 HIGHEST    87           800 AM
 LOWEST     63           100 PM
 AVERAGE    75

..........................................................


THE RHINELANDER WI CLIMATE NORMALS FOR TODAY
                         NORMAL    RECORD    YEAR
 MAXIMUM TEMPERATURE (F)   26        52      1913
 MINIMUM TEMPERATURE (F)   10       -25      1977


SUNRISE AND SUNSET
DECEMBER 11 2019......SUNRISE   728 AM CST   SUNSET   414 PM CST
DECEMBER 12 2019......SUNRISE   729 AM CST   SUNSET   414 PM CST


-  INDICATES NEGATIVE NUMBERS.
R  INDICATES RECORD WAS SET OR TIED.
MM INDICATES DATA IS MISSING.
T  INDICATES TRACE AMOUNT.




$$
