943
CDUS43 KGRB 130634
CLIRHI


CLIMATE REPORT
NATIONAL WEATHER SERVICE GREEN BAY
134 AM CDT SUN OCT 13 2019


...................................

...THE RHINELANDER WI CLIMATE SUMMARY FOR OCTOBER 12 2019...

CLIMATE NORMAL PERIOD 1981 TO 2010
CLIMATE RECORD PERIOD 1908 TO 2019


WEATHER ITEM   OBSERVED TIME   RECORD YEAR NORMAL DEPARTURE LAST
                VALUE   (LST)  VALUE       VALUE  FROM      YEAR
                                                  NORMAL
..................................................................
TEMPERATURE (F)
 YESTERDAY
  MAXIMUM         34    136 PM  81    1995  55    -21       35
  MINIMUM         31    944 AM  16    2012  35     -4       24
  AVERAGE         33                        45    -12       30

PRECIPITATION (IN)
  YESTERDAY        0.04          1.53 1913   0.11  -0.07     0.00
  MONTH TO DATE    1.15                      1.38  -0.23     4.58
  SINCE SEP 1      6.74                      5.58   1.16     9.62
  SINCE JAN 1     35.55                     26.46   9.09    30.15

SNOWFALL (IN)
  YESTERDAY        0.1           3.0  1909  MM     MM        0.0
  MONTH TO DATE    0.1                      MM     MM         T
  SINCE SEP 1      0.1                      MM     MM         T
  SINCE JUL 1      0.1                      MM     MM         T
  SNOW DEPTH       0

DEGREE DAYS
 HEATING
  YESTERDAY       32                        20     12       35
  MONTH TO DATE  195                       218    -23      217
  SINCE SEP 1    389                       523   -134      418
  SINCE JUL 1    515                       650   -135      461

 COOLING
  YESTERDAY        0                         0      0        0
  MONTH TO DATE    0                         0      0        0
  SINCE SEP 1     23                        18      5       80
  SINCE JAN 1    272                       259     13      566
..................................................................


WIND (MPH)
  HIGHEST WIND SPEED    22   HIGHEST WIND DIRECTION     S (200)
  HIGHEST GUST SPEED    34   HIGHEST GUST DIRECTION    SW (220)
  AVERAGE WIND SPEED    12.6


SKY COVER
  POSSIBLE SUNSHINE  MM
  AVERAGE SKY COVER 1.0


WEATHER CONDITIONS
 THE FOLLOWING WEATHER WAS RECORDED YESTERDAY.
  LIGHT SNOW
  FOG
  HAZE


RELATIVE HUMIDITY (PERCENT)
 HIGHEST    92          1000 PM
 LOWEST     61           100 AM
 AVERAGE    77

..........................................................


THE RHINELANDER WI CLIMATE NORMALS FOR TODAY
                         NORMAL    RECORD    YEAR
 MAXIMUM TEMPERATURE (F)   55        81      1956
 MINIMUM TEMPERATURE (F)   35        19      1993


SUNRISE AND SUNSET
OCTOBER 13 2019.......SUNRISE   711 AM CDT   SUNSET   616 PM CDT
OCTOBER 14 2019.......SUNRISE   713 AM CDT   SUNSET   614 PM CDT


-  INDICATES NEGATIVE NUMBERS.
R  INDICATES RECORD WAS SET OR TIED.
MM INDICATES DATA IS MISSING.
T  INDICATES TRACE AMOUNT.




$$
