000
CDUS43 KGRB 202138
CLIRHI


CLIMATE REPORT
NATIONAL WEATHER SERVICE GREEN BAY
436 PM CDT WED JUN 20 2018


...................................

...THE RHINELANDER WI CLIMATE SUMMARY FOR JUNE 20 2018...
VALID TODAY AS OF 0400 PM LOCAL TIME.

CLIMATE NORMAL PERIOD 1981 TO 2010
CLIMATE RECORD PERIOD 1908 TO 2018


WEATHER ITEM   OBSERVED TIME   RECORD YEAR NORMAL DEPARTURE LAST
                VALUE   (LST)  VALUE       VALUE  FROM      YEAR
                                                  NORMAL
..................................................................
TEMPERATURE (F)
 TODAY
  MAXIMUM         79    259 PM  94    1933  76      3       69
  MINIMUM         55    404 AM  34    1916  52      3       46
  AVERAGE         67                        64      3       58

PRECIPITATION (IN)
  TODAY            0.00          1.76 2000   0.13  -0.13     0.02
  MONTH TO DATE    6.06                      2.55   3.51     6.00
  SINCE JUN 1      6.06                      2.55   3.51     6.00
  SINCE JAN 1     14.53                     12.23   2.30    23.72

SNOWFALL (IN)
  TODAY            0.0           0.0    MM  MM     MM        0.0
  MONTH TO DATE    0.0                      MM     MM        0.0
  SINCE JUN 1      0.0                      MM     MM        0.0
  SINCE JUL 1     99.9                      MM     MM       65.8
  SNOW DEPTH       0

DEGREE DAYS
 HEATING
  TODAY            0                         3     -3        7
  MONTH TO DATE   42                       108    -66       40
  SINCE JUN 1     42                       108    -66       40
  SINCE JUL 1   9000                      8994      6     7716

 COOLING
  TODAY            2                         2      0        0
  MONTH TO DATE   41                        26     15       63
  SINCE JUN 1     41                        26     15       63
  SINCE JAN 1    124                        38     86       65
..................................................................


WIND (MPH)
  HIGHEST WIND SPEED     8   HIGHEST WIND DIRECTION    NE (60)
  HIGHEST GUST SPEED    13   HIGHEST GUST DIRECTION    NE (60)
  AVERAGE WIND SPEED     1.5


SKY COVER
  POSSIBLE SUNSHINE  MM
  AVERAGE SKY COVER 0.2


WEATHER CONDITIONS
 THE FOLLOWING WEATHER WAS RECORDED TODAY.
  FOG


RELATIVE HUMIDITY (PERCENT)
 HIGHEST   100           500 AM
 LOWEST     39           300 PM
 AVERAGE    70

..........................................................


THE RHINELANDER WI CLIMATE NORMALS FOR TOMORROW
                         NORMAL    RECORD    YEAR
 MAXIMUM TEMPERATURE (F)   76        94      1995
 MINIMUM TEMPERATURE (F)   52        35      1992
                                             1963
                                             1916


SUNRISE AND SUNSET
JUNE 20 2018..........SUNRISE   508 AM CDT   SUNSET   851 PM CDT
JUNE 21 2018..........SUNRISE   509 AM CDT   SUNSET   851 PM CDT


-  INDICATES NEGATIVE NUMBERS.
R  INDICATES RECORD WAS SET OR TIED.
MM INDICATES DATA IS MISSING.
T  INDICATES TRACE AMOUNT.




$$
