000
CDUS43 KGRB 260741
CLIRHI

CLIMATE REPORT
NATIONAL WEATHER SERVICE GREEN BAY
241 AM CDT MON OCT 26 2020

...................................

...THE RHINELANDER WI CLIMATE SUMMARY FOR OCTOBER 25 2020...

CLIMATE NORMAL PERIOD: 1981 TO 2010
CLIMATE RECORD PERIOD: 1908 TO 2020


WEATHER ITEM   OBSERVED TIME   RECORD YEAR NORMAL DEPARTURE LAST
                VALUE   (LST)  VALUE       VALUE  FROM      YEAR
                                                  NORMAL
...................................................................
TEMPERATURE (F)
 YESTERDAY
  MAXIMUM         33  11:22 AM  76    1989  50    -17       46
  MINIMUM         19  12:26 AM   9    1933  32    -13       23
  AVERAGE         26                        41    -15       35

PRECIPITATION (IN)
  YESTERDAY        0.09          2.03 2012   0.08   0.01     0.00
  MONTH TO DATE    2.49                      2.60  -0.11     2.86
  SINCE SEP 1      6.17                      6.80  -0.63     8.45
  SINCE JAN 1     32.10                     27.68   4.42    37.26

SNOWFALL (IN)
  YESTERDAY        0.8           3.0  1925  MM     MM        0.0
                                      2001
  MONTH TO DATE   10.5                       0.0   10.5      0.7
  SINCE SEP 1     10.5                      MM     MM        0.7
  SINCE JUL 1     10.5                      MM     MM        0.7
  SNOW DEPTH       3

DEGREE DAYS
 HEATING
  YESTERDAY       39                        24     15       30
  MONTH TO DATE  638                       507    131      515
  SINCE SEP 1    955                       812    143      709
  SINCE JUL 1   1041                       939    102      835

 COOLING
  YESTERDAY        0                         0      0        0
  MONTH TO DATE    0                         0      0        0
  SINCE SEP 1      4                        18    -14       23
  SINCE JAN 1    356                       259     97      272
...................................................................


WIND (MPH)
  HIGHEST WIND SPEED     9   HIGHEST WIND DIRECTION    NW (330)
  HIGHEST GUST SPEED    15   HIGHEST GUST DIRECTION     N (340)
  AVERAGE WIND SPEED     2.4


SKY COVER
  POSSIBLE SUNSHINE  MM
  AVERAGE SKY COVER 0.9


WEATHER CONDITIONS
THE FOLLOWING WEATHER WAS RECORDED YESTERDAY.
  LIGHT SNOW
  FOG
  HAZE


RELATIVE HUMIDITY (PERCENT)
 HIGHEST    92           5:00 PM
 LOWEST     61          11:00 AM
 AVERAGE    77

..........................................................


THE RHINELANDER WI CLIMATE NORMALS FOR TODAY
                         NORMAL    RECORD    YEAR
 MAXIMUM TEMPERATURE (F)   49        75      1989
 MINIMUM TEMPERATURE (F)   31        15      1962


SUNRISE AND SUNSET
OCTOBER 26 2020.......SUNRISE   7:30 AM CDT   SUNSET   5:53 PM CDT
OCTOBER 27 2020.......SUNRISE   7:31 AM CDT   SUNSET   5:51 PM CDT


-  INDICATES NEGATIVE NUMBERS.
R  INDICATES RECORD WAS SET OR TIED.
MM INDICATES DATA IS MISSING.
T  INDICATES TRACE AMOUNT.




$$
