589
CDUS43 KGRB 152148
CLIRHI

CLIMATE REPORT
NATIONAL WEATHER SERVICE GREEN BAY
448 PM CDT SAT JUN 15 2024

...................................

...THE RHINELANDER WI CLIMATE SUMMARY FOR JUNE 15 2024...
VALID TODAY AS OF 0400 PM LOCAL TIME.

CLIMATE NORMAL PERIOD: 1991 TO 2020
CLIMATE RECORD PERIOD: 1908 TO 2024


WEATHER ITEM   OBSERVED TIME   RECORD YEAR NORMAL DEPARTURE LAST
                VALUE   (LST)  VALUE       VALUE  FROM      YEAR
                                                  NORMAL
...................................................................
TEMPERATURE (F)
 TODAY
  MAXIMUM         75   1:20 PM  90    1913  76     -1       55
  MINIMUM         55   4:30 AM  31    1908  50      5       43
                                      1927
  AVERAGE         65                        63      2       49

PRECIPITATION (IN)
  TODAY            0.00          3.00 1997   0.18  -0.18     0.00
  MONTH TO DATE    1.78                      2.54  -0.76     0.39
  SINCE JUN 1      1.78                      2.54  -0.76     0.39
  SINCE JAN 1     12.65                     13.51  -0.86    12.62

SNOWFALL (IN)
  TODAY            0.0           0.0    MM   0.0    0.0      0.0
  MONTH TO DATE    0.0                       0.0    0.0      0.0
  SINCE JUN 1      0.0                       0.0    0.0      0.0
  SINCE JUL 1     51.1                      81.6  -30.5    122.9
  SNOW DEPTH       0

DEGREE DAYS
 HEATING
  TODAY            0                         4     -4       16
  MONTH TO DATE   68                        79    -11       87
  SINCE JUN 1     68                        79    -11       87
  SINCE JUL 1   7532                      8790  -1258     8377

 COOLING
  TODAY            0                         2     -2        0
  MONTH TO DATE   13                        21     -8       32
  SINCE JUN 1     13                        21     -8       32
  SINCE JAN 1     16                        35    -19       43
...................................................................


WIND (MPH)
  HIGHEST WIND SPEED    16   HIGHEST WIND DIRECTION     S (180)
  HIGHEST GUST SPEED    27   HIGHEST GUST DIRECTION     S (170)
  AVERAGE WIND SPEED     7.2


SKY COVER
  POSSIBLE SUNSHINE  MM
  AVERAGE SKY COVER 0.1


WEATHER CONDITIONS
THE FOLLOWING WEATHER WAS RECORDED TODAY.
  NO SIGNIFICANT WEATHER WAS OBSERVED.


RELATIVE HUMIDITY (PERCENT)
 HIGHEST    74           1:00 AM
 LOWEST     37          12:00 PM
 AVERAGE    56

..........................................................


THE RHINELANDER WI CLIMATE NORMALS FOR TOMORROW
                         NORMAL    RECORD    YEAR
 MAXIMUM TEMPERATURE (F)   76        91      1987
 MINIMUM TEMPERATURE (F)   51        32      1924


SUNRISE AND SUNSET
JUNE 15 2024..........SUNRISE   5:08 AM CDT   SUNSET   8:49 PM CDT
JUNE 16 2024..........SUNRISE   5:08 AM CDT   SUNSET   8:49 PM CDT


-  INDICATES NEGATIVE NUMBERS.
R  INDICATES RECORD WAS SET OR TIED.
MM INDICATES DATA IS MISSING.
T  INDICATES TRACE AMOUNT.




$$