000
CDUS41 KAKQ 010527
CLIRIC


CLIMATE REPORT
NATIONAL WEATHER SERVICE WAKEFIELD, VA
126 AM EDT MON JUN 1 2020


...................................

...THE RICHMOND VA CLIMATE SUMMARY FOR MAY 31 2020...

CLIMATE NORMAL PERIOD 1981 TO 2010
CLIMATE RECORD PERIOD 1871 TO 2020


WEATHER ITEM   OBSERVED TIME   RECORD YEAR NORMAL DEPARTURE LAST
                VALUE   (LST)  VALUE       VALUE  FROM      YEAR
                                                  NORMAL
..................................................................
TEMPERATURE (F)
 YESTERDAY
  MAXIMUM         76    431 PM  98    2011  82     -6       86
                                      1991
  MINIMUM         59   1155 PM  45    1938  60     -1       64
  AVERAGE         68                        71     -3       75

PRECIPITATION (IN)
  YESTERDAY        0.00          2.12 1972   0.13  -0.13     1.77
  MONTH TO DATE    1.90                      3.78  -1.88     5.83
  SINCE MAR 1      9.27                     11.09  -1.82    12.77
  SINCE JAN 1     16.45                     16.89  -0.44    19.08

SNOWFALL (IN)
  YESTERDAY        0.0           0.0  2002   0.0    0.0
                                      2001
  MONTH TO DATE    0.0                       0.0    0.0
  SINCE NOV 1      1.5                      10.3   -8.8
  SINCE JUL 1      1.5                      10.3   -8.8
  SNOW DEPTH       0

DEGREE DAYS
 HEATING
  YESTERDAY        0                         1     -1        0
  MONTH TO DATE  133                        74     59       18
  SINCE MAR 1    715                       830   -115      702
  SINCE JUL 1   3276                      3766   -490     3492

 COOLING
  YESTERDAY        3                         7     -4       10
  MONTH TO DATE  104                       119    -15      265
  SINCE MAR 1    140                       161    -21      329
  SINCE JAN 1    140                       161    -21      329
..................................................................


WIND (MPH)
  HIGHEST WIND SPEED    20   HIGHEST WIND DIRECTION     N (20)
  HIGHEST GUST SPEED    28   HIGHEST GUST DIRECTION     N (360)
  AVERAGE WIND SPEED     9.5


SKY COVER
  POSSIBLE SUNSHINE  MM
  AVERAGE SKY COVER 0.4


WEATHER CONDITIONS
 THE FOLLOWING WEATHER WAS RECORDED YESTERDAY.
  NO SIGNIFICANT WEATHER WAS OBSERVED.


RELATIVE HUMIDITY (PERCENT)
 HIGHEST    84          1200 AM
 LOWEST     33           100 PM
 AVERAGE    59

..........................................................


THE RICHMOND VA CLIMATE NORMALS FOR TODAY
                         NORMAL    RECORD    YEAR
 MAXIMUM TEMPERATURE (F)   82        97      1991
 MINIMUM TEMPERATURE (F)   60        41      1938
                                             1930


SUNRISE AND SUNSET
JUNE  1 2020..........SUNRISE   550 AM EDT   SUNSET   825 PM EDT
JUNE  2 2020..........SUNRISE   549 AM EDT   SUNSET   826 PM EDT


-  INDICATES NEGATIVE NUMBERS.
R  INDICATES RECORD WAS SET OR TIED.
MM INDICATES DATA IS MISSING.
T  INDICATES TRACE AMOUNT.




$$
