000
CDUS41 KAKQ 220529
CLIRIC


CLIMATE REPORT
NATIONAL WEATHER SERVICE WAKEFIELD, VA
128 AM EDT THU OCT 22 2020


...................................

...THE RICHMOND VA CLIMATE SUMMARY FOR OCTOBER 21 2020...

CLIMATE NORMAL PERIOD 1981 TO 2010
CLIMATE RECORD PERIOD 1871 TO 2020


WEATHER ITEM   OBSERVED TIME   RECORD YEAR NORMAL DEPARTURE LAST
                VALUE   (LST)  VALUE       VALUE  FROM      YEAR
                                                  NORMAL
..................................................................
TEMPERATURE (F)
 YESTERDAY
  MAXIMUM         81    407 PM  86    1993  70     11       61
  MINIMUM         64   1159 PM  25    1930  46     18       54
  AVERAGE         73                        58     15       58

PRECIPITATION (IN)
  YESTERDAY        0.00          2.65 1958   0.09  -0.09      T
  MONTH TO DATE    3.72                      2.00   1.72     3.61
  SINCE SEP 1     10.64                      6.13   4.51     4.03
  SINCE JAN 1     50.48                     36.12  14.36    36.76

SNOWFALL (IN)
  YESTERDAY        0.0           0.0  2002   0.0    0.0
                                      2001
  MONTH TO DATE    0.0                       0.0    0.0
  SINCE NOV 1      1.5                      10.3   -8.8
  SINCE JUL 1      0.0                       0.0    0.0
  SNOW DEPTH       0

DEGREE DAYS
 HEATING
  YESTERDAY        0                         8     -8        7
  MONTH TO DATE   63                       113    -50       74
  SINCE SEP 1     97                       141    -44       74
  SINCE JUL 1     97                       142    -45       74

 COOLING
  YESTERDAY        8                         1      7        0
  MONTH TO DATE   18                        34    -16       70
  SINCE SEP 1    199                       231    -32      418
  SINCE JAN 1   1671                      1538    133     2040
..................................................................


WIND (MPH)
  HIGHEST WIND SPEED    10   HIGHEST WIND DIRECTION    SW (220)
  HIGHEST GUST SPEED    14   HIGHEST GUST DIRECTION     S (200)
  AVERAGE WIND SPEED     3.5


SKY COVER
  POSSIBLE SUNSHINE  MM
  AVERAGE SKY COVER 0.7


WEATHER CONDITIONS
 THE FOLLOWING WEATHER WAS RECORDED YESTERDAY.
  FOG
  FOG W/VISIBILITY <= 1/4 MILE
  HAZE


RELATIVE HUMIDITY (PERCENT)
 HIGHEST   100           100 AM
 LOWEST     62           400 PM
 AVERAGE    81

..........................................................


THE RICHMOND VA CLIMATE NORMALS FOR TODAY
                         NORMAL    RECORD    YEAR
 MAXIMUM TEMPERATURE (F)   69        86      1920
 MINIMUM TEMPERATURE (F)   46        23      1930


SUNRISE AND SUNSET
OCTOBER 22 2020.......SUNRISE   725 AM EDT   SUNSET   622 PM EDT
OCTOBER 23 2020.......SUNRISE   726 AM EDT   SUNSET   621 PM EDT


-  INDICATES NEGATIVE NUMBERS.
R  INDICATES RECORD WAS SET OR TIED.
MM INDICATES DATA IS MISSING.
T  INDICATES TRACE AMOUNT.




$$
