000
CDUS41 KAKQ 152141
CLIRIC


CLIMATE REPORT
NATIONAL WEATHER SERVICE WAKEFIELD, VA
540 PM EDT TUE OCT 15 2019


...................................

...THE RICHMOND VA CLIMATE SUMMARY FOR OCTOBER 15 2019...
VALID TODAY AS OF 0500 PM LOCAL TIME.

CLIMATE NORMAL PERIOD 1981 TO 2010
CLIMATE RECORD PERIOD 1871 TO 2019


WEATHER ITEM   OBSERVED TIME   RECORD YEAR NORMAL DEPARTURE LAST
                VALUE   (LST)  VALUE       VALUE  FROM      YEAR
                                                  NORMAL
..................................................................
TEMPERATURE (F)
 TODAY
  MAXIMUM         76    233 PM  90    1985  71      5       82
  MINIMUM         48    618 AM  31    1934  48      0       60
  AVERAGE         62

PRECIPITATION (IN)
  TODAY            0.00          1.15 1954   0.09  -0.09     0.00
  MONTH TO DATE    0.72                      1.45  -0.73     3.69
  SINCE SEP 1      1.14                      5.58  -4.44     8.22
  SINCE JAN 1     33.87                     35.57  -1.70    52.28

SNOWFALL (IN)
  TODAY            0.0
  MONTH TO DATE    0.0
  SINCE NOV 1     13.1
  SINCE JUL 1      0.0
  SNOW DEPTH       0

DEGREE DAYS
 HEATING
  TODAY            3                         6     -3        0
  MONTH TO DATE   19                        69    -50       21
  SINCE SEP 1     19                        97    -78       21
  SINCE JUL 1     19                        98    -79       21

 COOLING
  TODAY            0                         1     -1        6
  MONTH TO DATE   70                        28     42      125
  SINCE SEP 1    418                       225    193      475
  SINCE JAN 1   2040                      1532    508     2000
..................................................................


WIND (MPH)
  RESULTANT WIND SPEED   3   RESULTANT WIND DIRECTION  NE (50)
  HIGHEST WIND SPEED    13   HIGHEST WIND DIRECTION    SE (150)
  HIGHEST GUST SPEED    17   HIGHEST GUST DIRECTION     E (70)


SKY COVER
  POSSIBLE SUNSHINE  MM
  AVERAGE SKY COVER 0.1


WEATHER CONDITIONS
 THE FOLLOWING WEATHER WAS RECORDED TODAY.
  NO SIGNIFICANT WEATHER WAS OBSERVED.


RELATIVE HUMIDITY (PERCENT)
 HIGHEST    89
 LOWEST     33
 AVERAGE    61

..........................................................


THE RICHMOND VA CLIMATE NORMALS FOR TOMORROW
                         NORMAL    RECORD    YEAR
 MAXIMUM TEMPERATURE (F)   71        90      1897
 MINIMUM TEMPERATURE (F)   48        32      1939
                                             1937


SUNRISE AND SUNSET
OCTOBER 15 2019.......SUNRISE   717 AM EDT   SUNSET   632 PM EDT
OCTOBER 16 2019.......SUNRISE   718 AM EDT   SUNSET   631 PM EDT


-  INDICATES NEGATIVE NUMBERS.
R  INDICATES RECORD WAS SET OR TIED.
MM INDICATES DATA IS MISSING.
T  INDICATES TRACE AMOUNT.




$$
