234
CDUS41 KAKQ 150531
CLIRIC


CLIMATE REPORT
NATIONAL WEATHER SERVICE WAKEFIELD, VA
131 AM EDT MON OCT 15 2018


...................................

...THE RICHMOND VA CLIMATE SUMMARY FOR OCTOBER 14 2018...

CLIMATE NORMAL PERIOD 1981 TO 2010
CLIMATE RECORD PERIOD 1871 TO 2018


WEATHER ITEM   OBSERVED TIME   RECORD YEAR NORMAL DEPARTURE LAST
                VALUE   (LST)  VALUE       VALUE  FROM      YEAR
                                                  NORMAL
..................................................................
TEMPERATURE (F)
 YESTERDAY
  MAXIMUM         64    206 PM  87    1975  71     -7       67
                                      1970
  MINIMUM         47   1250 AM  27    1988  49     -2       63
  AVERAGE         56                        60     -4       65

PRECIPITATION (IN)
  YESTERDAY        T             2.10 1977   0.09  -0.09      T
  MONTH TO DATE    3.69                      1.36   2.33     2.43
  SINCE SEP 1      8.22                      5.49   2.73     3.91
  SINCE JAN 1     52.28                     35.48  16.80    32.96

SNOWFALL (IN)
  YESTERDAY        0.0           0.0  2002   0.0    0.0
                                      2001
  MONTH TO DATE    0.0                       0.0    0.0
  SINCE NOV 1     12.4                      10.3    2.1
  SINCE JUL 1      0.0                       0.0    0.0
  SNOW DEPTH       0

DEGREE DAYS
 HEATING
  YESTERDAY        9                         6      3        0
  MONTH TO DATE   21                        63    -42       12
  SINCE SEP 1     21                        91    -70       24
  SINCE JUL 1     21                        92    -71       24

 COOLING
  YESTERDAY        0                         1     -1        0
  MONTH TO DATE  119                        27     92       75
  SINCE SEP 1    469                       224    245      277
  SINCE JAN 1   1994                      1531    463     1690
..................................................................


WIND (MPH)
  HIGHEST WIND SPEED     9   HIGHEST WIND DIRECTION     N (20)
  HIGHEST GUST SPEED    11   HIGHEST GUST DIRECTION     S (170)
  AVERAGE WIND SPEED     3.6


SKY COVER
  POSSIBLE SUNSHINE  MM
  AVERAGE SKY COVER 0.8


WEATHER CONDITIONS
 THE FOLLOWING WEATHER WAS RECORDED YESTERDAY.
  LIGHT RAIN


RELATIVE HUMIDITY (PERCENT)
 HIGHEST    93          1200 AM
 LOWEST     67           200 PM
 AVERAGE    80

..........................................................


THE RICHMOND VA CLIMATE NORMALS FOR TODAY
                         NORMAL    RECORD    YEAR
 MAXIMUM TEMPERATURE (F)   71        90      1985
 MINIMUM TEMPERATURE (F)   48        31      1934


SUNRISE AND SUNSET
OCTOBER 15 2018.......SUNRISE   717 AM EDT   SUNSET   632 PM EDT
OCTOBER 16 2018.......SUNRISE   718 AM EDT   SUNSET   631 PM EDT


-  INDICATES NEGATIVE NUMBERS.
R  INDICATES RECORD WAS SET OR TIED.
MM INDICATES DATA IS MISSING.
T  INDICATES TRACE AMOUNT.




$$
