000
CDUS41 KAKQ 212235
CLIRIC


CLIMATE REPORT
NATIONAL WEATHER SERVICE WAKEFIELD, VA
533 PM EST WED FEB 21 2018


...................................

...THE RICHMOND VA CLIMATE SUMMARY FOR FEBRUARY 21 2018...
VALID TODAY AS OF 0500 PM LOCAL TIME.

CLIMATE NORMAL PERIOD 1981 TO 2010
CLIMATE RECORD PERIOD 1871 TO 2018


WEATHER ITEM   OBSERVED TIME   RECORD YEAR NORMAL DEPARTURE LAST
                VALUE   (LST)  VALUE       VALUE  FROM      YEAR
                                                  NORMAL
..................................................................
TEMPERATURE (F)
 TODAY
  MAXIMUM         80R   227 PM  75    1930  53     27       59
  MINIMUM         61    241 AM   4    2015  31     30       39
  AVERAGE         71

PRECIPITATION (IN)
  TODAY            0.00          1.34 1954   0.10  -0.10     0.00
  MONTH TO DATE    2.01                      2.04  -0.03     0.52
  SINCE DEC 1      6.47                      8.34  -1.87     7.61
  SINCE JAN 1      5.42                      5.08   0.34     4.81

SNOWFALL (IN)
  TODAY            0.0
  MONTH TO DATE    0.0
  SINCE NOV 1      8.4
  SINCE JUL 1      8.4
  SNOW DEPTH       0

DEGREE DAYS
 HEATING
  TODAY            0                        23    -23       16
  MONTH TO DATE  402                       521   -119      372
  SINCE DEC 1   2076                      2106    -30     1824
  SINCE JUL 1   2688                      2782    -94     2414

 COOLING
  TODAY            6                         0      6        0
  MONTH TO DATE    6                         0      6        0
  SINCE DEC 1      6                         1      5        0
  SINCE JAN 1      6                         0      6        0
..................................................................


WIND (MPH)
  RESULTANT WIND SPEED  12   RESULTANT WIND DIRECTION  SW (210)
  HIGHEST WIND SPEED    23   HIGHEST WIND DIRECTION    SW (210)
  HIGHEST GUST SPEED    27   HIGHEST GUST DIRECTION    SW (210)


SKY COVER
  POSSIBLE SUNSHINE  MM
  AVERAGE SKY COVER 0.6


WEATHER CONDITIONS
 THE FOLLOWING WEATHER WAS RECORDED TODAY.
  NO SIGNIFICANT WEATHER WAS OBSERVED.


RELATIVE HUMIDITY (PERCENT)
 HIGHEST   100
 LOWEST     58
 AVERAGE    79

..........................................................


THE RICHMOND VA CLIMATE NORMALS FOR TOMORROW
                         NORMAL    RECORD    YEAR
 MAXIMUM TEMPERATURE (F)   53        73      1985
 MINIMUM TEMPERATURE (F)   32         6      1968


SUNRISE AND SUNSET
FEBRUARY 21 2018......SUNRISE   651 AM EST   SUNSET   555 PM EST
FEBRUARY 22 2018......SUNRISE   650 AM EST   SUNSET   556 PM EST


-  INDICATES NEGATIVE NUMBERS.
R  INDICATES RECORD WAS SET OR TIED.
MM INDICATES DATA IS MISSING.
T  INDICATES TRACE AMOUNT.




$$
