000
CDUS41 KAKQ 230645
CLIRIC


CLIMATE REPORT
NATIONAL WEATHER SERVICE WAKEFIELD, VA
145 AM EST WED JAN 23 2019


...................................

...THE RICHMOND VA CLIMATE SUMMARY FOR JANUARY 22 2019...

CLIMATE NORMAL PERIOD 1981 TO 2010
CLIMATE RECORD PERIOD 1871 TO 2019


WEATHER ITEM   OBSERVED TIME   RECORD YEAR NORMAL DEPARTURE LAST
                VALUE   (LST)  VALUE       VALUE  FROM      YEAR
                                                  NORMAL
..................................................................
TEMPERATURE (F)
 YESTERDAY
  MAXIMUM         36    315 PM  75    1906  48    -12       66
  MINIMUM         14    723 AM  -1    1970  28    -14       46
  AVERAGE         25                        38    -13       56

PRECIPITATION (IN)
  YESTERDAY        0.00          1.67 1954   0.10  -0.10     0.00
  MONTH TO DATE    1.82                      2.16  -0.34     1.44
  SINCE DEC 1      5.27                      5.42  -0.15     2.49
  SINCE JAN 1      1.82                      2.16  -0.34     1.44

SNOWFALL (IN)
  YESTERDAY        0.0           7.4  1987   0.2   -0.2
  MONTH TO DATE    1.5                       2.6   -1.1
  SINCE NOV 1     13.0                       4.9    8.1
  SINCE JUL 1     13.0                       4.9    8.1
  SNOW DEPTH       0

DEGREE DAYS
 HEATING
  YESTERDAY       40                        27     13        9
  MONTH TO DATE  542                       594    -52      705
  SINCE DEC 1   1233                      1337   -104     1480
  SINCE JUL 1   1961                      2013    -52     2092

 COOLING
  YESTERDAY        0                         0      0        0
  MONTH TO DATE    0                         0      0        0
  SINCE DEC 1      0                         1     -1        0
  SINCE JAN 1      0                         0      0        0
..................................................................


WIND (MPH)
  HIGHEST WIND SPEED    12   HIGHEST WIND DIRECTION     S (190)
  HIGHEST GUST SPEED    15   HIGHEST GUST DIRECTION     N (10)
  AVERAGE WIND SPEED     6.1


SKY COVER
  POSSIBLE SUNSHINE  MM
  AVERAGE SKY COVER 0.4


WEATHER CONDITIONS
 THE FOLLOWING WEATHER WAS RECORDED YESTERDAY.
  NO SIGNIFICANT WEATHER WAS OBSERVED.


RELATIVE HUMIDITY (PERCENT)
 HIGHEST    64           700 AM
 LOWEST     23           300 PM
 AVERAGE    44

..........................................................


THE RICHMOND VA CLIMATE NORMALS FOR TODAY
                         NORMAL    RECORD    YEAR
 MAXIMUM TEMPERATURE (F)   48        76      1974
 MINIMUM TEMPERATURE (F)   28         6      1936


SUNRISE AND SUNSET
JANUARY 23 2019.......SUNRISE   719 AM EST   SUNSET   523 PM EST
JANUARY 24 2019.......SUNRISE   719 AM EST   SUNSET   524 PM EST


-  INDICATES NEGATIVE NUMBERS.
R  INDICATES RECORD WAS SET OR TIED.
MM INDICATES DATA IS MISSING.
T  INDICATES TRACE AMOUNT.




$$
