000
CDUS45 KGJT 202325
CLIRIL


CLIMATE REPORT
NATIONAL WEATHER SERVICE GRAND JUNCTION CO
524 PM MDT SUN OCT 20 2019


...................................

...THE RIFLE CO CLIMATE SUMMARY FOR OCTOBER 20 2019...
VALID TODAY AS OF 0500 PM LOCAL TIME.

CLIMATE NORMAL PERIOD 1981 TO 2010
CLIMATE RECORD PERIOD 9999 TO 9999


WEATHER ITEM   OBSERVED TIME   RECORD YEAR NORMAL DEPARTURE LAST
                VALUE   (LST)  VALUE       VALUE  FROM      YEAR
                                                  NORMAL
..................................................................
TEMPERATURE (F)
 TODAY
  MAXIMUM         46    116 PM  MM      MM  63    -17       69
  MINIMUM         32    649 AM  MM      MM  32      0       32
  AVERAGE         39                        47     -8       51

PRECIPITATION (IN)
  TODAY            T            MM      MM   0.07  -0.07     0.00
  MONTH TO DATE    0.07                      1.21  -1.14     2.58
  SINCE SEP 1      0.87                      2.71  -1.84     2.63
  SINCE JAN 1     11.69                     11.68   0.01     8.63

SNOWFALL (IN)
  TODAY           MM            MM      MM  MM     MM       MM
  MONTH TO DATE   MM                        MM     MM       MM
  SINCE SEP 1     MM                        MM     MM       MM
  SINCE JUL 1     MM                        MM     MM       MM
  SNOW DEPTH      MM

DEGREE DAYS
 HEATING
  TODAY           26                        18      8       14
  MONTH TO DATE  347                       276     71      322
  SINCE SEP 1    420                       415      5      356
  SINCE JUL 1    420                       422     -2      356

 COOLING
  TODAY            0                         0      0        0
  MONTH TO DATE    0                         0      0        0
  SINCE SEP 1     86                        25     61       85
  SINCE JAN 1    695                       541    154      923
..................................................................


WIND (MPH)
  HIGHEST WIND SPEED    24   HIGHEST WIND DIRECTION    NW (300)
  HIGHEST GUST SPEED    34   HIGHEST GUST DIRECTION     N (360)
  AVERAGE WIND SPEED     9.1


SKY COVER
  POSSIBLE SUNSHINE  MM
  AVERAGE SKY COVER 0.6


WEATHER CONDITIONS
 THE FOLLOWING WEATHER WAS RECORDED TODAY.
  LIGHT RAIN


RELATIVE HUMIDITY (PERCENT)
 HIGHEST    60           200 AM
 LOWEST     25           100 PM
 AVERAGE    43

..........................................................


THE RIFLE CO CLIMATE NORMALS FOR TOMORROW
                         NORMAL    RECORD    YEAR
 MAXIMUM TEMPERATURE (F)   62        MM        MM
 MINIMUM TEMPERATURE (F)   32        MM        MM


SUNRISE AND SUNSET
OCTOBER 20 2019.......SUNRISE   726 AM MDT   SUNSET   625 PM MDT
OCTOBER 21 2019.......SUNRISE   727 AM MDT   SUNSET   623 PM MDT


-  INDICATES NEGATIVE NUMBERS.
R  INDICATES RECORD WAS SET OR TIED.
MM INDICATES DATA IS MISSING.
T  INDICATES TRACE AMOUNT.




$$
