294
CDUS45 KGJT 240736
CLIRIL


CLIMATE REPORT
NATIONAL WEATHER SERVICE GRAND JUNCTION CO
134 AM MDT MON SEP 24 2018


...................................

...THE RIFLE CO CLIMATE SUMMARY FOR SEPTEMBER 23 2018...

CLIMATE NORMAL PERIOD 1981 TO 2010
CLIMATE RECORD PERIOD 9999 TO 9999


WEATHER ITEM   OBSERVED TIME   RECORD YEAR NORMAL DEPARTURE LAST
                VALUE   (LST)  VALUE       VALUE  FROM      YEAR
                                                  NORMAL
..................................................................
TEMPERATURE (F)
 YESTERDAY
  MAXIMUM         84    245 PM  MM      MM  75      9       64
  MINIMUM         45    523 AM  MM      MM  42      3       43
  AVERAGE         65                        58      7       54

PRECIPITATION (IN)
  YESTERDAY        0.00         MM      MM   0.05  -0.05     0.57
  MONTH TO DATE    0.05                      1.17  -1.12     0.96
  SINCE SEP 1      0.05                      1.17  -1.12     0.96
  SINCE JAN 1      6.05                     10.14  -4.09     4.76

SNOWFALL (IN)
  YESTERDAY       MM            MM      MM  MM     MM       MM
  MONTH TO DATE   MM                        MM     MM       MM
  SINCE SEP 1     MM                        MM     MM       MM
  SINCE JUL 1     MM                        MM     MM       MM
  SNOW DEPTH      MM

DEGREE DAYS
 HEATING
  YESTERDAY        0                         7     -7       11
  MONTH TO DATE    6                        80    -74       35
  SINCE SEP 1      6                        80    -74       35
  SINCE JUL 1      6                        87    -81       35

 COOLING
  YESTERDAY        0                         0      0        0
  MONTH TO DATE   82                        22     60      102
  SINCE SEP 1     82                        22     60      102
  SINCE JAN 1    920                       538    382      872
..................................................................


WIND (MPH)
  HIGHEST WIND SPEED    26   HIGHEST WIND DIRECTION     W (270)
  HIGHEST GUST SPEED    36   HIGHEST GUST DIRECTION     W (260)
  AVERAGE WIND SPEED     6.1


SKY COVER
  POSSIBLE SUNSHINE  MM
  AVERAGE SKY COVER 0.1


WEATHER CONDITIONS
 THE FOLLOWING WEATHER WAS RECORDED YESTERDAY.
  NO SIGNIFICANT WEATHER WAS OBSERVED.


RELATIVE HUMIDITY (PERCENT)
 HIGHEST    49           300 AM
 LOWEST     16           100 PM
 AVERAGE    33

..........................................................


THE RIFLE CO CLIMATE NORMALS FOR TODAY
                         NORMAL    RECORD    YEAR
 MAXIMUM TEMPERATURE (F)   74        MM        MM
 MINIMUM TEMPERATURE (F)   42        MM        MM


SUNRISE AND SUNSET
SEPTEMBER 24 2018.....SUNRISE   700 AM MDT   SUNSET   704 PM MDT
SEPTEMBER 25 2018.....SUNRISE   701 AM MDT   SUNSET   703 PM MDT


-  INDICATES NEGATIVE NUMBERS.
R  INDICATES RECORD WAS SET OR TIED.
MM INDICATES DATA IS MISSING.
T  INDICATES TRACE AMOUNT.




$$
