000
CDUS45 KRIW 230735
CLIRIW


CLIMATE REPORT
NATIONAL WEATHER SERVICE RIVERTON WY
1233 AM MST WED JAN 23 2019


...................................

...THE RIVERTON WY CLIMATE SUMMARY FOR JANUARY 22 2019...

CLIMATE NORMAL PERIOD 1981 TO 2010
CLIMATE RECORD PERIOD 1995 TO 2019


WEATHER ITEM   OBSERVED TIME   RECORD YEAR NORMAL DEPARTURE LAST
                VALUE   (LST)  VALUE       VALUE  FROM      YEAR
                                                  NORMAL
..................................................................
TEMPERATURE (F)
 YESTERDAY
  MAXIMUM         27    238 PM  49    2009  31     -4       16
  MINIMUM         12    606 AM -25    2008   9      3       -5
  AVERAGE         20                        20      0        6

PRECIPITATION (IN)
  YESTERDAY        T             0.17 2010   0.00   0.00     0.00
  MONTH TO DATE    0.08                      0.17  -0.09     0.38
  SINCE DEC 1      0.25                      0.49  -0.24     1.02
  SINCE JAN 1      0.08                      0.17  -0.09     0.38

SNOWFALL (IN)
  YESTERDAY        T                                         0.0
  MONTH TO DATE    1.5                                       5.7
  SINCE DEC 1      4.5                                      17.3
  SINCE JUL 1     17.6                                      24.6
  SNOW DEPTH       1

DEGREE DAYS
 HEATING
  YESTERDAY       45                        45      0       59
  MONTH TO DATE 1083                       996     87      989
  SINCE DEC 1   2524                      2397    127     2276
  SINCE JUL 1   4473                      4313    160     4110

 COOLING
  YESTERDAY        0                         0      0        0
  MONTH TO DATE    0                         0      0        0
  SINCE DEC 1      0                         0      0        0
  SINCE JAN 1      0                         0      0        0
..................................................................


WIND (MPH)
  HIGHEST WIND SPEED    20   HIGHEST WIND DIRECTION    NW (310)
  HIGHEST GUST SPEED    23   HIGHEST GUST DIRECTION     N (20)
  AVERAGE WIND SPEED     9.1


SKY COVER
  POSSIBLE SUNSHINE  MM
  AVERAGE SKY COVER 0.3


WEATHER CONDITIONS
 THE FOLLOWING WEATHER WAS RECORDED YESTERDAY.
  LIGHT SNOW


RELATIVE HUMIDITY (PERCENT)
 HIGHEST    80           800 AM
 LOWEST     52           900 PM
 AVERAGE    66

..........................................................


THE RIVERTON WY CLIMATE NORMALS FOR TODAY
                         NORMAL    RECORD    YEAR
 MAXIMUM TEMPERATURE (F)   31        45      2004
 MINIMUM TEMPERATURE (F)    9       -10      2008


SUNRISE AND SUNSET
JANUARY 23 2019.......SUNRISE   737 AM MST   SUNSET   514 PM MST
JANUARY 24 2019.......SUNRISE   737 AM MST   SUNSET   516 PM MST


-  INDICATES NEGATIVE NUMBERS.
R  INDICATES RECORD WAS SET OR TIED.
MM INDICATES DATA IS MISSING.
T  INDICATES TRACE AMOUNT.




$$
