654
CDUS45 KRIW 160031
CLIRIW


CLIMATE REPORT
NATIONAL WEATHER SERVICE RIVERTON WY
631 PM MDT WED AUG 15 2018


...................................

...THE RIVERTON WY CLIMATE SUMMARY FOR AUGUST 15 2018...
VALID TODAY AS OF 0500 PM LOCAL TIME.

CLIMATE NORMAL PERIOD 1981 TO 2010
CLIMATE RECORD PERIOD 1995 TO 2018


WEATHER ITEM   OBSERVED TIME   RECORD YEAR NORMAL DEPARTURE LAST
                VALUE   (LST)  VALUE       VALUE  FROM      YEAR
                                                  NORMAL
..................................................................
TEMPERATURE (F)
 TODAY
  MAXIMUM         86        MM  95    2015  86      0       71
                                      2003
  MINIMUM         50        MM  45    2009  55     -5       51
  AVERAGE         68                        70     -2       61

PRECIPITATION (IN)
  TODAY            0.00          0.69 2009   0.02  -0.02     0.13
  MONTH TO DATE    T                         0.27  -0.27     0.92
  SINCE JUN 1      1.67                      2.44  -0.77     1.27
  SINCE JAN 1      7.67                      6.52   1.15    11.43

SNOWFALL (IN)
  TODAY            0.0                                       0.0
  MONTH TO DATE    0.0                                       0.0
  SINCE JUN 1      T                                         0.0
  SINCE JUL 1      0.0                                       0.0
  SNOW DEPTH       0

DEGREE DAYS
 HEATING
  TODAY            0                         1     -1        4
  MONTH TO DATE    0                         5     -5        6
  SINCE JUN 1     83                       136    -53       75
  SINCE JUL 1      1                        17    -16        6

 COOLING
  TODAY            3                         6     -3        0
  MONTH TO DATE  119                       108     11       42
  SINCE JUN 1    437                       394     43      389
  SINCE JAN 1    441                       403     38      389
..................................................................


WIND (MPH)
  HIGHEST WIND SPEED    10   HIGHEST WIND DIRECTION    NE (30)
  HIGHEST GUST SPEED    MM   HIGHEST GUST DIRECTION    MM
  AVERAGE WIND SPEED     5.3


SKY COVER
  POSSIBLE SUNSHINE  MM
  AVERAGE SKY COVER 0.0


WEATHER CONDITIONS
 THE FOLLOWING WEATHER WAS RECORDED TODAY.
  NO SIGNIFICANT WEATHER WAS OBSERVED.


RELATIVE HUMIDITY (PERCENT)
 HIGHEST    89           400 AM
 LOWEST     16           400 PM
 AVERAGE    53

..........................................................


THE RIVERTON WY CLIMATE NORMALS FOR TOMORROW
                         NORMAL    RECORD    YEAR
 MAXIMUM TEMPERATURE (F)   86        95      2002
 MINIMUM TEMPERATURE (F)   55        43      2009


SUNRISE AND SUNSET
AUGUST 15 2018........SUNRISE   620 AM MDT   SUNSET   816 PM MDT
AUGUST 16 2018........SUNRISE   621 AM MDT   SUNSET   814 PM MDT


-  INDICATES NEGATIVE NUMBERS.
R  INDICATES RECORD WAS SET OR TIED.
MM INDICATES DATA IS MISSING.
T  INDICATES TRACE AMOUNT.




$$
