000
CDUS45 KRIW 210040
CLIRIW


CLIMATE REPORT
NATIONAL WEATHER SERVICE RIVERTON WY
639 PM MDT SAT OCT 20 2018


...................................

...THE RIVERTON WY CLIMATE SUMMARY FOR OCTOBER 20 2018...
VALID TODAY AS OF 0500 PM LOCAL TIME.

CLIMATE NORMAL PERIOD 1981 TO 2010
CLIMATE RECORD PERIOD 1995 TO 2018


WEATHER ITEM   OBSERVED TIME   RECORD YEAR NORMAL DEPARTURE LAST
                VALUE   (LST)  VALUE       VALUE  FROM      YEAR
                                                  NORMAL
..................................................................
TEMPERATURE (F)
 TODAY
  MAXIMUM         64        MM  76    2003  56      8       70
  MINIMUM         32        MM  20    1995  31      1       36
  AVERAGE         48                        44      4       53

PRECIPITATION (IN)
  TODAY            0.00          0.20 2006   0.01  -0.01     0.00
  MONTH TO DATE    0.44                      0.76  -0.32     0.57
  SINCE SEP 1      0.53                      1.66  -1.13     2.30
  SINCE JAN 1      8.35                      8.48  -0.13    13.75

SNOWFALL (IN)
  TODAY            0.0                                       0.0
  MONTH TO DATE    3.8                                       2.4
  SINCE SEP 1      3.8                                       2.4
  SINCE JUL 1      3.8                                       2.4
  SNOW DEPTH       0

DEGREE DAYS
 HEATING
  TODAY           17                        21     -4       12
  MONTH TO DATE  466                       351    115      403
  SINCE SEP 1    616                       577     39      687
  SINCE JUL 1    646                       615     31      694

 COOLING
  TODAY            0                         0      0        0
  MONTH TO DATE    0                         0      0        0
  SINCE SEP 1     40                        26     14       67
  SINCE JAN 1    524                       494     30      547
..................................................................


WIND (MPH)
  HIGHEST WIND SPEED    12   HIGHEST WIND DIRECTION    NW (320)
  HIGHEST GUST SPEED    MM   HIGHEST GUST DIRECTION    MM
  AVERAGE WIND SPEED     5.6


SKY COVER
  POSSIBLE SUNSHINE  MM
  AVERAGE SKY COVER 0.0


WEATHER CONDITIONS
 THE FOLLOWING WEATHER WAS RECORDED TODAY.
  NO SIGNIFICANT WEATHER WAS OBSERVED.


RELATIVE HUMIDITY (PERCENT)
 HIGHEST    75           400 AM
 LOWEST     27           300 PM
 AVERAGE    51

..........................................................


THE RIVERTON WY CLIMATE NORMALS FOR TOMORROW
                         NORMAL    RECORD    YEAR
 MAXIMUM TEMPERATURE (F)   56        78      2003
 MINIMUM TEMPERATURE (F)   31        15      1996


SUNRISE AND SUNSET
OCTOBER 20 2018.......SUNRISE   734 AM MDT   SUNSET   623 PM MDT
OCTOBER 21 2018.......SUNRISE   735 AM MDT   SUNSET   621 PM MDT


-  INDICATES NEGATIVE NUMBERS.
R  INDICATES RECORD WAS SET OR TIED.
MM INDICATES DATA IS MISSING.
T  INDICATES TRACE AMOUNT.




$$
