044
CDUS45 KRIW 220734
CLIRIW


CLIMATE REPORT
NATIONAL WEATHER SERVICE RIVERTON WY
133 AM MDT TUE MAY 22 2018


...................................

...THE RIVERTON WY CLIMATE SUMMARY FOR MAY 21 2018...

CLIMATE NORMAL PERIOD 1981 TO 2010
CLIMATE RECORD PERIOD 1995 TO 2018


WEATHER ITEM   OBSERVED TIME   RECORD YEAR NORMAL DEPARTURE LAST
                VALUE   (LST)  VALUE       VALUE  FROM      YEAR
                                                  NORMAL
..................................................................
TEMPERATURE (F)
 YESTERDAY
  MAXIMUM         75    402 PM  86    2006  69      6       59
  MINIMUM         45    500 AM  28    2001  42      3       43
  AVERAGE         60                        56      4       51

PRECIPITATION (IN)
  YESTERDAY        T             0.18 2015   0.06  -0.06     0.03
  MONTH TO DATE    1.87                      1.22   0.65     1.27
  SINCE MAR 1      3.86                      3.07   0.79     8.17
  SINCE JAN 1      5.02                      3.58   1.44    10.03

SNOWFALL (IN)
  YESTERDAY        0.0                                       0.0
  MONTH TO DATE    0.0                                       4.2
  SINCE MAR 1     11.7                                      18.7
  SINCE JUL 1     48.3                                      66.4
  SNOW DEPTH       0

DEGREE DAYS
 HEATING
  YESTERDAY        5                        10     -5       14
  MONTH TO DATE  230                       269    -39      267
  SINCE MAR 1   1765                      1811    -46     1598
  SINCE JUL 1   7561                      7665   -104     7472

 COOLING
  YESTERDAY        0                         0      0        0
  MONTH TO DATE    0                         0      0        0
  SINCE MAR 1      0                         0      0        0
  SINCE JAN 1      0                         0      0        0
..................................................................


WIND (MPH)
  HIGHEST WIND SPEED    29   HIGHEST WIND DIRECTION    NW (330)
  HIGHEST GUST SPEED    33   HIGHEST GUST DIRECTION     N (360)
  AVERAGE WIND SPEED     8.3


SKY COVER
  POSSIBLE SUNSHINE  MM
  AVERAGE SKY COVER 0.1


WEATHER CONDITIONS
 THE FOLLOWING WEATHER WAS RECORDED YESTERDAY.
  THUNDERSTORM
  LIGHT RAIN


RELATIVE HUMIDITY (PERCENT)
 HIGHEST   100           500 AM
 LOWEST     31           300 PM
 AVERAGE    66

..........................................................


THE RIVERTON WY CLIMATE NORMALS FOR TODAY
                         NORMAL    RECORD    YEAR
 MAXIMUM TEMPERATURE (F)   69        82      2000
 MINIMUM TEMPERATURE (F)   42        33      2008


SUNRISE AND SUNSET
MAY 22 2018...........SUNRISE   544 AM MDT   SUNSET   838 PM MDT
MAY 23 2018...........SUNRISE   543 AM MDT   SUNSET   839 PM MDT


-  INDICATES NEGATIVE NUMBERS.
R  INDICATES RECORD WAS SET OR TIED.
MM INDICATES DATA IS MISSING.
T  INDICATES TRACE AMOUNT.




$$
