000
CDUS45 KRIW 240031
CLIRIW


CLIMATE REPORT
NATIONAL WEATHER SERVICE RIVERTON WY
630 PM MDT WED OCT 23 2019


...................................

...THE RIVERTON WY CLIMATE SUMMARY FOR OCTOBER 23 2019...
VALID TODAY AS OF 0500 PM LOCAL TIME.

CLIMATE NORMAL PERIOD 1981 TO 2010
CLIMATE RECORD PERIOD 1995 TO 2019


WEATHER ITEM   OBSERVED TIME   RECORD YEAR NORMAL DEPARTURE LAST
                VALUE   (LST)  VALUE       VALUE  FROM      YEAR
                                                  NORMAL
..................................................................
TEMPERATURE (F)
 TODAY
  MAXIMUM         43        MM  73    2003  55    -12       64
  MINIMUM         31        MM  15    1995  30      1       33
  AVERAGE         37                        42     -5       49

PRECIPITATION (IN)
  TODAY            0.00          0.06 2012   0.02  -0.02     0.00
  MONTH TO DATE    0.16                      0.81  -0.65     0.44
  SINCE SEP 1      1.96                      1.71   0.25     0.53
  SINCE JAN 1      9.90                      8.53   1.37     8.35

SNOWFALL (IN)
  TODAY            0.0                                       0.0
  MONTH TO DATE    0.2                                       3.8
  SINCE SEP 1      0.2                                       3.8
  SINCE JUL 1      0.2                                       3.8
  SNOW DEPTH       0

DEGREE DAYS
 HEATING
  TODAY           28                        23      5       16
  MONTH TO DATE  529                       418    111      515
  SINCE SEP 1    725                       644     81      665
  SINCE JUL 1    733                       682     51      695

 COOLING
  TODAY            0                         0      0        0
  MONTH TO DATE    0                         0      0        0
  SINCE SEP 1     64                        26     38       40
  SINCE JAN 1    518                       494     24      524
..................................................................


WIND (MPH)
  HIGHEST WIND SPEED    24   HIGHEST WIND DIRECTION     N (20)
  HIGHEST GUST SPEED    39   HIGHEST GUST DIRECTION    NW (320)
  AVERAGE WIND SPEED    14.7


SKY COVER
  POSSIBLE SUNSHINE  MM
  AVERAGE SKY COVER 0.3


WEATHER CONDITIONS
 THE FOLLOWING WEATHER WAS RECORDED TODAY.
  NO SIGNIFICANT WEATHER WAS OBSERVED.


RELATIVE HUMIDITY (PERCENT)
 HIGHEST    92           300 AM
 LOWEST     48           600 AM
 AVERAGE    70

..........................................................


THE RIVERTON WY CLIMATE NORMALS FOR TOMORROW
                         NORMAL    RECORD    YEAR
 MAXIMUM TEMPERATURE (F)   54        74      2014
 MINIMUM TEMPERATURE (F)   30        19      1995


SUNRISE AND SUNSET
OCTOBER 23 2019.......SUNRISE   737 AM MDT   SUNSET   619 PM MDT
OCTOBER 24 2019.......SUNRISE   738 AM MDT   SUNSET   617 PM MDT


-  INDICATES NEGATIVE NUMBERS.
R  INDICATES RECORD WAS SET OR TIED.
MM INDICATES DATA IS MISSING.
T  INDICATES TRACE AMOUNT.




$$
