000
CDUS45 KRIW 300728
CLIRIW

CLIMATE REPORT
NATIONAL WEATHER SERVICE RIVERTON WY
128 AM MDT FRI OCT 30 2020

...................................

...THE RIVERTON WY CLIMATE SUMMARY FOR OCTOBER 29 2020...

CLIMATE NORMAL PERIOD: 1981 TO 2010
CLIMATE RECORD PERIOD: 1995 TO 2020


WEATHER ITEM   OBSERVED TIME   RECORD YEAR NORMAL DEPARTURE LAST
                VALUE   (LST)  VALUE       VALUE  FROM      YEAR
                                                  NORMAL
...................................................................
TEMPERATURE (F)
 YESTERDAY
  MAXIMUM         64   3:35 PM  66    2012  51     13       14
  MINIMUM         26   6:21 AM  -6    2019  28     -2       -6
  AVERAGE         45                        40      5        4

PRECIPITATION (IN)
  YESTERDAY        0.00          0.07        0.01  -0.01     0.04
  MONTH TO DATE    0.23                      0.87  -0.64     0.27
  SINCE SEP 1      0.66                      1.77  -1.11     2.07
  SINCE JAN 1      4.26                      8.59  -4.33    10.01

SNOWFALL (IN)
  YESTERDAY        0.0                                       0.1
  MONTH TO DATE    3.8                                       1.6
  SINCE SEP 1      7.3                                       1.6
  SINCE JUL 1      7.3                                       1.6
  SNOW DEPTH       0

DEGREE DAYS
 HEATING
  YESTERDAY       20                        25     -5       61
  MONTH TO DATE  629                       563     66      775
  SINCE SEP 1    829                       789     40      971
  SINCE JUL 1    850                       827     23      979

 COOLING
  YESTERDAY        0                         0      0        0
  MONTH TO DATE    0                         0      0        0
  SINCE SEP 1     39                        26     13       64
  SINCE JAN 1    644                       494    150      518
...................................................................


WIND (MPH)
  HIGHEST WIND SPEED    21   HIGHEST WIND DIRECTION    NW (300)
  HIGHEST GUST SPEED    31   HIGHEST GUST DIRECTION    NW (310)
  AVERAGE WIND SPEED     8.1


SKY COVER
  POSSIBLE SUNSHINE  MM
  AVERAGE SKY COVER 0.0


WEATHER CONDITIONS
THE FOLLOWING WEATHER WAS RECORDED YESTERDAY.
  NO SIGNIFICANT WEATHER WAS OBSERVED.


RELATIVE HUMIDITY (PERCENT)
 HIGHEST    89           8:00 AM
 LOWEST     27           3:00 PM
 AVERAGE    58

..........................................................


THE RIVERTON WY CLIMATE NORMALS FOR TODAY
                         NORMAL    RECORD    YEAR
 MAXIMUM TEMPERATURE (F)   51        65      2008
 MINIMUM TEMPERATURE (F)   27        -9      2019


SUNRISE AND SUNSET
OCTOBER 30 2020.......SUNRISE   7:47 AM MDT   SUNSET   6:08 PM MDT
OCTOBER 31 2020.......SUNRISE   7:48 AM MDT   SUNSET   6:06 PM MDT


-  INDICATES NEGATIVE NUMBERS.
R  INDICATES RECORD WAS SET OR TIED.
MM INDICATES DATA IS MISSING.
T  INDICATES TRACE AMOUNT.




$$
