000
CDUS45 KRIW 230735
CLIRKS


CLIMATE REPORT
NATIONAL WEATHER SERVICE RIVERTON WY
1233 AM MST WED JAN 23 2019


...................................

...THE ROCK SPRINGS WY CLIMATE SUMMARY FOR JANUARY 22 2019...

CLIMATE NORMAL PERIOD 1981 TO 2010
CLIMATE RECORD PERIOD 1948 TO 2019


WEATHER ITEM   OBSERVED TIME   RECORD YEAR NORMAL DEPARTURE LAST
                VALUE   (LST)  VALUE       VALUE  FROM      YEAR
                                                  NORMAL
..................................................................
TEMPERATURE (F)
 YESTERDAY
  MAXIMUM         19    137 AM  47    1981  30    -11       21
  MINIMUM         12   1148 PM -23    1962  12      0        6
  AVERAGE         16                        21     -5       14

PRECIPITATION (IN)
  YESTERDAY        T             0.14 1964   0.01  -0.01      T
  MONTH TO DATE    0.24                      0.31  -0.07     0.08
  SINCE DEC 1      0.36                      0.81  -0.45     0.19
  SINCE JAN 1      0.24                      0.31  -0.07     0.08

DEGREE DAYS
 HEATING
  YESTERDAY       49                        44      5       51
  MONTH TO DATE 1038                       963     75      821
  SINCE DEC 1   2493                      2322    171     1948
  SINCE JUL 1   4407                      4315     92     3828

 COOLING
  YESTERDAY        0                         0      0        0
  MONTH TO DATE    0                         0      0        0
  SINCE DEC 1      0                         0      0        0
  SINCE JAN 1      0                         0      0        0
..................................................................


WIND (MPH)
  HIGHEST WIND SPEED    40   HIGHEST WIND DIRECTION     W (270)
  HIGHEST GUST SPEED    47   HIGHEST GUST DIRECTION     W (270)
  AVERAGE WIND SPEED    19.3


SKY COVER
  POSSIBLE SUNSHINE  MM
  AVERAGE SKY COVER 0.6


WEATHER CONDITIONS
 THE FOLLOWING WEATHER WAS RECORDED YESTERDAY.
  LIGHT SNOW
  FOG
  HAZE


RELATIVE HUMIDITY (PERCENT)
 HIGHEST    92          1000 AM
 LOWEST     70          1000 PM
 AVERAGE    81

..........................................................


THE ROCK SPRINGS WY CLIMATE NORMALS FOR TODAY
                         NORMAL    RECORD    YEAR
 MAXIMUM TEMPERATURE (F)   30        53      1970
 MINIMUM TEMPERATURE (F)   12       -21      1962


SUNRISE AND SUNSET
JANUARY 23 2019.......SUNRISE   736 AM MST   SUNSET   521 PM MST
JANUARY 24 2019.......SUNRISE   735 AM MST   SUNSET   522 PM MST


-  INDICATES NEGATIVE NUMBERS.
R  INDICATES RECORD WAS SET OR TIED.
MM INDICATES DATA IS MISSING.
T  INDICATES TRACE AMOUNT.




$$
