000
CDUS45 KRIW 310727
CLIRKS

CLIMATE REPORT
NATIONAL WEATHER SERVICE RIVERTON WY
127 AM MDT SAT OCT 31 2020

...................................

...THE ROCK SPRINGS WY CLIMATE SUMMARY FOR OCTOBER 30 2020...

CLIMATE NORMAL PERIOD: 1981 TO 2010
CLIMATE RECORD PERIOD: 1948 TO 2020


WEATHER ITEM   OBSERVED TIME   RECORD YEAR NORMAL DEPARTURE LAST
                VALUE   (LST)  VALUE       VALUE  FROM      YEAR
                                                  NORMAL
...................................................................
TEMPERATURE (F)
 YESTERDAY
  MAXIMUM         57   4:06 PM  65    1968  50      7       20
  MINIMUM         30   5:20 AM  -8    2019  28      2       -8
  AVERAGE         44                        39      5

PRECIPITATION (IN)
  YESTERDAY        0.00          0.29 1992   0.02  -0.02     0.00
  MONTH TO DATE    0.07                      0.84  -0.77     0.12
  SINCE SEP 1      0.49                      1.76  -1.27     0.72
  SINCE JAN 1      2.88                      7.54  -4.66     3.82

DEGREE DAYS
 HEATING
  YESTERDAY       21                        26     -5       59
  MONTH TO DATE  599                       613    -14      845
  SINCE SEP 1    857                       877    -20     1075
  SINCE JUL 1    878                       941    -63     1093

 COOLING
  YESTERDAY        0                         0      0        0
  MONTH TO DATE    0                         0      0        0
  SINCE SEP 1     26                         9     17       33
  SINCE JAN 1    457                       286    171      334
...................................................................


WIND (MPH)
  HIGHEST WIND SPEED    24   HIGHEST WIND DIRECTION     W (250)
  HIGHEST GUST SPEED    30   HIGHEST GUST DIRECTION     W (250)
  AVERAGE WIND SPEED    10.1


SKY COVER
  POSSIBLE SUNSHINE  MM
  AVERAGE SKY COVER 0.0


WEATHER CONDITIONS
THE FOLLOWING WEATHER WAS RECORDED YESTERDAY.
  NO SIGNIFICANT WEATHER WAS OBSERVED.


RELATIVE HUMIDITY (PERCENT)
 HIGHEST    72           5:00 AM
 LOWEST     22           4:00 PM
 AVERAGE    47

..........................................................


THE ROCK SPRINGS WY CLIMATE NORMALS FOR TODAY
                         NORMAL    RECORD    YEAR
 MAXIMUM TEMPERATURE (F)   49        68      2008
 MINIMUM TEMPERATURE (F)   28         4      1972


SUNRISE AND SUNSET
OCTOBER 31 2020.......SUNRISE   7:48 AM MDT   SUNSET   6:11 PM MDT
NOVEMBER  1 2020......SUNRISE   6:49 AM MST   SUNSET   5:10 PM MST


-  INDICATES NEGATIVE NUMBERS.
R  INDICATES RECORD WAS SET OR TIED.
MM INDICATES DATA IS MISSING.
T  INDICATES TRACE AMOUNT.




$$
