000
CDUS45 KRIW 040735
CLIRKS


CLIMATE REPORT
NATIONAL WEATHER SERVICE RIVERTON WY
134 AM MDT THU JUN 4 2020


...................................

...THE ROCK SPRINGS WY CLIMATE SUMMARY FOR JUNE 3 2020...

CLIMATE NORMAL PERIOD 1981 TO 2010
CLIMATE RECORD PERIOD 1948 TO 2020


WEATHER ITEM   OBSERVED TIME   RECORD YEAR NORMAL DEPARTURE LAST
                VALUE   (LST)  VALUE       VALUE  FROM      YEAR
                                                  NORMAL
..................................................................
TEMPERATURE (F)
 YESTERDAY
  MAXIMUM         81    358 PM  87    2012  70     11       68
                                      1977
  MINIMUM         51    523 AM  26    1951  43      8       41
  AVERAGE         66                        56     10       55

PRECIPITATION (IN)
  YESTERDAY        0.00          0.48 1993   0.03  -0.03      T
  MONTH TO DATE    0.00                      0.10  -0.10      T
  SINCE JUN 1      0.00                      0.10  -0.10      T
  SINCE JAN 1      1.17                      3.83  -2.66     2.38

DEGREE DAYS
 HEATING
  YESTERDAY        0                         9     -9       10
  MONTH TO DATE    1                        28    -27       26
  SINCE JUN 1      1                        28    -27       26
  SINCE JUL 1   8215                      8003    212     8594

 COOLING
  YESTERDAY        1                         0      1        0
  MONTH TO DATE    7                         0      7        0
  SINCE JUN 1      7                         0      7        0
  SINCE JAN 1     14                         1     13        0
..................................................................


WIND (MPH)
  HIGHEST WIND SPEED    37   HIGHEST WIND DIRECTION    NW (310)
  HIGHEST GUST SPEED    50   HIGHEST GUST DIRECTION    NW (310)
  AVERAGE WIND SPEED    12.8


SKY COVER
  POSSIBLE SUNSHINE  MM
  AVERAGE SKY COVER 0.1


WEATHER CONDITIONS
 THE FOLLOWING WEATHER WAS RECORDED YESTERDAY.
  NO SIGNIFICANT WEATHER WAS OBSERVED.


RELATIVE HUMIDITY (PERCENT)
 HIGHEST    46           500 AM
 LOWEST     13           300 PM
 AVERAGE    30

..........................................................


THE ROCK SPRINGS WY CLIMATE NORMALS FOR TODAY
                         NORMAL    RECORD    YEAR
 MAXIMUM TEMPERATURE (F)   70        92      2012
 MINIMUM TEMPERATURE (F)   43        31      2001
                                             1998


SUNRISE AND SUNSET
JUNE  4 2020..........SUNRISE   543 AM MDT   SUNSET   847 PM MDT
JUNE  5 2020..........SUNRISE   543 AM MDT   SUNSET   847 PM MDT


-  INDICATES NEGATIVE NUMBERS.
R  INDICATES RECORD WAS SET OR TIED.
MM INDICATES DATA IS MISSING.
T  INDICATES TRACE AMOUNT.




$$
