000
CDUS42 KFFC 122050
CLIRMG

CLIMATE REPORT
NATIONAL WEATHER SERVICE PEACHTREE CITY GA
450 PM EDT WED AUG 12 2020

...................................

...THE ROME  CLIMATE SUMMARY FOR AUGUST 12 2020...
VALID TODAY AS OF 0400 PM LOCAL TIME.

CLIMATE NORMAL PERIOD: 1981 TO 2010
CLIMATE RECORD PERIOD: 9999 TO 9999


WEATHER ITEM   OBSERVED TIME   RECORD YEAR NORMAL DEPARTURE LAST
                VALUE   (LST)  VALUE       VALUE  FROM      YEAR
                                                  NORMAL
...................................................................
TEMPERATURE (F)
 TODAY
  MAXIMUM         98   2:01 PM  MM      MM  90      8       96
  MINIMUM         73   6:31 AM  MM      MM  68      5       72
  AVERAGE         86                        79      7       84

PRECIPITATION (IN)
  TODAY            0.00         MM      MM   0.14  -0.14     0.04
  MONTH TO DATE    0.98                      1.64  -0.66     2.64
  SINCE JUN 1      6.86                     10.06  -3.20    10.43
  SINCE JAN 1     38.69                     32.93   5.76    39.40

DEGREE DAYS
 COOLING
  TODAY           21                        14      7       19
  MONTH TO DATE  205                       173     32      202
  SINCE JUN 1   1109                       949    160     1096
  SINCE JAN 1   1312                      1117    195     1470
...................................................................


WIND (MPH)
  RESULTANT WIND SPEED   1   RESULTANT WIND DIRECTION  NE (50)
  HIGHEST WIND SPEED    20   HIGHEST WIND DIRECTION     S (170)
  HIGHEST GUST SPEED    33   HIGHEST GUST DIRECTION    SE (150)
  AVERAGE WIND SPEED     2.2


SKY COVER
  AVERAGE SKY COVER 0.1


WEATHER CONDITIONS
THE FOLLOWING WEATHER WAS RECORDED TODAY.
  THUNDERSTORM


RELATIVE HUMIDITY (PERCENT)
 HIGHEST    91           1:00 AM
 LOWEST     43           2:00 PM
 AVERAGE    67

..........................................................


THE ROME  CLIMATE NORMALS FOR TOMORROW
                         NORMAL    RECORD    YEAR
 MAXIMUM TEMPERATURE (F)   90        MM        MM
 MINIMUM TEMPERATURE (F)   68        MM        MM


SUNRISE AND SUNSET
AUGUST 12 2020........SUNRISE   7:00 AM EDT   SUNSET   8:31 PM EDT
AUGUST 13 2020........SUNRISE   7:01 AM EDT   SUNSET   8:30 PM EDT


-  INDICATES NEGATIVE NUMBERS.
R  INDICATES RECORD WAS SET OR TIED.
MM INDICATES DATA IS MISSING.
T  INDICATES TRACE AMOUNT.




$$
