000
CDUS42 KFFC 190025
CLIRMG


CLIMATE REPORT
NATIONAL WEATHER SERVICE PEACHTREE CITY GA
825 PM EDT THU OCT 18 2018


...................................

...THE ROME  CLIMATE SUMMARY FOR OCTOBER 18 2018...
VALID AS OF 0800 PM LOCAL TIME.

CLIMATE NORMAL PERIOD 1981 TO 2010
CLIMATE RECORD PERIOD 9999 TO 9999


WEATHER ITEM   OBSERVED TIME   RECORD YEAR NORMAL DEPARTURE LAST
                VALUE   (LST)  VALUE       VALUE  FROM      YEAR
                                                  NORMAL
..................................................................
TEMPERATURE (F)
 TODAY
  MAXIMUM         71    348 PM  MM      MM  73     -2       72
  MINIMUM         52    729 AM  MM      MM  48      4       41
  AVERAGE         62                        60      2       57

PRECIPITATION (IN)
  TODAY            0.00         MM      MM   0.13  -0.13     0.00
  MONTH TO DATE    2.10                      2.31  -0.21     3.48
  SINCE SEP 1     11.18                      5.72   5.46     8.08

SNOWFALL (IN)
  TODAY            0.0          MM      MM  MM     MM        0.0
  MONTH TO DATE    0.0                      MM     MM        0.0
  SINCE SEP 1      0.0                      MM     MM        0.0
  SINCE JUL 1      0.0                      MM     MM        0.0

DEGREE DAYS
 HEATING
  TODAY            3                         5     -2        8
  MONTH TO DATE    8                        63    -55       22
  SINCE SEP 1      8                        77    -69       31
  SINCE JUL 1      8                        77    -69       31

 COOLING
  TODAY            0                         1     -1        0
  MONTH TO DATE  148                        34    114      105
  SINCE SEP 1    593                       258    335      341
  SINCE JAN 1   2291                      1624    667     1954
..................................................................


WIND (MPH)
  RESULTANT WIND SPEED   6   RESULTANT WIND DIRECTION   N (0)
  HIGHEST WIND SPEED    13   HIGHEST WIND DIRECTION     N (10)
  HIGHEST GUST SPEED    18   HIGHEST GUST DIRECTION     N (10)
  AVERAGE WIND SPEED     6.2


SKY COVER
  AVERAGE SKY COVER 0.0


WEATHER CONDITIONS
 THE FOLLOWING WEATHER WAS RECORDED TODAY.
  NO SIGNIFICANT WEATHER WAS OBSERVED.


RELATIVE HUMIDITY (PERCENT)
 HIGHEST    72           700 PM
 LOWEST     45           100 PM
 AVERAGE    59

..........................................................


THE ROME  CLIMATE NORMALS FOR TOMORROW
                         NORMAL    RECORD    YEAR
 MAXIMUM TEMPERATURE (F)   73        MM        MM
 MINIMUM TEMPERATURE (F)   47        MM        MM


SUNRISE AND SUNSET
OCTOBER 18 2018.......SUNRISE   748 AM EDT   SUNSET   703 PM EDT
OCTOBER 19 2018.......SUNRISE   749 AM EDT   SUNSET   701 PM EDT


-  INDICATES NEGATIVE NUMBERS.
R  INDICATES RECORD WAS SET OR TIED.
MM INDICATES DATA IS MISSING.
T  INDICATES TRACE AMOUNT.




$$
