000
CDUS42 KFFC 200819
CLIRMG


CLIMATE REPORT
NATIONAL WEATHER SERVICE PEACHTREE CITY GA
419 AM EDT SUN OCT 20 2019


...................................

...THE ROME  CLIMATE SUMMARY FOR OCTOBER 19 2019...

CLIMATE NORMAL PERIOD 1981 TO 2010
CLIMATE RECORD PERIOD 9999 TO 9999


WEATHER ITEM   OBSERVED TIME   RECORD YEAR NORMAL DEPARTURE LAST
                VALUE   (LST)  VALUE       VALUE  FROM      YEAR
                                                  NORMAL
..................................................................
TEMPERATURE (F)
 YESTERDAY
  MAXIMUM         62   1002 AM  MM      MM  73    -11       75
  MINIMUM         50   1252 AM  MM      MM  47      3       48
  AVERAGE         56                        60     -4       62

PRECIPITATION (IN)
  YESTERDAY        0.35         MM      MM   0.12   0.23     0.00
  MONTH TO DATE    1.11                      2.43  -1.32     2.10
  SINCE SEP 1      1.42                      5.84  -4.42    11.18
  SINCE JAN 1     43.87                     41.26   2.61    46.64

SNOWFALL (IN)
  YESTERDAY        0.0          MM      MM  MM     MM        0.0
  MONTH TO DATE    0.0                      MM     MM        0.0
  SINCE SEP 1      0.0                      MM     MM        0.0
  SINCE JUL 1      0.0                      MM     MM        0.0
  SNOW DEPTH       0

DEGREE DAYS
 HEATING
  YESTERDAY        9                         6      3        3
  MONTH TO DATE   37                        69    -32       12
  SINCE SEP 1     37                        83    -46       12
  SINCE JUL 1     37                        83    -46       12

 COOLING
  YESTERDAY        0                         1     -1        0
  MONTH TO DATE  127                        35     92      148
  SINCE SEP 1    583                       259    324      593
  SINCE JAN 1   2342                      1625    717     2291
..................................................................


WIND (MPH)
  RESULTANT WIND SPEED   3   RESULTANT WIND DIRECTION  NE (60)
  HIGHEST WIND SPEED    15   HIGHEST WIND DIRECTION     E (110)
  HIGHEST GUST SPEED    22   HIGHEST GUST DIRECTION     E (110)
  AVERAGE WIND SPEED     3.9


SKY COVER
  AVERAGE SKY COVER 0.9


WEATHER CONDITIONS
 THE FOLLOWING WEATHER WAS RECORDED YESTERDAY.
  RAIN
  LIGHT RAIN
  FOG


RELATIVE HUMIDITY (PERCENT)
 HIGHEST    93           200 PM
 LOWEST     60           800 AM
 AVERAGE    77

..........................................................


THE ROME  CLIMATE NORMALS FOR TODAY
                         NORMAL    RECORD    YEAR
 MAXIMUM TEMPERATURE (F)   73        MM        MM
 MINIMUM TEMPERATURE (F)   47        MM        MM


SUNRISE AND SUNSET
OCTOBER 20 2019.......SUNRISE   750 AM EDT   SUNSET   700 PM EDT
OCTOBER 21 2019.......SUNRISE   751 AM EDT   SUNSET   659 PM EDT


-  INDICATES NEGATIVE NUMBERS.
R  INDICATES RECORD WAS SET OR TIED.
MM INDICATES DATA IS MISSING.
T  INDICATES TRACE AMOUNT.




$$
