000
CDUS41 KRNK 210909
CLIRNK


CLIMATE REPORT
NATIONAL WEATHER SERVICE BLACKSBURG VA
508 AM EDT FRI SEP 21 2018


...................................

...THE BLACKSBURG VA CLIMATE SUMMARY FOR SEPTEMBER 20 2018...

CLIMATE NORMAL PERIOD 1981 TO 2010
CLIMATE RECORD PERIOD 1952 TO 2018


WEATHER ITEM   OBSERVED RECORD YEAR NORMAL DEPARTURE LAST
                VALUE   VALUE       VALUE  FROM      YEAR
                                           NORMAL
...........................................................
TEMPERATURE (F)
 YESTERDAY
  MAXIMUM         84     88    1978  74     10       82
  MINIMUM         59     39    2004  49     10       57
                               1984
  AVERAGE         72                 62     10       70

PRECIPITATION (IN)
  YESTERDAY        0.02   1.35 1969   0.10  -0.08     0.08
  MONTH TO DATE    4.49               2.09   2.40     1.45
  SINCE SEP 1      4.49               2.09   2.40     1.45
  SINCE JAN 1     35.10              31.28   3.82    31.41

SNOWFALL (IN)
  YESTERDAY        0.0                                0.0
  MONTH TO DATE    0.0                                0.0
  SINCE SEP 1      0.0                                0.0
  SINCE JUL 1      T                                  0.0
  SNOW DEPTH       0

DEGREE DAYS
 HEATING
  YESTERDAY        0                  5     -5        0
  MONTH TO DATE    4                 47    -43       61
  SINCE SEP 1      4                 47    -43       61
  SINCE JUL 1      9                 65    -56       70

 COOLING
  YESTERDAY        7                  1      6        5
  MONTH TO DATE  135                 49     86       22
  SINCE SEP 1    135                 49     86       22
  SINCE JAN 1    810                561    249      558
...........................................................


WIND (MPH)
  HIGHEST WIND SPEED    12   HIGHEST WIND DIRECTION    SE (120)
  HIGHEST GUST SPEED    MM   HIGHEST GUST DIRECTION    MM
  AVERAGE WIND SPEED     2.0


SKY COVER
  AVERAGE SKY COVER 0.3


WEATHER CONDITIONS
 THE FOLLOWING WEATHER WAS RECORDED YESTERDAY.
  RAIN
  LIGHT RAIN
  FOG
  FOG W/VISIBILITY <= 1/4 MILE


RELATIVE HUMIDITY (PERCENT)
 HIGHEST   100          1200 AM
 LOWEST     55           300 PM
 AVERAGE    78

..........................................................


THE BLACKSBURG VA CLIMATE NORMALS FOR TODAY
                         NORMAL    RECORD    YEAR
 MAXIMUM TEMPERATURE (F)   73        88      1978
 MINIMUM TEMPERATURE (F)   49        30      1962


SUNRISE AND SUNSET
SEPTEMBER 21 2018.....SUNRISE   709 AM EDT   SUNSET   720 PM EDT
SEPTEMBER 22 2018.....SUNRISE   709 AM EDT   SUNSET   719 PM EDT


-  INDICATES NEGATIVE NUMBERS.
R  INDICATES RECORD WAS SET OR TIED.
MM INDICATES DATA IS MISSING.
T  INDICATES TRACE AMOUNT.




$$
