036
CDUS41 KRNK 140850
CLIRNK


CLIMATE REPORT
NATIONAL WEATHER SERVICE BLACKSBURG VA
447 AM EDT MON OCT 14 2019


...................................

...THE BLACKSBURG VA CLIMATE SUMMARY FOR OCTOBER 13 2019...

CLIMATE NORMAL PERIOD 1981 TO 2010
CLIMATE RECORD PERIOD 1952 TO 2019


WEATHER ITEM   OBSERVED RECORD YEAR NORMAL DEPARTURE LAST
                VALUE   VALUE       VALUE  FROM      YEAR
                                           NORMAL
...........................................................
TEMPERATURE (F)
 YESTERDAY
  MAXIMUM         67     83    1954  66      1       53
  MINIMUM         45     24    1988  40      5       40
  AVERAGE         56                 53      3       47

PRECIPITATION (IN)
  YESTERDAY        T      1.08 1990   0.09  -0.09      T
  MONTH TO DATE    0.66               1.17  -0.51     3.55
  SINCE SEP 1      1.74               4.27  -2.53    11.42
  SINCE JAN 1     30.44              33.46  -3.02    42.03

SNOWFALL (IN)
  YESTERDAY        0.0                                0.0
  MONTH TO DATE    0.0                                0.0
  SINCE SEP 1      0.0                                0.0
  SINCE JUL 1      0.0                                 T
  SNOW DEPTH       0

DEGREE DAYS
 HEATING
  YESTERDAY        9                 12     -3       18
  MONTH TO DATE   49                134    -85       36
  SINCE SEP 1     59                247   -188       59
  SINCE JUL 1     68                265   -197       64

 COOLING
  YESTERDAY        0                  0      0        0
  MONTH TO DATE   46                  1     45       52
  SINCE SEP 1    251                 58    193      208
  SINCE JAN 1   1003                570    433      883
...........................................................


WIND (MPH)
  HIGHEST WIND SPEED     8   HIGHEST WIND DIRECTION    SE (130)
  HIGHEST GUST SPEED    MM   HIGHEST GUST DIRECTION    MM
  AVERAGE WIND SPEED     1.3


SKY COVER
  AVERAGE SKY COVER 0.7


WEATHER CONDITIONS
 THE FOLLOWING WEATHER WAS RECORDED YESTERDAY.
  LIGHT RAIN
  FOG W/VISIBILITY <= 1/4 MILE


RELATIVE HUMIDITY (PERCENT)
 HIGHEST   100           200 AM
 LOWEST     68           300 PM
 AVERAGE    84

..........................................................


THE BLACKSBURG VA CLIMATE NORMALS FOR TODAY
                         NORMAL    RECORD    YEAR
 MAXIMUM TEMPERATURE (F)   66        84      1962
 MINIMUM TEMPERATURE (F)   40        21      1988


SUNRISE AND SUNSET
OCTOBER 14 2019.......SUNRISE   728 AM EDT   SUNSET   646 PM EDT
OCTOBER 15 2019.......SUNRISE   729 AM EDT   SUNSET   645 PM EDT


-  INDICATES NEGATIVE NUMBERS.
R  INDICATES RECORD WAS SET OR TIED.
MM INDICATES DATA IS MISSING.
T  INDICATES TRACE AMOUNT.

$$

RAB
