000
CDUS41 KRNK 192129
CLIRNK


CLIMATE REPORT
NATIONAL WEATHER SERVICE BLACKSBURG VA
527 PM EDT TUE JUN 19 2018


...................................

...THE BLACKSBURG VA CLIMATE SUMMARY FOR JUNE 19 2018...
VALID TODAY AS OF 0500 PM LOCAL TIME.

CLIMATE NORMAL PERIOD 1981 TO 2010
CLIMATE RECORD PERIOD 1952 TO 2018


WEATHER ITEM   OBSERVED RECORD YEAR NORMAL DEPARTURE LAST
                VALUE   VALUE       VALUE  FROM      YEAR
                                           NORMAL
...........................................................
TEMPERATURE (F)
 TODAY
  MAXIMUM         88     89    1984  80      8       78
  MINIMUM         67     42    1999  58      9       61
  AVERAGE         78                 69      9       70

PRECIPITATION (IN)
  TODAY            0.00   0.89 2013   0.13  -0.13     0.88
  MONTH TO DATE    0.62               2.68  -2.06     2.59
  SINCE JUN 1      0.62               2.68  -2.06     2.59
  SINCE JAN 1     21.93              20.02   1.91    23.83

SNOWFALL (IN)
  TODAY            0.0                                0.0
  MONTH TO DATE    0.0                                0.0
  SINCE JUN 1      0.0                                0.0
  SINCE JUL 1     31.3                                7.7
  SNOW DEPTH       0

DEGREE DAYS
 HEATING
  TODAY            0                  1     -1        0
  MONTH TO DATE    4                 34    -30       24
  SINCE JUN 1      4                 34    -30       24
  SINCE JUL 1   4994               5442   -448     4190

 COOLING
  TODAY           13                  4      9        5
  MONTH TO DATE   93                 59     34       59
  SINCE JUN 1     93                 59     34       59
  SINCE JAN 1    186                 88     98      113
...........................................................


WIND (MPH)
  HIGHEST WIND SPEED    12   HIGHEST WIND DIRECTION    NW (310)
  HIGHEST GUST SPEED    18   HIGHEST GUST DIRECTION    NW (310)
  AVERAGE WIND SPEED     4.3


SKY COVER
  AVERAGE SKY COVER 0.1


WEATHER CONDITIONS
 THE FOLLOWING WEATHER WAS RECORDED TODAY.
  NO SIGNIFICANT WEATHER WAS OBSERVED.


RELATIVE HUMIDITY (PERCENT)
 HIGHEST    90          1200 AM
 LOWEST     47           300 PM
 AVERAGE    69

..........................................................


THE BLACKSBURG VA CLIMATE NORMALS FOR TOMORROW
                         NORMAL    RECORD    YEAR
 MAXIMUM TEMPERATURE (F)   80        90      1994
 MINIMUM TEMPERATURE (F)   58        44      1999


SUNRISE AND SUNSET
JUNE 19 2018..........SUNRISE   601 AM EDT   SUNSET   845 PM EDT
JUNE 20 2018..........SUNRISE   602 AM EDT   SUNSET   845 PM EDT


-  INDICATES NEGATIVE NUMBERS.
R  INDICATES RECORD WAS SET OR TIED.
MM INDICATES DATA IS MISSING.
T  INDICATES TRACE AMOUNT.

REMARKS:
DUE TO MISSING TEMPERATURES FROM SEPTEMBER 8-10...THE HEATING DEGREE
DAY AND DEPARTURE FROM NORMAL WILL BE CALCULATED WITHOUT DATA FROM
THESE DATES.

$$
