000
CDUS41 KRNK 161036
CLIRNK


CLIMATE REPORT
NATIONAL WEATHER SERVICE BLACKSBURG VA
530 AM EST SUN DEC 16 2018


...................................

...THE BLACKSBURG VA CLIMATE SUMMARY FOR DECEMBER 15 2018...

CLIMATE NORMAL PERIOD 1981 TO 2010
CLIMATE RECORD PERIOD 1952 TO 2018


WEATHER ITEM   OBSERVED RECORD YEAR NORMAL DEPARTURE LAST
                VALUE   VALUE       VALUE  FROM      YEAR
                                           NORMAL
...........................................................
TEMPERATURE (F)
 YESTERDAY
  MAXIMUM         44     69    1984  43      1       33
  MINIMUM         35      2    1962  24     11       21
  AVERAGE         40                 34      6       27

PRECIPITATION (IN)
  YESTERDAY        0.48   0.67 2007   0.09   0.39      T
  MONTH TO DATE    2.15               1.51   0.64     0.32
  SINCE DEC 1      2.15               1.51   0.64     0.32
  SINCE JAN 1     49.73              39.45  10.28    40.68

SNOWFALL (IN)
  YESTERDAY        0.0                                 T
  MONTH TO DATE   13.7                                3.8
  SINCE DEC 1     13.7                                3.8
  SINCE JUL 1     13.7                                3.8
  SNOW DEPTH       0

DEGREE DAYS
 HEATING
  YESTERDAY       25                 31     -6       38
  MONTH TO DATE  463                442     21      436
  SINCE DEC 1    463                442     21      436
  SINCE JUL 1   1612               1622    -10     1426

 COOLING
  YESTERDAY        0                  0      0        0
  MONTH TO DATE    0                  0      0        0
  SINCE DEC 1      0                  0      0        0
  SINCE JAN 1    883                573    310      632
...........................................................


WIND (MPH)
  HIGHEST WIND SPEED     9   HIGHEST WIND DIRECTION     E (100)
  HIGHEST GUST SPEED    MM   HIGHEST GUST DIRECTION    MM
  AVERAGE WIND SPEED     2.4


SKY COVER
  AVERAGE SKY COVER 1.0


WEATHER CONDITIONS
 THE FOLLOWING WEATHER WAS RECORDED YESTERDAY.
  HEAVY RAIN
  RAIN
  LIGHT RAIN
  FOG
  FOG W/VISIBILITY <= 1/4 MILE


RELATIVE HUMIDITY (PERCENT)
 HIGHEST   100          1200 AM
 LOWEST    100          1200 AM
 AVERAGE   100

..........................................................


THE BLACKSBURG VA CLIMATE NORMALS FOR TODAY
                         NORMAL    RECORD    YEAR
 MAXIMUM TEMPERATURE (F)   43        75      1984
 MINIMUM TEMPERATURE (F)   24         4      1989


SUNRISE AND SUNSET
DECEMBER 16 2018......SUNRISE   729 AM EST   SUNSET   506 PM EST
DECEMBER 17 2018......SUNRISE   730 AM EST   SUNSET   506 PM EST


-  INDICATES NEGATIVE NUMBERS.
R  INDICATES RECORD WAS SET OR TIED.
MM INDICATES DATA IS MISSING.
T  INDICATES TRACE AMOUNT.

$$

RAB
