000
CDUS41 KRNK 172216
CLIRNK


CLIMATE REPORT
NATIONAL WEATHER SERVICE BLACKSBURG VA
515 PM EST SAT FEB 17 2018


...................................

...THE BLACKSBURG VA CLIMATE SUMMARY FOR FEBRUARY 17 2018...
VALID TODAY AS OF 0500 PM LOCAL TIME.

CLIMATE NORMAL PERIOD 1981 TO 2010
CLIMATE RECORD PERIOD 1952 TO 2018


WEATHER ITEM   OBSERVED RECORD YEAR NORMAL DEPARTURE LAST
                VALUE   VALUE       VALUE  FROM      YEAR
                                           NORMAL
...........................................................
TEMPERATURE (F)
 TODAY
  MAXIMUM         37     70    1976  45     -8       62
  MINIMUM         32     -4    1973  24      8       27
  AVERAGE         35                 34      1       45

PRECIPITATION (IN)
  TODAY            0.06   0.58 1974   0.10  -0.04     0.00
  MONTH TO DATE    4.10               1.72   2.38     0.61
  SINCE DEC 1      6.34               7.75  -1.41     8.20
  SINCE JAN 1      5.70               4.80   0.90     5.11

SNOWFALL (IN)
  TODAY            0.0                                0.0
  MONTH TO DATE    1.4                                 T
  SINCE DEC 1      7.4                                6.6
  SINCE JUL 1      7.4                                6.6
  SNOW DEPTH       0

DEGREE DAYS
 HEATING
  TODAY           30                 30      0       20
  MONTH TO DATE  466                540    -74      419
  SINCE DEC 1   2524               2547    -23     2127
  SINCE JUL 1   3514               3727   -213     2900

 COOLING
  TODAY            0                  0      0        0
  MONTH TO DATE    0                  0      0        0
  SINCE DEC 1      0                  0      0        0
  SINCE JAN 1      0                  0      0        0
...........................................................


WIND (MPH)
  HIGHEST WIND SPEED    13   HIGHEST WIND DIRECTION     E (110)
  HIGHEST GUST SPEED    16   HIGHEST GUST DIRECTION    SE (120)
  AVERAGE WIND SPEED     5.7


SKY COVER
  AVERAGE SKY COVER 0.7


WEATHER CONDITIONS
 THE FOLLOWING WEATHER WAS RECORDED TODAY.
  LIGHT RAIN
  FOG


RELATIVE HUMIDITY (PERCENT)
 HIGHEST   100           300 PM
 LOWEST     82          1200 AM
 AVERAGE    91

..........................................................


THE BLACKSBURG VA CLIMATE NORMALS FOR TOMORROW
                         NORMAL    RECORD    YEAR
 MAXIMUM TEMPERATURE (F)   46        65      2011
                                             1976
 MINIMUM TEMPERATURE (F)   24        -2      1958


SUNRISE AND SUNSET
FEBRUARY 17 2018......SUNRISE   708 AM EST   SUNSET   604 PM EST
FEBRUARY 18 2018......SUNRISE   707 AM EST   SUNSET   605 PM EST


-  INDICATES NEGATIVE NUMBERS.
R  INDICATES RECORD WAS SET OR TIED.
MM INDICATES DATA IS MISSING.
T  INDICATES TRACE AMOUNT.

REMARKS:
DUE TO MISSING TEMPERATURES FROM SEPTEMBER 8-10...THE
HEATING DEGREE DAY AND DEPARTURE FROM NORMAL WILL BE CALCULATED
WITHOUT DATA FROM THESE DATES.


$$
