000
CDUS41 KRNK 210525
CLIRNK

CLIMATE REPORT
NATIONAL WEATHER SERVICE BLACKSBURG, VA
125 AM EDT WED OCT 21 2020

...................................

...THE BLACKSBURG VA CLIMATE SUMMARY FOR OCTOBER 20 2020...

CLIMATE NORMAL PERIOD: 1981 TO 2010
CLIMATE RECORD PERIOD: 1893 TO 2020


WEATHER ITEM   OBSERVED RECORD YEAR NORMAL DEPARTURE LAST
                VALUE   VALUE       VALUE  FROM      YEAR
                                           NORMAL
............................................................
TEMPERATURE (F)
 YESTERDAY
  MAXIMUM         77     82    1985  64     13       68
  MINIMUM         42     18    1972  38      4       46
  AVERAGE         60                 51      9       57

PRECIPITATION (IN)
  YESTERDAY        0.00   1.92 1944   0.09  -0.09     1.88
  MONTH TO DATE    1.53               1.78  -0.25     4.03
  SINCE SEP 1      5.35               4.88   0.47     5.11
  SINCE JAN 1     47.85              34.07  13.78    33.81

SNOWFALL (IN)
  YESTERDAY        0.0                                0.0
  MONTH TO DATE    0.0                                0.0
  SINCE SEP 1      0.0                                0.0
  SINCE JUL 1      0.0                                0.0
  SNOW DEPTH       0

DEGREE DAYS
 HEATING
  YESTERDAY        5                 14     -9        8
  MONTH TO DATE  202                226    -24      144
  SINCE SEP 1    326                339    -13      154
  SINCE JUL 1    327                357    -30      163

 COOLING
  YESTERDAY        0                  0      0        0
  MONTH TO DATE    0                  1     -1       46
  SINCE SEP 1     76                 58     18      251
  SINCE JAN 1    806                570    236     1003
............................................................


WIND (MPH)
  RESULTANT WIND SPEED   1   RESULTANT WIND DIRECTION   S (180)
  HIGHEST WIND SPEED     5   HIGHEST WIND DIRECTION     S (200)
  HIGHEST GUST SPEED    MM   HIGHEST GUST DIRECTION    MM
  AVERAGE WIND SPEED     1.1


SKY COVER
  AVERAGE SKY COVER 0.1


WEATHER CONDITIONS
THE FOLLOWING WEATHER WAS RECORDED YESTERDAY.
  FOG


RELATIVE HUMIDITY (PERCENT)
 HIGHEST   100          12:00 AM
 LOWEST     51           2:00 PM
 AVERAGE    76

..........................................................


THE BLACKSBURG VA CLIMATE NORMALS FOR TODAY
                         NORMAL    RECORD    YEAR
 MAXIMUM TEMPERATURE (F)   64        81      1943
                                             1947
                                             1993
 MINIMUM TEMPERATURE (F)   38        17      1952


SUNRISE AND SUNSET
OCTOBER 21 2020.......SUNRISE   7:36 AM EDT   SUNSET   6:36 PM EDT
OCTOBER 22 2020.......SUNRISE   7:37 AM EDT   SUNSET   6:35 PM EDT


-  INDICATES NEGATIVE NUMBERS.
R  INDICATES RECORD WAS SET OR TIED.
MM INDICATES DATA IS MISSING.
T  INDICATES TRACE AMOUNT.




$$
