000
CDUS41 KRNK 250620
CLIRNK


CLIMATE REPORT
NATIONAL WEATHER SERVICE BLACKSBURG VA
118 AM EST TUE FEB 25 2020


...................................

...THE BLACKSBURG VA CLIMATE SUMMARY FOR FEBRUARY 24 2020...

CLIMATE NORMAL PERIOD 1981 TO 2010
CLIMATE RECORD PERIOD 1952 TO 2020


WEATHER ITEM   OBSERVED RECORD YEAR NORMAL DEPARTURE LAST
                VALUE   VALUE       VALUE  FROM      YEAR
                                           NORMAL
...........................................................
TEMPERATURE (F)
 YESTERDAY
  MAXIMUM         44     73    1975  47     -3       61
  MINIMUM         29      6    1978  25      4       33
  AVERAGE         37                 36      1       47

PRECIPITATION (IN)
  YESTERDAY        0.06   1.35 1984   0.10  -0.04     0.13
  MONTH TO DATE    4.85               2.42   2.43     5.58
  SINCE DEC 1     10.77               8.45   2.32    12.79
  SINCE JAN 1      7.97               5.50   2.47     8.34

SNOWFALL (IN)
  YESTERDAY        0.0                                0.0
  MONTH TO DATE    0.2                                3.8
  SINCE DEC 1      3.2                               21.4
  SINCE JUL 1      3.2                               21.4
  SNOW DEPTH       0

DEGREE DAYS
 HEATING
  YESTERDAY       28                 29     -1       18
  MONTH TO DATE  612                747   -135      618
  SINCE DEC 1   2274               2754   -480     2551
  SINCE JUL 1   3303               3934   -631     3700

 COOLING
  YESTERDAY        0                  0      0        0
  MONTH TO DATE    0                  0      0        0
  SINCE DEC 1      0                  0      0        0
  SINCE JAN 1      0                  0      0        0
...........................................................


WIND (MPH)
  HIGHEST WIND SPEED     7   HIGHEST WIND DIRECTION     E (110)
  HIGHEST GUST SPEED    MM   HIGHEST GUST DIRECTION    MM
  AVERAGE WIND SPEED     0.7


SKY COVER
  AVERAGE SKY COVER 0.7


WEATHER CONDITIONS
 THE FOLLOWING WEATHER WAS RECORDED YESTERDAY.
  RAIN
  LIGHT RAIN


RELATIVE HUMIDITY (PERCENT)
 HIGHEST   100           900 PM
 LOWEST     64          1200 AM
 AVERAGE    82

..........................................................


THE BLACKSBURG VA CLIMATE NORMALS FOR TODAY
                         NORMAL    RECORD    YEAR
 MAXIMUM TEMPERATURE (F)   47        71      1985
 MINIMUM TEMPERATURE (F)   25        -2      1967


SUNRISE AND SUNSET
FEBRUARY 25 2020......SUNRISE   659 AM EST   SUNSET   611 PM EST
FEBRUARY 26 2020......SUNRISE   657 AM EST   SUNSET   612 PM EST


-  INDICATES NEGATIVE NUMBERS.
R  INDICATES RECORD WAS SET OR TIED.
MM INDICATES DATA IS MISSING.
T  INDICATES TRACE AMOUNT.




$$
