000
CDUS46 KSGX 280923
CLIRNM


CLIMATE REPORT
NATIONAL WEATHER SERVICE SAN DIEGO, CA
222 AM PDT WED OCT 28 2020


...................................

...THE RAMONA AIRPORT CA CLIMATE SUMMARY FOR OCTOBER 27 2020...

CLIMATE NORMAL PERIOD 1981 TO 2010
CLIMATE RECORD PERIOD 1974 TO 2020


WEATHER ITEM   OBSERVED TIME   RECORD YEAR NORMAL DEPARTURE LAST
                VALUE   (LST)  VALUE       VALUE  FROM      YEAR
                                                  NORMAL
..................................................................
TEMPERATURE (F)
 YESTERDAY
  MAXIMUM         76    213 PM  94    2008  77     -1       71
  MINIMUM         30R   619 AM  34    1996  45    -15       38
  AVERAGE         53                        61     -8       55

PRECIPITATION (IN)
  YESTERDAY        0.00          1.84 2004   0.03  -0.03     0.01
  MONTH TO DATE    0.03                      0.59  -0.56     0.01
  SINCE OCT 1      0.03                      0.59  -0.56     0.01
  SINCE JAN 1     10.39                     12.49  -2.10    15.41

DEGREE DAYS
 HEATING
  YESTERDAY       12                         5      7       10
  MONTH TO DATE   34                        81    -47       55
  SINCE SEP 1     34                        96    -62       69
  SINCE JUL 1     34                        99    -65       69

 COOLING
  YESTERDAY        0                         1     -1        0
  MONTH TO DATE  128                        47     81       49
  SINCE SEP 1    393                       227    166      252
  SINCE JAN 1   1121                       840    281      974
..................................................................


WIND (MPH)
  RESULTANT WIND SPEED   2   RESULTANT WIND DIRECTION   N (340)
  HIGHEST WIND SPEED    18   HIGHEST WIND DIRECTION     W (260)
  HIGHEST GUST SPEED    22   HIGHEST GUST DIRECTION     N (10)
  AVERAGE WIND SPEED     5.3


SKY COVER
  POSSIBLE SUNSHINE  MM
  AVERAGE SKY COVER 0.0


WEATHER CONDITIONS
 THE FOLLOWING WEATHER WAS RECORDED YESTERDAY.
  NO SIGNIFICANT WEATHER WAS OBSERVED.


RELATIVE HUMIDITY (PERCENT)
 HIGHEST    61           400 AM
 LOWEST      7           900 AM
 AVERAGE    34

..........................................................


THE RAMONA AIRPORT CA CLIMATE NORMALS FOR TODAY
                         NORMAL    RECORD    YEAR
 MAXIMUM TEMPERATURE (F)   77        97      2008
 MINIMUM TEMPERATURE (F)   45        32      2011


SUNRISE AND SUNSET
OCTOBER 28 2020.......SUNRISE   703 AM PDT   SUNSET   559 PM PDT
OCTOBER 29 2020.......SUNRISE   704 AM PDT   SUNSET   559 PM PDT


-  INDICATES NEGATIVE NUMBERS.
R  INDICATES RECORD WAS SET OR TIED.
MM INDICATES DATA IS MISSING.
T  INDICATES TRACE AMOUNT.




$$
