000
CDUS46 KSGX 251123
CLIRNM


CLIMATE REPORT
NATIONAL WEATHER SERVICE SAN DIEGO, CA
423 AM PDT TUE SEP 25 2018


...................................

...THE RAMONA AIRPORT CA CLIMATE SUMMARY FOR SEPTEMBER 24 2018...

CLIMATE NORMAL PERIOD 1981 TO 2010
CLIMATE RECORD PERIOD 1974 TO 2018


WEATHER ITEM   OBSERVED TIME   RECORD YEAR NORMAL DEPARTURE LAST
                VALUE   (LST)  VALUE       VALUE  FROM      YEAR
                                                  NORMAL
..................................................................
TEMPERATURE (F)
 YESTERDAY
  MAXIMUM         75    148 PM 103    1982  85    -10       85
  MINIMUM         59    712 AM  41    2007  52      7       43
  AVERAGE         67                        68     -1       64

PRECIPITATION (IN)
  YESTERDAY        0.00          0.29 1986   0.00   0.00     0.00
  MONTH TO DATE    0.00                      0.24  -0.24     0.05
  SINCE OCT 1      5.80                     15.99 -10.19    22.96
  SINCE JAN 1      5.76                     11.85  -6.09    15.94

DEGREE DAYS
 HEATING
  YESTERDAY        0                         1     -1        1
  MONTH TO DATE    1                         5     -4       14
  SINCE SEP 1      1                         5     -4       14
  SINCE JUL 1      1                         8     -7       14

 COOLING
  YESTERDAY        2                         4     -2        0
  MONTH TO DATE  168                       157     11      186
  SINCE SEP 1    168                       157     11      186
  SINCE JAN 1   1130                       770    360     1121
..................................................................


WIND (MPH)
  RESULTANT WIND SPEED   3   RESULTANT WIND DIRECTION   W (290)
  HIGHEST WIND SPEED    14   HIGHEST WIND DIRECTION    NW (310)
  HIGHEST GUST SPEED    18   HIGHEST GUST DIRECTION     W (290)
  AVERAGE WIND SPEED     4.1


SKY COVER
  POSSIBLE SUNSHINE  MM
  AVERAGE SKY COVER 0.7


WEATHER CONDITIONS
 THE FOLLOWING WEATHER WAS RECORDED YESTERDAY.
  FOG
  FOG W/VISIBILITY <= 1/4 MILE
  HAZE


RELATIVE HUMIDITY (PERCENT)
 HIGHEST    97          1200 AM
 LOWEST     61           200 PM
 AVERAGE    79

..........................................................


THE RAMONA AIRPORT CA CLIMATE NORMALS FOR TODAY
                         NORMAL    RECORD    YEAR
 MAXIMUM TEMPERATURE (F)   84       104      1978
 MINIMUM TEMPERATURE (F)   52        39      2005


SUNRISE AND SUNSET
SEPTEMBER 25 2018.....SUNRISE   638 AM PDT   SUNSET   640 PM PDT
SEPTEMBER 26 2018.....SUNRISE   639 AM PDT   SUNSET   639 PM PDT


-  INDICATES NEGATIVE NUMBERS.
R  INDICATES RECORD WAS SET OR TIED.
MM INDICATES DATA IS MISSING.
T  INDICATES TRACE AMOUNT.




$$
