000
CDUS46 KSGX 250050
CLIRNM

CLIMATE REPORT
NATIONAL WEATHER SERVICE SAN DIEGO, CA
449 PM PST FRI JAN 24 2020


...................................

...THE RAMONA AIRPORT CA CLIMATE SUMMARY FOR JANUARY 24 2020...
VALID TODAY AS OF 0400 PM LOCAL TIME.

CLIMATE NORMAL PERIOD 1981 TO 2010
CLIMATE RECORD PERIOD 1974 TO 2020


WEATHER ITEM   OBSERVED TIME   RECORD YEAR NORMAL DEPARTURE LAST
                VALUE   (LST)  VALUE       VALUE  FROM      YEAR
                                                  NORMAL
..................................................................
TEMPERATURE (F)
 TODAY
  MAXIMUM         72    202 PM  80    1992  65      7       73
                                      1988
                                      1975
  MINIMUM         36    645 AM  25    2011  35      1       33
  AVERAGE         54                        50      4       53

PRECIPITATION (IN)
  TODAY            0.00          0.13 2001   0.09  -0.09     0.00
  MONTH TO DATE    0.27                      2.82  -2.55     2.62
  SINCE OCT 1      8.49                      6.96   1.53     7.65
  SINCE JAN 1      0.27                      2.82  -2.55     2.62

DEGREE DAYS
 HEATING
  TODAY           11                        15     -4       12
  MONTH TO DATE  353                       360     -7      358
  SINCE DEC 1    752                       837    -85      770
  SINCE JUL 1   1081                      1248   -167     1005

 COOLING
  TODAY            0                         0      0        0
  MONTH TO DATE    0                         0      0        0
  SINCE DEC 1      0                         0      0        0
  SINCE JAN 1      0                         0      0        0
..................................................................


WIND (MPH)
  RESULTANT WIND SPEED   0   RESULTANT WIND DIRECTION   N (0)
  HIGHEST WIND SPEED    12   HIGHEST WIND DIRECTION    NW (300)
  HIGHEST GUST SPEED    14   HIGHEST GUST DIRECTION    NW (300)
  AVERAGE WIND SPEED     3.0


SKY COVER
  POSSIBLE SUNSHINE  MM
  AVERAGE SKY COVER 0.0


WEATHER CONDITIONS
 THE FOLLOWING WEATHER WAS RECORDED TODAY.
  FOG


RELATIVE HUMIDITY (PERCENT)
 HIGHEST   100          1200 AM
 LOWEST     34          1100 AM
 AVERAGE    67

..........................................................


THE RAMONA AIRPORT CA CLIMATE NORMALS FOR TOMORROW
                         NORMAL    RECORD    YEAR
 MAXIMUM TEMPERATURE (F)   65        84      1975
 MINIMUM TEMPERATURE (F)   35        28      2018


SUNRISE AND SUNSET
JANUARY 24 2020.......SUNRISE   648 AM PST   SUNSET   512 PM PST
JANUARY 25 2020.......SUNRISE   647 AM PST   SUNSET   513 PM PST


-  INDICATES NEGATIVE NUMBERS.
R  INDICATES RECORD WAS SET OR TIED.
MM INDICATES DATA IS MISSING.
T  INDICATES TRACE AMOUNT.




$$
