000
CDUS46 KSGX 201140
CLIRNM


CLIMATE REPORT
NATIONAL WEATHER SERVICE SAN DIEGO, CA
440 AM PDT WED JUN 20 2018


...................................

...THE RAMONA AIRPORT CA CLIMATE SUMMARY FOR JUNE 19 2018...

CLIMATE NORMAL PERIOD 1981 TO 2010
CLIMATE RECORD PERIOD 1974 TO 2018


WEATHER ITEM   OBSERVED TIME   RECORD YEAR NORMAL DEPARTURE LAST
                VALUE   (LST)  VALUE       VALUE  FROM      YEAR
                                                  NORMAL
..................................................................
TEMPERATURE (F)
 YESTERDAY
  MAXIMUM         82   1245 PM 106    2016  84     -2       95
  MINIMUM         57   1155 PM  41    1974  52      5       54
  AVERAGE         70                        68      2       75

PRECIPITATION (IN)
  YESTERDAY        0.00          0.01 1998   0.00   0.00     0.00
  MONTH TO DATE    0.00                      0.11  -0.11     0.01
  SINCE OCT 1      5.80                     15.46  -9.66    22.73
  SINCE JAN 1      5.76                     11.32  -5.56    15.71

DEGREE DAYS
 HEATING
  YESTERDAY        0                         1     -1        0
  MONTH TO DATE    2                        25    -23       13
  SINCE JUN 1      2                        25    -23       13
  SINCE JUL 1   1710                      2549   -839     1922

 COOLING
  YESTERDAY        5                         3      2       10
  MONTH TO DATE   69                        38     31       69
  SINCE JUN 1     69                        38     31       69
  SINCE JAN 1    123                        65     58      119
..................................................................


WIND (MPH)
  RESULTANT WIND SPEED   4   RESULTANT WIND DIRECTION   W (290)
  HIGHEST WIND SPEED    15   HIGHEST WIND DIRECTION     W (290)
  HIGHEST GUST SPEED    20   HIGHEST GUST DIRECTION     W (280)
  AVERAGE WIND SPEED     5.2


SKY COVER
  POSSIBLE SUNSHINE  MM
  AVERAGE SKY COVER 0.4


WEATHER CONDITIONS
 THE FOLLOWING WEATHER WAS RECORDED YESTERDAY.
  NO SIGNIFICANT WEATHER WAS OBSERVED.


RELATIVE HUMIDITY (PERCENT)
 HIGHEST    86           100 AM
 LOWEST     42          1200 PM
 AVERAGE    64

..........................................................


THE RAMONA AIRPORT CA CLIMATE NORMALS FOR TODAY
                         NORMAL    RECORD    YEAR
 MAXIMUM TEMPERATURE (F)   84       109      2016
 MINIMUM TEMPERATURE (F)   52        43      1987
                                             1979


SUNRISE AND SUNSET
JUNE 20 2018..........SUNRISE   539 AM PDT   SUNSET   759 PM PDT
JUNE 21 2018..........SUNRISE   539 AM PDT   SUNSET   800 PM PDT


-  INDICATES NEGATIVE NUMBERS.
R  INDICATES RECORD WAS SET OR TIED.
MM INDICATES DATA IS MISSING.
T  INDICATES TRACE AMOUNT.




$$
