000
CDUS46 KSGX 150157
CLIRNM


CLIMATE REPORT
NATIONAL WEATHER SERVICE SAN DIEGO, CA
557 PM PST FRI DEC 14 2018


...................................

...THE RAMONA AIRPORT CA CLIMATE SUMMARY FOR DECEMBER 14 2018...
VALID TODAY AS OF 0500 PM LOCAL TIME.

CLIMATE NORMAL PERIOD 1981 TO 2010
CLIMATE RECORD PERIOD 1974 TO 2018


WEATHER ITEM   OBSERVED TIME   RECORD YEAR NORMAL DEPARTURE LAST
                VALUE   (LST)  VALUE       VALUE  FROM      YEAR
                                                  NORMAL
..................................................................
TEMPERATURE (F)
 TODAY
  MAXIMUM         71    118 PM  81    2004  64      7       78
  MINIMUM         41    228 AM  27    2007  34      7       29
                                      2005
                                      2003
  AVERAGE         56                        49      7       54

PRECIPITATION (IN)
  TODAY            0.00          0.21 2001   0.05  -0.05     0.00
  MONTH TO DATE    1.42                      0.73   0.69     0.00
  SINCE OCT 1      3.75                      2.64   1.11      T
  SINCE JAN 1      9.51                     14.54  -5.03    15.94

DEGREE DAYS
 HEATING
  TODAY            9                        16     -7       11
  MONTH TO DATE  167                       211    -44      105
  SINCE DEC 1    167                       211    -44      105
  SINCE JUL 1    402                       622   -220      286

 COOLING
  TODAY            0                         0      0        0
  MONTH TO DATE    0                         0      0        1
  SINCE DEC 1      0                         0      0        1
  SINCE JAN 1   1219                       850    369     1291
..................................................................


WIND (MPH)
  RESULTANT WIND SPEED   2   RESULTANT WIND DIRECTION   E (70)
  HIGHEST WIND SPEED    10   HIGHEST WIND DIRECTION    NW (310)
  HIGHEST GUST SPEED    12   HIGHEST GUST DIRECTION    NW (310)
  AVERAGE WIND SPEED     3.4


SKY COVER
  POSSIBLE SUNSHINE  MM
  AVERAGE SKY COVER 0.0


WEATHER CONDITIONS
 THE FOLLOWING WEATHER WAS RECORDED TODAY.
  NO SIGNIFICANT WEATHER WAS OBSERVED.


RELATIVE HUMIDITY (PERCENT)
 HIGHEST    60           800 AM
 LOWEST     17          1200 PM
 AVERAGE    39

..........................................................


THE RAMONA AIRPORT CA CLIMATE NORMALS FOR TOMORROW
                         NORMAL    RECORD    YEAR
 MAXIMUM TEMPERATURE (F)   64        82      1980
 MINIMUM TEMPERATURE (F)   34        26      2003
                                             1987


SUNRISE AND SUNSET
DECEMBER 14 2018......SUNRISE   643 AM PST   SUNSET   442 PM PST
DECEMBER 15 2018......SUNRISE   643 AM PST   SUNSET   442 PM PST


-  INDICATES NEGATIVE NUMBERS.
R  INDICATES RECORD WAS SET OR TIED.
MM INDICATES DATA IS MISSING.
T  INDICATES TRACE AMOUNT.




$$
