000
CDUS45 KREV 210915
CLIRNO


CLIMATE REPORT
NATIONAL WEATHER SERVICE RENO NV
115 AM PST WED FEB 21 2018


...................................

...THE RENO-TAHOE INTL AIRPORT NV CLIMATE SUMMARY FOR FEBRUARY 20 2018...

CLIMATE NORMAL PERIOD 1981 TO 2010
CLIMATE RECORD PERIOD 1888 TO 2018


WEATHER ITEM   OBSERVED TIME   RECORD YEAR NORMAL DEPARTURE LAST
                VALUE   (LST)  VALUE       VALUE  FROM      YEAR
                                                  NORMAL
..................................................................
TEMPERATURE (F)
 YESTERDAY
  MAXIMUM         36    252 PM  72    1982  52    -16       48
  MINIMUM         13    703 AM  -6    1990  30    -17       37
  AVERAGE         25                        41    -16       43

PRECIPITATION (IN)
  YESTERDAY        0.00          1.05 2017   0.04  -0.04     1.05
  MONTH TO DATE    0.13                      0.70  -0.57     2.21
  SINCE OCT 1      2.37                      4.09  -1.72    11.57
  SINCE JAN 1      0.80                      1.73  -0.93     7.78

SNOWFALL (IN)
  YESTERDAY        0.0           4.2  2010   0.2   -0.2      0.0
  MONTH TO DATE    1.5                       3.5   -2.0       T
  SINCE DEC 1      2.5                      14.0  -11.5     19.7
  SINCE JUL 1      2.5                      17.5  -15.0     20.3
  SNOW DEPTH       0

DEGREE DAYS
 HEATING
  YESTERDAY       40                        24     16       22
  MONTH TO DATE  480                       518    -38      408
  SINCE DEC 1   2052                      2352   -300     2248
  SINCE JUL 1   2992                      3455   -463     3126

 COOLING
  YESTERDAY        0                         0      0        0
  MONTH TO DATE    0                         0      0        0
  SINCE DEC 1      0                         0      0        0
  SINCE JAN 1      0                         0      0        0
..................................................................


WIND (MPH)
  RESULTANT WIND SPEED   1   RESULTANT WIND DIRECTION   N (360)
  HIGHEST WIND SPEED    10   HIGHEST WIND DIRECTION     N (10)
  HIGHEST GUST SPEED    18   HIGHEST GUST DIRECTION     W (280)
  AVERAGE WIND SPEED     3.5



WEATHER CONDITIONS
 THE FOLLOWING WEATHER WAS RECORDED YESTERDAY.
  NO SIGNIFICANT WEATHER WAS OBSERVED.


RELATIVE HUMIDITY (PERCENT)
 HIGHEST    67           700 AM
 LOWEST     27           500 PM
 AVERAGE    47

..........................................................


THE RENO-TAHOE INTL AIRPORT NV CLIMATE NORMALS FOR TODAY
                         NORMAL    RECORD    YEAR
 MAXIMUM TEMPERATURE (F)   53        74      1965
 MINIMUM TEMPERATURE (F)   30         0      1897


SUNRISE AND SUNSET
FEBRUARY 21 2018......SUNRISE   643 AM PST   SUNSET   543 PM PST
FEBRUARY 22 2018......SUNRISE   642 AM PST   SUNSET   544 PM PST


-  INDICATES NEGATIVE NUMBERS.
R  INDICATES RECORD WAS SET OR TIED.
MM INDICATES DATA IS MISSING.
T  INDICATES TRACE AMOUNT.




$$
