000
CDUS45 KREV 280956
CLIRNO

CLIMATE REPORT
NATIONAL WEATHER SERVICE RENO NV
256 AM PDT WED OCT 28 2020

...................................

...THE RENO-TAHOE INTL AIRPORT NV CLIMATE SUMMARY FOR OCTOBER 27 2020...

CLIMATE NORMAL PERIOD 1981 TO 2010
CLIMATE RECORD PERIOD 1888 TO 2020


WEATHER ITEM   OBSERVED TIME   RECORD YEAR NORMAL DEPARTURE LAST
                VALUE   (LST)  VALUE       VALUE  FROM      YEAR
                                                  NORMAL
...................................................................
TEMPERATURE (F)
 YESTERDAY
  MAXIMUM         62    334 PM  84    1937  64     -2       48
  MINIMUM         27    636 AM  16    1960  36     -9       31
  AVERAGE         45                        50     -5       40

PRECIPITATION (IN)
  YESTERDAY        0.00          0.71 1927   0.02  -0.02     0.00
  MONTH TO DATE    0.00                      0.43  -0.43      T
  SINCE OCT 1      0.00                      0.43  -0.43      T
  SINCE JAN 1      1.85                      5.47  -3.62     9.05

SNOWFALL (IN)
  YESTERDAY        0.0           0.5  1971   0.0    0.0      0.0
  MONTH TO DATE    0.0                       0.2   -0.2      0.0
  SINCE SEP 1      0.0                       0.3   -0.3       T
  SINCE JUL 1      0.0                       0.3   -0.3       T
  SNOW DEPTH       0

DEGREE DAYS
 HEATING
  YESTERDAY       20                        15      5       25
  MONTH TO DATE  179                       282   -103      332
  SINCE SEP 1    194                       362   -168      451
  SINCE JUL 1    194                       372   -178      451

 COOLING
  YESTERDAY        0                         0      0        0
  MONTH TO DATE   10                         4      6        0
  SINCE SEP 1    162                        92     70      116
  SINCE JAN 1   1176                       838    338     1107
...................................................................


WIND (MPH)
  RESULTANT WIND SPEED   1   RESULTANT WIND DIRECTION   N (20)
  HIGHEST WIND SPEED    12   HIGHEST WIND DIRECTION    NE (40)
  HIGHEST GUST SPEED    15   HIGHEST GUST DIRECTION    NE (30)
  AVERAGE WIND SPEED     2.1


WEATHER CONDITIONS
THE FOLLOWING WEATHER WAS RECORDED YESTERDAY.
  NO SIGNIFICANT WEATHER WAS OBSERVED.


RELATIVE HUMIDITY (PERCENT)
 HIGHEST    43          1100 PM
 LOWEST     12          1100 AM
 AVERAGE    28

..........................................................


THE RENO-TAHOE INTL AIRPORT NV CLIMATE NORMALS FOR TODAY
                         NORMAL    RECORD    YEAR
 MAXIMUM TEMPERATURE (F)   64        82      1937
 MINIMUM TEMPERATURE (F)   35        14      1948


SUNRISE AND SUNSET
OCTOBER 28 2020.......SUNRISE   724 AM PDT   SUNSET   602 PM PDT
OCTOBER 29 2020.......SUNRISE   725 AM PDT   SUNSET   600 PM PDT


-  INDICATES NEGATIVE NUMBERS.
R  INDICATES RECORD WAS SET OR TIED.
MM INDICATES DATA IS MISSING.
T  INDICATES TRACE AMOUNT.




$$
