000
CDUS45 KREV 240845
CLIRNO


CLIMATE REPORT
NATIONAL WEATHER SERVICE RENO NV
1245 AM PST FRI JAN 24 2020

...................................

...THE RENO-TAHOE INTL AIRPORT NV CLIMATE SUMMARY FOR JANUARY 23 2020...

CLIMATE NORMAL PERIOD 1981 TO 2010
CLIMATE RECORD PERIOD 1888 TO 2020


WEATHER ITEM   OBSERVED TIME   RECORD YEAR NORMAL DEPARTURE LAST
                VALUE   (LST)  VALUE       VALUE  FROM      YEAR
                                                  NORMAL
...................................................................
TEMPERATURE (F)
 YESTERDAY
  MAXIMUM         53    445 PM  68    1948  46      7       58
  MINIMUM         28    727 AM -10    1962  26      2       25
  AVERAGE         41                        36      5       42

PRECIPITATION (IN)
  YESTERDAY        0.00          0.79 1923   0.03  -0.03     0.00
  MONTH TO DATE    0.10                      0.80  -0.70     2.92
  SINCE OCT 1      2.19                      3.16  -0.97     5.19
  SINCE JAN 1      0.10                      0.80  -0.70     2.92

SNOWFALL (IN)
  YESTERDAY        0.0           2.0  1923   0.1   -0.1      0.0
  MONTH TO DATE    0.4                       4.7   -4.3      5.8
  SINCE DEC 1      3.0                       9.6   -6.6     10.6
  SINCE JUL 1      6.0                      13.1   -7.1     10.6
  SNOW DEPTH       0

DEGREE DAYS
 HEATING
  YESTERDAY       24                        29     -5       23
  MONTH TO DATE  588                       685    -97      617
  SINCE DEC 1   1417                      1606   -189     1469
  SINCE JUL 1   2553                      2709   -156     2442

 COOLING
  YESTERDAY        0                         0      0        0
  MONTH TO DATE    0                         0      0        0
  SINCE DEC 1      0                         0      0        0
  SINCE JAN 1      0                         0      0        0
...................................................................


WIND (MPH)
  RESULTANT WIND SPEED   0   RESULTANT WIND DIRECTION   W (250)
  HIGHEST WIND SPEED     8   HIGHEST WIND DIRECTION     W (280)
  HIGHEST GUST SPEED    10   HIGHEST GUST DIRECTION     W (270)
  AVERAGE WIND SPEED     1.0


WEATHER CONDITIONS
THE FOLLOWING WEATHER WAS RECORDED YESTERDAY.
  NO SIGNIFICANT WEATHER WAS OBSERVED.


RELATIVE HUMIDITY (PERCENT)
 HIGHEST    89           700 AM
 LOWEST     44           600 PM
 AVERAGE    67

..........................................................


THE RENO-TAHOE INTL AIRPORT NV CLIMATE NORMALS FOR TODAY
                         NORMAL    RECORD    YEAR
 MAXIMUM TEMPERATURE (F)   47        67      1948
 MINIMUM TEMPERATURE (F)   26        -6      1949
                                             1962


SUNRISE AND SUNSET
JANUARY 24 2020.......SUNRISE   713 AM PST   SUNSET   509 PM PST
JANUARY 25 2020.......SUNRISE   713 AM PST   SUNSET   511 PM PST


-  INDICATES NEGATIVE NUMBERS.
R  INDICATES RECORD WAS SET OR TIED.
MM INDICATES DATA IS MISSING.
T  INDICATES TRACE AMOUNT.




$$
