000
CDUS45 KREV 190837
CLIRNO


CLIMATE REPORT
NATIONAL WEATHER SERVICE RENO NV
137 AM PDT FRI OCT 19 2018


...................................

...THE RENO-TAHOE INTL AIRPORT NV CLIMATE SUMMARY FOR OCTOBER 18 2018...

CLIMATE NORMAL PERIOD 1981 TO 2010
CLIMATE RECORD PERIOD 1888 TO 2018


WEATHER ITEM   OBSERVED TIME   RECORD YEAR NORMAL DEPARTURE LAST
                VALUE   (LST)  VALUE       VALUE  FROM      YEAR
                                                  NORMAL
..................................................................
TEMPERATURE (F)
 YESTERDAY
  MAXIMUM         73    337 PM  86    1988  68      5       81
  MINIMUM         35    600 AM  19    1966  38     -3       34
                                      1946
  AVERAGE         54                        53      1       58

PRECIPITATION (IN)
  YESTERDAY        0.00          0.33 1972   0.01  -0.01     0.00
  MONTH TO DATE    0.26                      0.29  -0.03      T
  SINCE OCT 1      0.26                      0.29  -0.03      T
  SINCE JAN 1      7.25                      5.33   1.92    12.16

SNOWFALL (IN)
  YESTERDAY        0.0           1.0  1920   0.0    0.0      0.0
  MONTH TO DATE    0.0                       0.1   -0.1      0.0
  SINCE SEP 1      0.0                       0.2   -0.2       T
  SINCE JUL 1      T                         0.2   -0.2       T
  SNOW DEPTH       0

DEGREE DAYS
 HEATING
  YESTERDAY       11                        12     -1        7
  MONTH TO DATE  195                       159     36      216
  SINCE SEP 1    209                       239    -30      334
  SINCE JUL 1    209                       249    -40      334

 COOLING
  YESTERDAY        0                         0      0        0
  MONTH TO DATE    7                         4      3        0
  SINCE SEP 1    127                        92     35      151
  SINCE JAN 1   1290                       838    452     1401
..................................................................


WIND (MPH)
  RESULTANT WIND SPEED   1   RESULTANT WIND DIRECTION   E (110)
  HIGHEST WIND SPEED     9   HIGHEST WIND DIRECTION     E (70)
  HIGHEST GUST SPEED    13   HIGHEST GUST DIRECTION     E (70)
  AVERAGE WIND SPEED     1.9



WEATHER CONDITIONS
 THE FOLLOWING WEATHER WAS RECORDED YESTERDAY.
  NO SIGNIFICANT WEATHER WAS OBSERVED.


RELATIVE HUMIDITY (PERCENT)
 HIGHEST    64           500 AM
 LOWEST     14           300 PM
 AVERAGE    39

..........................................................


THE RENO-TAHOE INTL AIRPORT NV CLIMATE NORMALS FOR TODAY
                         NORMAL    RECORD    YEAR
 MAXIMUM TEMPERATURE (F)   68        85      1921
 MINIMUM TEMPERATURE (F)   38        19      1966


SUNRISE AND SUNSET
OCTOBER 19 2018.......SUNRISE   713 AM PDT   SUNSET   614 PM PDT
OCTOBER 20 2018.......SUNRISE   714 AM PDT   SUNSET   613 PM PDT


-  INDICATES NEGATIVE NUMBERS.
R  INDICATES RECORD WAS SET OR TIED.
MM INDICATES DATA IS MISSING.
T  INDICATES TRACE AMOUNT.




$$
