678
CDUS45 KREV 230046
CLIRNO


CLIMATE REPORT
NATIONAL WEATHER SERVICE RENO NV
545 PM PDT TUE OCT 22 2019


...................................

...THE RENO-TAHOE INTL AIRPORT NV CLIMATE SUMMARY FOR OCTOBER 22 2019...
VALID TODAY AS OF 0500 PM LOCAL TIME.

CLIMATE NORMAL PERIOD 1981 TO 2010
CLIMATE RECORD PERIOD 1888 TO 2019


WEATHER ITEM   OBSERVED TIME   RECORD YEAR NORMAL DEPARTURE LAST
                VALUE   (LST)  VALUE       VALUE  FROM      YEAR
                                                  NORMAL
..................................................................
TEMPERATURE (F)
 TODAY
  MAXIMUM         74    247 PM  83    2003  67      7       73
  MINIMUM         36    547 AM  14    1961  37     -1       36
  AVERAGE         55                        52      3       55

PRECIPITATION (IN)
  TODAY            0.00          0.40 1973   0.01  -0.01     0.00
  MONTH TO DATE    T                         0.35  -0.35     0.26
  SINCE OCT 1      T                         0.35  -0.35     0.26
  SINCE JAN 1      9.05                      5.39   3.66     7.25

SNOWFALL (IN)
  TODAY            0.0           T    1975   0.1   -0.1      0.0
                                      1953
  MONTH TO DATE    0.0                       0.2   -0.2      0.0
  SINCE SEP 1      T                         0.3   -0.3      0.0
  SINCE JUL 1      T                         0.3   -0.3       T
  SNOW DEPTH       0

DEGREE DAYS
 HEATING
  TODAY           10                        13     -3       10
  MONTH TO DATE  264                       210     54      237
  SINCE SEP 1    383                       290     93      251
  SINCE JUL 1    383                       300     83      251

 COOLING
  TODAY            0                         0      0        0
  MONTH TO DATE    0                         4     -4        7
  SINCE SEP 1    116                        92     24      127
  SINCE JAN 1   1107                       838    269     1290
..................................................................


WIND (MPH)
  RESULTANT WIND SPEED   1   RESULTANT WIND DIRECTION  SE (130)
  HIGHEST WIND SPEED     8   HIGHEST WIND DIRECTION     E (110)
  HIGHEST GUST SPEED    11   HIGHEST GUST DIRECTION     E (70)
  AVERAGE WIND SPEED     1.6



WEATHER CONDITIONS
 THE FOLLOWING WEATHER WAS RECORDED TODAY.
  NO SIGNIFICANT WEATHER WAS OBSERVED.


RELATIVE HUMIDITY (PERCENT)
 HIGHEST    64           500 AM
 LOWEST     16           200 PM
 AVERAGE    40

..........................................................


THE RENO-TAHOE INTL AIRPORT NV CLIMATE NORMALS FOR TOMORROW
                         NORMAL    RECORD    YEAR
 MAXIMUM TEMPERATURE (F)   66        83      1937
 MINIMUM TEMPERATURE (F)   37        16      1961


SUNRISE AND SUNSET
OCTOBER 22 2019.......SUNRISE   716 AM PDT   SUNSET   610 PM PDT
OCTOBER 23 2019.......SUNRISE   717 AM PDT   SUNSET   609 PM PDT


-  INDICATES NEGATIVE NUMBERS.
R  INDICATES RECORD WAS SET OR TIED.
MM INDICATES DATA IS MISSING.
T  INDICATES TRACE AMOUNT.




$$
