000
CDUS45 KREV 190840
CLIRNO


CLIMATE REPORT
NATIONAL WEATHER SERVICE RENO NV
139 AM PDT THU JUL 19 2018


...................................

...THE RENO-TAHOE INTL AIRPORT NV CLIMATE SUMMARY FOR JULY 18 2018...

CLIMATE NORMAL PERIOD 1981 TO 2010
CLIMATE RECORD PERIOD 1888 TO 2018


WEATHER ITEM   OBSERVED TIME   RECORD YEAR NORMAL DEPARTURE LAST
                VALUE   (LST)  VALUE       VALUE  FROM      YEAR
                                                  NORMAL
..................................................................
TEMPERATURE (F)
 YESTERDAY
  MAXIMUM        102    358 PM 104    2006  93      9       93
  MINIMUM         66    541 AM  38    1983  58      8       59
                                      1966
  AVERAGE         84                        76      8       76

PRECIPITATION (IN)
  YESTERDAY        0.00          0.68 1911   0.00   0.00     0.00
  MONTH TO DATE    T                         0.09  -0.09      T
  SINCE OCT 1      7.27                      6.73   0.54    15.06
  SINCE JAN 1      5.70                      4.37   1.33    11.27

SNOWFALL (IN)
  YESTERDAY        0.0           0.0    MM   0.0    0.0      0.0
  MONTH TO DATE    0.0                       0.0    0.0      0.0
  SINCE JUN 1      0.0                       T      0.0      0.0
  SINCE JUL 1      0.0                       0.0    0.0      0.0
  SNOW DEPTH       0

DEGREE DAYS
 HEATING
  YESTERDAY        0                         0      0        0
  MONTH TO DATE    0                         0      0        0
  SINCE JUN 1     18                        56    -38       45
  SINCE JUL 1      0                         0      0        0

 COOLING
  YESTERDAY       19                        11      8       11
  MONTH TO DATE  295                       171    124      296
  SINCE JUN 1    512                       307    205      573
  SINCE JAN 1    535                       344    191      627
..................................................................


WIND (MPH)
  RESULTANT WIND SPEED   4   RESULTANT WIND DIRECTION   W (280)
  HIGHEST WIND SPEED    18   HIGHEST WIND DIRECTION     W (280)
  HIGHEST GUST SPEED    24   HIGHEST GUST DIRECTION    NW (330)
  AVERAGE WIND SPEED     6.6



WEATHER CONDITIONS
 THE FOLLOWING WEATHER WAS RECORDED YESTERDAY.
  NO SIGNIFICANT WEATHER WAS OBSERVED.


RELATIVE HUMIDITY (PERCENT)
 HIGHEST    37           600 AM
 LOWEST      7           400 PM
 AVERAGE    22

..........................................................


THE RENO-TAHOE INTL AIRPORT NV CLIMATE NORMALS FOR TODAY
                         NORMAL    RECORD    YEAR
 MAXIMUM TEMPERATURE (F)   93       105      1931
 MINIMUM TEMPERATURE (F)   58        37      1967


SUNRISE AND SUNSET
JULY 19 2018..........SUNRISE   548 AM PDT   SUNSET   823 PM PDT
JULY 20 2018..........SUNRISE   548 AM PDT   SUNSET   822 PM PDT


-  INDICATES NEGATIVE NUMBERS.
R  INDICATES RECORD WAS SET OR TIED.
MM INDICATES DATA IS MISSING.
T  INDICATES TRACE AMOUNT.




$$
