175
CDUS45 KREV 200838
CLIRNO


CLIMATE REPORT
NATIONAL WEATHER SERVICE RENO NV
1237 AM PST SUN JAN 20 2019


...................................

...THE RENO-TAHOE INTL AIRPORT NV CLIMATE SUMMARY FOR JANUARY 19 2019...

CLIMATE NORMAL PERIOD 1981 TO 2010
CLIMATE RECORD PERIOD 1888 TO 2019


WEATHER ITEM   OBSERVED TIME   RECORD YEAR NORMAL DEPARTURE LAST
                VALUE   (LST)  VALUE       VALUE  FROM      YEAR
                                                  NORMAL
..................................................................
TEMPERATURE (F)
 YESTERDAY
  MAXIMUM         59    359 PM  67    1986  46     13       46
  MINIMUM         35    812 AM  -4    1952  26      9       33
  AVERAGE         47                        36     11       40

PRECIPITATION (IN)
  YESTERDAY        0.00          0.73 1969   0.03  -0.03      T
  MONTH TO DATE    2.45                      0.69   1.76     0.54
  SINCE OCT 1      4.72                      3.05   1.67     2.11
  SINCE JAN 1      2.45                      0.69   1.76     0.54

SNOWFALL (IN)
  YESTERDAY        0.0          10.5  1933   0.1   -0.1       T
  MONTH TO DATE    5.6                       4.1    1.5       T
  SINCE DEC 1     10.4                       9.0    1.4      1.0
  SINCE JUL 1     10.4                      12.5   -2.1      1.0
  SNOW DEPTH       0

DEGREE DAYS
 HEATING
  YESTERDAY       18                        29    -11       25
  MONTH TO DATE  511                       569    -58      401
  SINCE DEC 1   1363                      1490   -127     1279
  SINCE JUL 1   2336                      2593   -257     2219

 COOLING
  YESTERDAY        0                         0      0        0
  MONTH TO DATE    0                         0      0        0
  SINCE DEC 1      0                         0      0        0
  SINCE JAN 1      0                         0      0        0
..................................................................


WIND (MPH)
  RESULTANT WIND SPEED   0   RESULTANT WIND DIRECTION   N (20)
  HIGHEST WIND SPEED    12   HIGHEST WIND DIRECTION     W (290)
  HIGHEST GUST SPEED    13   HIGHEST GUST DIRECTION     W (290)
  AVERAGE WIND SPEED     2.2



WEATHER CONDITIONS
 THE FOLLOWING WEATHER WAS RECORDED YESTERDAY.
  NO SIGNIFICANT WEATHER WAS OBSERVED.


RELATIVE HUMIDITY (PERCENT)
 HIGHEST    89           800 AM
 LOWEST     40           300 PM
 AVERAGE    65

..........................................................


THE RENO-TAHOE INTL AIRPORT NV CLIMATE NORMALS FOR TODAY
                         NORMAL    RECORD    YEAR
 MAXIMUM TEMPERATURE (F)   46        65      1950
 MINIMUM TEMPERATURE (F)   26       -12      1937


SUNRISE AND SUNSET
JANUARY 20 2019.......SUNRISE   715 AM PST   SUNSET   505 PM PST
JANUARY 21 2019.......SUNRISE   715 AM PST   SUNSET   506 PM PST


-  INDICATES NEGATIVE NUMBERS.
R  INDICATES RECORD WAS SET OR TIED.
MM INDICATES DATA IS MISSING.
T  INDICATES TRACE AMOUNT.




$$
