000
CDUS41 KRNK 202121
CLIROA


CLIMATE REPORT
NATIONAL WEATHER SERVICE BLACKSBURG VA
519 PM EDT SUN OCT 20 2019


...................................

...THE ROANOKE VA CLIMATE SUMMARY FOR OCTOBER 20 2019...
VALID TODAY AS OF 0500 PM LOCAL TIME.

CLIMATE NORMAL PERIOD 1981 TO 2010
CLIMATE RECORD PERIOD 1912 TO 2019


WEATHER ITEM   OBSERVED TIME   RECORD YEAR NORMAL DEPARTURE LAST
                VALUE   (LST)  VALUE       VALUE  FROM      YEAR
                                                  NORMAL
..................................................................
TEMPERATURE (F)
 TODAY
  MAXIMUM         69    337 PM  84    2005  68      1       67
                                      1969
                                      1953
  MINIMUM         50    519 AM  22    1972  45      5       44
  AVERAGE         60                        56      4       56

PRECIPITATION (IN)
  TODAY            1.59          4.02 1944   0.09   1.50      T
  MONTH TO DATE    3.34                      1.81   1.53     3.96
  SINCE SEP 1      4.70                      5.70  -1.00    13.88
  SINCE JAN 1     35.40                     33.83   1.57    50.18

SNOWFALL (IN)
  TODAY            0.0                                       0.0
  MONTH TO DATE    0.0                                       0.0
  SINCE SEP 1      0.0                                       0.0
  SINCE JUL 1      T                                         0.0
  SNOW DEPTH       0

DEGREE DAYS
 HEATING
  TODAY            5                         9     -4        9
  MONTH TO DATE   78                       133    -55       73
  SINCE SEP 1     79                       181   -102       79
  SINCE JUL 1     79                       182   -103       79

 COOLING
  TODAY            0                         0      0        0
  MONTH TO DATE   73                        18     55      100
  SINCE SEP 1    394                       157    237      367
  SINCE JAN 1   1757                      1204    553     1681
..................................................................


WIND (MPH)
  HIGHEST WIND SPEED    17   HIGHEST WIND DIRECTION     N (20)
  HIGHEST GUST SPEED    22   HIGHEST GUST DIRECTION     N (20)
  AVERAGE WIND SPEED     7.1


SKY COVER
  AVERAGE SKY COVER 1.0


WEATHER CONDITIONS
 THE FOLLOWING WEATHER WAS RECORDED TODAY.
  HEAVY RAIN
  RAIN
  LIGHT RAIN
  FOG


RELATIVE HUMIDITY (PERCENT)
 HIGHEST    93           200 AM
 LOWEST     73           300 PM
 AVERAGE    83

..........................................................


THE ROANOKE VA CLIMATE NORMALS FOR TOMORROW
                         NORMAL    RECORD    YEAR
 MAXIMUM TEMPERATURE (F)   68        85      1941
 MINIMUM TEMPERATURE (F)   45        24      1972


SUNRISE AND SUNSET
OCTOBER 20 2019.......SUNRISE   732 AM EDT   SUNSET   636 PM EDT
OCTOBER 21 2019.......SUNRISE   733 AM EDT   SUNSET   635 PM EDT


-  INDICATES NEGATIVE NUMBERS.
R  INDICATES RECORD WAS SET OR TIED.
MM INDICATES DATA IS MISSING.
T  INDICATES TRACE AMOUNT.




$$
