000
CDUS41 KRNK 250655
CLIROA


CLIMATE REPORT
NATIONAL WEATHER SERVICE BLACKSBURG VA
253 AM EDT MON JUN 25 2018


...................................

...THE ROANOKE VA CLIMATE SUMMARY FOR JUNE 24 2018...

CLIMATE NORMAL PERIOD 1981 TO 2010
CLIMATE RECORD PERIOD 1912 TO 2018


WEATHER ITEM   OBSERVED TIME   RECORD YEAR NORMAL DEPARTURE LAST
                VALUE   (LST)  VALUE       VALUE  FROM      YEAR
                                                  NORMAL
..................................................................
TEMPERATURE (F)
 YESTERDAY
  MAXIMUM         90    402 PM 103    1930  86      4       86
  MINIMUM         69    221 AM  49    1915  65      4       67
  AVERAGE         80                        75      5       77

PRECIPITATION (IN)
  YESTERDAY        T             1.41 1919   0.12  -0.12     0.05
  MONTH TO DATE    3.01                      3.12  -0.11     4.50
  SINCE JUN 1      3.01                      3.12  -0.11     4.50
  SINCE JAN 1     26.04                     19.82   6.22    25.52

SNOWFALL (IN)
  YESTERDAY        0.0                                       0.0
  MONTH TO DATE    0.0                                       0.0
  SINCE JUN 1      0.0                                       0.0
  SINCE JUL 1     15.7                                       4.6
  SNOW DEPTH       0

DEGREE DAYS
 HEATING
  YESTERDAY        0                         0      0        0
  MONTH TO DATE    0                         9     -9        4
  SINCE JUN 1      0                         9     -9        4
  SINCE JUL 1   3985                      4142   -157     3213

 COOLING
  YESTERDAY       15                        10      5       12
  MONTH TO DATE  263                       183     80      207
  SINCE JUN 1    263                       183     80      207
  SINCE JAN 1    517                       299    218      391
..................................................................


WIND (MPH)
  HIGHEST WIND SPEED    20   HIGHEST WIND DIRECTION     W (260)
  HIGHEST GUST SPEED    25   HIGHEST GUST DIRECTION     W (280)
  AVERAGE WIND SPEED     8.0


SKY COVER
  AVERAGE SKY COVER 0.4


WEATHER CONDITIONS
 THE FOLLOWING WEATHER WAS RECORDED YESTERDAY.
  LIGHT RAIN


RELATIVE HUMIDITY (PERCENT)
 HIGHEST    90          1200 AM
 LOWEST     41           400 PM
 AVERAGE    66

..........................................................


THE ROANOKE VA CLIMATE NORMALS FOR TODAY
                         NORMAL    RECORD    YEAR
 MAXIMUM TEMPERATURE (F)   86        99      1952
 MINIMUM TEMPERATURE (F)   65        49      1979
                                             1936


SUNRISE AND SUNSET
JUNE 25 2018..........SUNRISE   601 AM EDT   SUNSET   844 PM EDT
JUNE 26 2018..........SUNRISE   601 AM EDT   SUNSET   844 PM EDT


-  INDICATES NEGATIVE NUMBERS.
R  INDICATES RECORD WAS SET OR TIED.
MM INDICATES DATA IS MISSING.
T  INDICATES TRACE AMOUNT.




$$
