000
CDUS41 KRNK 122116
CLIROA

CLIMATE REPORT
NATIONAL WEATHER SERVICE BLACKSBURG, VA
516 PM EDT WED AUG 12 2020

...................................

...THE ROANOKE VA CLIMATE SUMMARY FOR AUGUST 12 2020...
VALID TODAY AS OF 0500 PM LOCAL TIME.

CLIMATE NORMAL PERIOD: 1981 TO 2010
CLIMATE RECORD PERIOD: 1912 TO 2020


WEATHER ITEM   OBSERVED TIME   RECORD YEAR NORMAL DEPARTURE LAST
                VALUE   (LST)  VALUE       VALUE  FROM      YEAR
                                                  NORMAL
...................................................................
TEMPERATURE (F)
 TODAY
  MAXIMUM         86   2:33 PM  96    1944  86      0       91
                                      1977
                                      2010
  MINIMUM         74   6:32 AM  51    1930  66      8       64
  AVERAGE         80                        76      4       78

PRECIPITATION (IN)
  TODAY            0.01          2.89 1996   0.11  -0.10      T
  MONTH TO DATE    0.31                      1.38  -1.07     0.26
  SINCE JUN 1     11.56                      9.25   2.31    10.49
  SINCE JAN 1     39.42                     25.95  13.47    27.83

SNOWFALL (IN)
  TODAY            0.0
  MONTH TO DATE    0.0
  SINCE JUN 1      0.0
  SINCE JUL 1      0.0
  SNOW DEPTH       0

DEGREE DAYS
 HEATING
  TODAY            0                         0      0        0
  MONTH TO DATE    0                         0      0        0
  SINCE JUN 1     15                        11      4        0
  SINCE JUL 1      0                         0      0        0

 COOLING
  TODAY           15                        11      4       13
  MONTH TO DATE  161                       134     27      150
  SINCE JUN 1    969                       741    228      854
  SINCE JAN 1   1086                       857    229     1133
...................................................................


WIND (MPH)
  RESULTANT WIND SPEED   2   RESULTANT WIND DIRECTION   E (70)
  HIGHEST WIND SPEED    15   HIGHEST WIND DIRECTION     S (180)
  HIGHEST GUST SPEED    18   HIGHEST GUST DIRECTION     S (200)
  AVERAGE WIND SPEED     5.2


SKY COVER
  AVERAGE SKY COVER 0.5


WEATHER CONDITIONS
THE FOLLOWING WEATHER WAS RECORDED TODAY.
  LIGHT RAIN


RELATIVE HUMIDITY (PERCENT)
 HIGHEST    91           5:00 AM
 LOWEST     67           9:00 AM
 AVERAGE    79

..........................................................


THE ROANOKE VA CLIMATE NORMALS FOR TOMORROW
                         NORMAL    RECORD    YEAR
 MAXIMUM TEMPERATURE (F)   86        99      1926
 MINIMUM TEMPERATURE (F)   66        45      1930


SUNRISE AND SUNSET
AUGUST 12 2020........SUNRISE   6:34 AM EDT   SUNSET   8:15 PM EDT
AUGUST 13 2020........SUNRISE   6:35 AM EDT   SUNSET   8:14 PM EDT


-  INDICATES NEGATIVE NUMBERS.
R  INDICATES RECORD WAS SET OR TIED.
MM INDICATES DATA IS MISSING.
T  INDICATES TRACE AMOUNT.




$$
