000
CDUS41 KRNK 150650
CLIROA

CLIMATE REPORT
NATIONAL WEATHER SERVICE BLACKSBURG, VA
250 AM EDT TUE JUN 15 2021

...................................

...THE ROANOKE VA CLIMATE SUMMARY FOR JUNE 14 2021...

CLIMATE NORMAL PERIOD: 1991 TO 2020
CLIMATE RECORD PERIOD: 1912 TO 2021


WEATHER ITEM   OBSERVED TIME   RECORD YEAR NORMAL DEPARTURE LAST
                VALUE   (LST)  VALUE       VALUE  FROM      YEAR
                                                  NORMAL
...................................................................
TEMPERATURE (F)
 YESTERDAY
  MAXIMUM         90   3:25 PM  95    1926  84      6       78
  MINIMUM         64   5:33 AM  44    1933  63      1       58
  AVERAGE         77                        74      3       68

PRECIPITATION (IN)
  YESTERDAY        0.00          3.78 1947   0.16  -0.16     1.76
  MONTH TO DATE    3.08                      2.21   0.87     2.24
  SINCE JUN 1      3.08                      2.21   0.87     2.24
  SINCE JAN 1     18.52                     19.58  -1.06    30.10

SNOWFALL (IN)
  YESTERDAY        0.0                                       0.0
  MONTH TO DATE    0.0                                       0.0
  SINCE JUN 1      0.0                                       0.0
  SINCE JUL 1     10.3                                       1.6
  SNOW DEPTH       0

DEGREE DAYS
 HEATING
  YESTERDAY        0                         0      0        0
  MONTH TO DATE    0                         5     -5        3
  SINCE JUN 1      0                         5     -5        3
  SINCE JUL 1   3658                      3867   -209     3550

 COOLING
  YESTERDAY       12                         9      3        3
  MONTH TO DATE  147                       101     46      141
  SINCE JUN 1    147                       101     46      141
  SINCE JAN 1    287                       250     37      258
...................................................................


WIND (MPH)
  RESULTANT WIND SPEED   3   RESULTANT WIND DIRECTION   W (290)
  HIGHEST WIND SPEED    14   HIGHEST WIND DIRECTION    NW (300)
  HIGHEST GUST SPEED    19   HIGHEST GUST DIRECTION    NW (310)
  AVERAGE WIND SPEED     4.7


SKY COVER
  AVERAGE SKY COVER 0.2


WEATHER CONDITIONS
THE FOLLOWING WEATHER WAS RECORDED YESTERDAY.
  NO SIGNIFICANT WEATHER WAS OBSERVED.


RELATIVE HUMIDITY (PERCENT)
 HIGHEST    93           4:00 AM
 LOWEST     36           3:00 PM
 AVERAGE    65

..........................................................


THE ROANOKE VA CLIMATE NORMALS FOR TODAY
                         NORMAL    RECORD    YEAR
 MAXIMUM TEMPERATURE (F)   85        95      1952
 MINIMUM TEMPERATURE (F)   63        41      1933


SUNRISE AND SUNSET
JUNE 15 2021..........SUNRISE   5:59 AM EDT   SUNSET   8:42 PM EDT
JUNE 16 2021..........SUNRISE   5:59 AM EDT   SUNSET   8:43 PM EDT


-  INDICATES NEGATIVE NUMBERS.
R  INDICATES RECORD WAS SET OR TIED.
MM INDICATES DATA IS MISSING.
T  INDICATES TRACE AMOUNT.


$$

PW
