000
CDUS41 KRNK 132209
CLIROA


CLIMATE REPORT
NATIONAL WEATHER SERVICE BLACKSBURG VA
508 PM EST THU DEC 13 2018


...................................

...THE ROANOKE VA CLIMATE SUMMARY FOR DECEMBER 13 2018...
VALID TODAY AS OF 0500 PM LOCAL TIME.

CLIMATE NORMAL PERIOD 1981 TO 2010
CLIMATE RECORD PERIOD 1912 TO 2018


WEATHER ITEM   OBSERVED TIME   RECORD YEAR NORMAL DEPARTURE LAST
                VALUE   (LST)  VALUE       VALUE  FROM      YEAR
                                                  NORMAL
..................................................................
TEMPERATURE (F)
 TODAY
  MAXIMUM         49   1259 PM  79    1927  48      1       41
  MINIMUM         26    140 PM  -4    1917  30     -4       21
  AVERAGE         38                        39     -1       31

PRECIPITATION (IN)
  TODAY            0.00          1.84 1935   0.10  -0.10     0.00
  MONTH TO DATE    1.49                      1.35   0.14     0.15
  SINCE DEC 1      1.49                      1.35   0.14     0.15
  SINCE JAN 1     57.70                     39.66  18.04    37.31

SNOWFALL (IN)
  TODAY            0.0                                       0.0
  MONTH TO DATE   15.2                                       1.5
  SINCE DEC 1     15.2                                       1.5
  SINCE JUL 1     15.2                                       1.5
  SNOW DEPTH       4

DEGREE DAYS
 HEATING
  TODAY           27                        26      1       34
  MONTH TO DATE  341                       314     27      304
  SINCE DEC 1    341                       314     27      304
  SINCE JUL 1   1175                      1118     57     1039

 COOLING
  TODAY            0                         0      0        0
  MONTH TO DATE    0                         0      0        0
  SINCE DEC 1      0                         0      0        0
  SINCE JAN 1   1681                      1208    473     1414
..................................................................


WIND (MPH)
  HIGHEST WIND SPEED     8   HIGHEST WIND DIRECTION     N (340)
  HIGHEST GUST SPEED    10   HIGHEST GUST DIRECTION     N (340)
  AVERAGE WIND SPEED     2.5


SKY COVER
  AVERAGE SKY COVER 0.9


WEATHER CONDITIONS
 THE FOLLOWING WEATHER WAS RECORDED TODAY.
  NO SIGNIFICANT WEATHER WAS OBSERVED.


RELATIVE HUMIDITY (PERCENT)
 HIGHEST    82           100 AM
 LOWEST     42           100 PM
 AVERAGE    62

..........................................................


THE ROANOKE VA CLIMATE NORMALS FOR TOMORROW
                         NORMAL    RECORD    YEAR
 MAXIMUM TEMPERATURE (F)   48        73      1927
 MINIMUM TEMPERATURE (F)   30        10      2010


SUNRISE AND SUNSET
DECEMBER 13 2018......SUNRISE   725 AM EST   SUNSET   503 PM EST
DECEMBER 14 2018......SUNRISE   726 AM EST   SUNSET   503 PM EST


-  INDICATES NEGATIVE NUMBERS.
R  INDICATES RECORD WAS SET OR TIED.
MM INDICATES DATA IS MISSING.
T  INDICATES TRACE AMOUNT.




$$
