271
CDUS41 KBUF 140724
CLIROC


CLIMATE REPORT
NATIONAL WEATHER SERVICE BUFFALO NY
317 AM EDT MON OCT 14 2019


...................................

...THE ROCHESTER NY CLIMATE SUMMARY FOR OCTOBER 13 2019...

CLIMATE NORMAL PERIOD 1981 TO 2010
CLIMATE RECORD PERIOD 1871 TO 2019


WEATHER ITEM   OBSERVED TIME   RECORD YEAR NORMAL DEPARTURE LAST
                VALUE   (LST)  VALUE       VALUE  FROM      YEAR
                                                  NORMAL
..................................................................
TEMPERATURE (F)
 YESTERDAY
  MAXIMUM         67    333 PM  83    1995  61      6       53
                                      1969
  MINIMUM         37    601 AM  26    1993  42     -5       39
  AVERAGE         52                        51      1       46

PRECIPITATION (IN)
  YESTERDAY        0.00          1.03 1986   0.09  -0.09     0.11
  MONTH TO DATE    1.28                      1.20   0.08     2.41
  SINCE SEP 1      4.29                      4.58  -0.29     5.22
  SINCE JAN 1     25.14                     27.18  -2.04    26.79

SNOWFALL (IN)
  YESTERDAY        0.0           0.3  2006   0.0    0.0      0.0
                                      1874
  MONTH TO DATE    0.0                       0.0    0.0      0.0
  SINCE SEP 1      0.0                       0.0    0.0      0.0
  SINCE JUL 1      0.0                       0.0    0.0      0.0
  SNOW DEPTH       0

DEGREE DAYS
 HEATING
  YESTERDAY       13                        14     -1       19
  MONTH TO DATE  128                       152    -24       78
  SINCE SEP 1    187                       299   -112      158
  SINCE JUL 1    192                       333   -141      158

 COOLING
  YESTERDAY        0                         0      0        0
  MONTH TO DATE   13                         0     13       26
  SINCE SEP 1     64                        50     14      194
  SINCE JAN 1    621                       534     87      994
..................................................................


WIND (MPH)
  HIGHEST WIND SPEED    18   HIGHEST WIND DIRECTION     S (180)
  HIGHEST GUST SPEED    23   HIGHEST GUST DIRECTION     S (170)
  AVERAGE WIND SPEED     8.9


SKY COVER
  AVERAGE SKY COVER 0.3


WEATHER CONDITIONS
 THE FOLLOWING WEATHER WAS RECORDED YESTERDAY.
  NO SIGNIFICANT WEATHER WAS OBSERVED.


RELATIVE HUMIDITY (PERCENT)
 HIGHEST    92           200 AM
 LOWEST     29           200 PM
 AVERAGE    61

..........................................................


THE ROCHESTER NY CLIMATE NORMALS FOR TODAY
                         NORMAL    RECORD    YEAR
 MAXIMUM TEMPERATURE (F)   60        86      1954
 MINIMUM TEMPERATURE (F)   42        24      1993


SUNRISE AND SUNSET
OCTOBER 14 2019.......SUNRISE   723 AM EDT   SUNSET   630 PM EDT
OCTOBER 15 2019.......SUNRISE   724 AM EDT   SUNSET   628 PM EDT


-  INDICATES NEGATIVE NUMBERS.
R  INDICATES RECORD WAS SET OR TIED.
MM INDICATES DATA IS MISSING.
T  INDICATES TRACE AMOUNT.




$$
