000
CDUS41 KBUF 222135
CLIROC


CLIMATE REPORT
NATIONAL WEATHER SERVICE BUFFALO NY
433 PM EST TUE JAN 22 2019


...................................

...THE ROCHESTER NY CLIMATE SUMMARY FOR JANUARY 22 2019...
VALID TODAY AS OF 0400 PM LOCAL TIME.

CLIMATE NORMAL PERIOD 1981 TO 2010
CLIMATE RECORD PERIOD 1871 TO 2019


WEATHER ITEM   OBSERVED TIME   RECORD YEAR NORMAL DEPARTURE LAST
                VALUE   (LST)  VALUE       VALUE  FROM      YEAR
                                                  NORMAL
..................................................................
TEMPERATURE (F)
 TODAY
  MAXIMUM         22    359 PM  68    1906  31     -9       51
  MINIMUM          5   1200 AM  -9    2005  17    -12       36
  AVERAGE         14                        24    -10       44

PRECIPITATION (IN)
  TODAY            0.02          0.92 1904   0.08  -0.06     0.16
  MONTH TO DATE    2.05                      1.76   0.29     2.46
  SINCE DEC 1      4.65                      4.39   0.26     4.70
  SINCE JAN 1      2.05                      1.76   0.29     2.46

SNOWFALL (IN)
  TODAY            0.5           9.0  1881   1.0   -0.5      0.0
  MONTH TO DATE   27.5                      20.2    7.3     25.4
  SINCE DEC 1     39.0                      42.0   -3.0     60.1
  SINCE JUL 1     56.5                      49.4    7.1     62.7
  SNOW DEPTH      14

DEGREE DAYS
 HEATING
  TODAY           51                        41     10       21
  MONTH TO DATE  874                       885    -11      924
  SINCE DEC 1   1832                      1970   -138     2126
  SINCE JUL 1   3219                      3338   -119     3217

 COOLING
  TODAY            0                         0      0        0
  MONTH TO DATE    0                         0      0        0
  SINCE DEC 1      0                         0      0        0
  SINCE JAN 1      0                         0      0        0
..................................................................


WIND (MPH)
  HIGHEST WIND SPEED    14   HIGHEST WIND DIRECTION    SE (130)
  HIGHEST GUST SPEED    17   HIGHEST GUST DIRECTION    SE (130)
  AVERAGE WIND SPEED     7.5


SKY COVER
  AVERAGE SKY COVER 0.9


WEATHER CONDITIONS
 THE FOLLOWING WEATHER WAS RECORDED TODAY.
  LIGHT SNOW
  FOG


RELATIVE HUMIDITY (PERCENT)
 HIGHEST    96          1200 AM
 LOWEST     57           400 PM
 AVERAGE    77

..........................................................


THE ROCHESTER NY CLIMATE NORMALS FOR TOMORROW
                         NORMAL    RECORD    YEAR
 MAXIMUM TEMPERATURE (F)   31        64      1906
 MINIMUM TEMPERATURE (F)   17       -14      1976


SUNRISE AND SUNSET
JANUARY 22 2019.......SUNRISE   735 AM EST   SUNSET   510 PM EST
JANUARY 23 2019.......SUNRISE   734 AM EST   SUNSET   511 PM EST


-  INDICATES NEGATIVE NUMBERS.
R  INDICATES RECORD WAS SET OR TIED.
MM INDICATES DATA IS MISSING.
T  INDICATES TRACE AMOUNT.




$$
