000
CDUS41 KBUF 181017
CLIROC


CLIMATE REPORT
NATIONAL WEATHER SERVICE BUFFALO NY
614 AM EDT THU OCT 18 2018


...................................

...THE ROCHESTER NY CLIMATE SUMMARY FOR OCTOBER 17 2018...

CLIMATE NORMAL PERIOD 1981 TO 2010
CLIMATE RECORD PERIOD 1871 TO 2018


WEATHER ITEM   OBSERVED TIME   RECORD YEAR NORMAL DEPARTURE LAST
                VALUE   (LST)  VALUE       VALUE  FROM      YEAR
                                                  NORMAL
..................................................................
TEMPERATURE (F)
 YESTERDAY
  MAXIMUM         50   1018 AM  85    1947  59     -9       65
  MINIMUM         36   1159 PM  25    1978  41     -5       35
  AVERAGE         43                        50     -7       50

PRECIPITATION (IN)
  YESTERDAY        0.08          1.20 1948   0.08   0.00     0.00
  MONTH TO DATE    2.49                      1.53   0.96     3.74
  SINCE SEP 1      5.30                      4.91   0.39     5.02
  SINCE JAN 1     26.87                     27.51  -0.64    36.03

SNOWFALL (IN)
  YESTERDAY        T             1.2  1875   0.0    0.0      0.0
  MONTH TO DATE    T                         0.0    0.0      0.0
  SINCE SEP 1      T                         0.0    0.0      0.0
  SINCE JUL 1      T                         0.0    0.0      0.0
  SNOW DEPTH       0

DEGREE DAYS
 HEATING
  YESTERDAY       22                        15      7       15
  MONTH TO DATE  148                       210    -62       86
  SINCE SEP 1    228                       357   -129      178
  SINCE JUL 1    228                       391   -163      205

 COOLING
  YESTERDAY        0                         0      0        0
  MONTH TO DATE   26                         0     26       21
  SINCE SEP 1    194                        50    144      138
  SINCE JAN 1    994                       534    460      654
..................................................................


WIND (MPH)
  HIGHEST WIND SPEED    29   HIGHEST WIND DIRECTION     W (290)
  HIGHEST GUST SPEED    40   HIGHEST GUST DIRECTION    NW (300)
  AVERAGE WIND SPEED    13.1


SKY COVER
  AVERAGE SKY COVER 0.9


WEATHER CONDITIONS
 THE FOLLOWING WEATHER WAS RECORDED YESTERDAY.
  RAIN
  LIGHT RAIN
  HAIL
  SNOW
  LIGHT SNOW
  FOG


RELATIVE HUMIDITY (PERCENT)
 HIGHEST    82           700 AM
 LOWEST     64           900 PM
 AVERAGE    73

..........................................................


THE ROCHESTER NY CLIMATE NORMALS FOR TODAY
                         NORMAL    RECORD    YEAR
 MAXIMUM TEMPERATURE (F)   59        83      1947
 MINIMUM TEMPERATURE (F)   41        23      1972


SUNRISE AND SUNSET
OCTOBER 18 2018.......SUNRISE   728 AM EDT   SUNSET   623 PM EDT
OCTOBER 19 2018.......SUNRISE   729 AM EDT   SUNSET   621 PM EDT


-  INDICATES NEGATIVE NUMBERS.
R  INDICATES RECORD WAS SET OR TIED.
MM INDICATES DATA IS MISSING.
T  INDICATES TRACE AMOUNT.




$$
