000
CDUS41 KBUF 172025
CLIROC


CLIMATE REPORT
NATIONAL WEATHER SERVICE BUFFALO NY
422 PM EDT TUE JUL 17 2018


...................................

...THE ROCHESTER NY CLIMATE SUMMARY FOR JULY 17 2018...
VALID TODAY AS OF 0400 PM LOCAL TIME.

CLIMATE NORMAL PERIOD 1981 TO 2010
CLIMATE RECORD PERIOD 1871 TO 2018


WEATHER ITEM   OBSERVED TIME   RECORD YEAR NORMAL DEPARTURE LAST
                VALUE   (LST)  VALUE       VALUE  FROM      YEAR
                                                  NORMAL
..................................................................
TEMPERATURE (F)
 TODAY
  MAXIMUM         86    108 PM  97    2012  81      5       83
  MINIMUM         72    459 AM  48    1892  61     11       66
  AVERAGE         79                        71      8       75

PRECIPITATION (IN)
  TODAY            0.01          2.04 1873   0.10  -0.09     0.71
  MONTH TO DATE    0.74                      1.78  -1.04     3.08
  SINCE JUN 1      2.96                      5.12  -2.16     6.62
  SINCE JAN 1     16.44                     17.58  -1.14    26.60

SNOWFALL (IN)
  TODAY            0.0           0.0    MM   0.0    0.0      0.0
  MONTH TO DATE    0.0                       0.0    0.0      0.0
  SINCE JUN 1      0.0                       0.0    0.0      0.0
  SINCE JUL 1      0.0                       0.0    0.0      0.0
  SNOW DEPTH       0

DEGREE DAYS
 HEATING
  TODAY            0                         0      0        0
  MONTH TO DATE    0                         6     -6        0
  SINCE JUN 1     32                        74    -42       45
  SINCE JUL 1      0                         6     -6        0

 COOLING
  TODAY           14                         6      8       10
  MONTH TO DATE  208                       102    106      113
  SINCE JUN 1    324                       208    116      246
  SINCE JAN 1    411                       238    173      288
..................................................................


WIND (MPH)
  HIGHEST WIND SPEED    22   HIGHEST WIND DIRECTION    NW (310)
  HIGHEST GUST SPEED    28   HIGHEST GUST DIRECTION    NW (330)
  AVERAGE WIND SPEED    10.4


SKY COVER
  AVERAGE SKY COVER 0.8


WEATHER CONDITIONS
 THE FOLLOWING WEATHER WAS RECORDED TODAY.
  LIGHT RAIN


RELATIVE HUMIDITY (PERCENT)
 HIGHEST   100           400 AM
 LOWEST     32           100 PM
 AVERAGE    66

..........................................................


THE ROCHESTER NY CLIMATE NORMALS FOR TOMORROW
                         NORMAL    RECORD    YEAR
 MAXIMUM TEMPERATURE (F)   81        97      1953
 MINIMUM TEMPERATURE (F)   61        47      1971


SUNRISE AND SUNSET
JULY 17 2018..........SUNRISE   547 AM EDT   SUNSET   847 PM EDT
JULY 18 2018..........SUNRISE   547 AM EDT   SUNSET   846 PM EDT


-  INDICATES NEGATIVE NUMBERS.
R  INDICATES RECORD WAS SET OR TIED.
MM INDICATES DATA IS MISSING.
T  INDICATES TRACE AMOUNT.

$$
