000
CDUS41 KBUF 250858
CLIROC


CLIMATE REPORT
NATIONAL WEATHER SERVICE BUFFALO NY
357 AM EST TUE FEB 25 2020


...................................

...THE ROCHESTER NY CLIMATE SUMMARY FOR FEBRUARY 24 2020...

CLIMATE NORMAL PERIOD 1981 TO 2010
CLIMATE RECORD PERIOD 1871 TO 2020


WEATHER ITEM   OBSERVED TIME   RECORD YEAR NORMAL DEPARTURE LAST
                VALUE   (LST)  VALUE       VALUE  FROM      YEAR
                                                  NORMAL
..................................................................
TEMPERATURE (F)
 YESTERDAY
  MAXIMUM         53    316 PM  70    1906  36     17       54
  MINIMUM         37   1144 PM  -9    2015  20     17       31
                                      1889
  AVERAGE         45                        28     17       43

PRECIPITATION (IN)
  YESTERDAY        0.00          0.86 2016   0.07  -0.07     0.20
  MONTH TO DATE    1.95                      1.64   0.31     2.29
  SINCE DEC 1      8.66                      6.68   1.98     7.45
  SINCE JAN 1      4.76                      4.05   0.71     4.85

SNOWFALL (IN)
  YESTERDAY        0.0           8.1  1962   0.8   -0.8      0.4
  MONTH TO DATE   18.9                      18.5    0.4     11.0
  SINCE DEC 1     63.1                      68.5   -5.4     55.3
  SINCE JUL 1     80.9                      75.9    5.0     72.8
  SNOW DEPTH       0

DEGREE DAYS
 HEATING
  YESTERDAY       20                        37    -17       22
  MONTH TO DATE  868                       936    -68      831
  SINCE DEC 1   2949                      3272   -323     3054
  SINCE JUL 1   4265                      4640   -375     4441

 COOLING
  YESTERDAY        0                         0      0        0
  MONTH TO DATE    0                         0      0        0
  SINCE DEC 1      0                         0      0        0
  SINCE JAN 1      0                         0      0        0
..................................................................


WIND (MPH)
  HIGHEST WIND SPEED    17   HIGHEST WIND DIRECTION     W (250)
  HIGHEST GUST SPEED    23   HIGHEST GUST DIRECTION    SW (240)
  AVERAGE WIND SPEED     7.1


SKY COVER
  AVERAGE SKY COVER 0.5


WEATHER CONDITIONS
 THE FOLLOWING WEATHER WAS RECORDED YESTERDAY.
  NO SIGNIFICANT WEATHER WAS OBSERVED.


RELATIVE HUMIDITY (PERCENT)
 HIGHEST    76          1100 PM
 LOWEST     33          1200 AM
 AVERAGE    55

..........................................................


THE ROCHESTER NY CLIMATE NORMALS FOR TODAY
                         NORMAL    RECORD    YEAR
 MAXIMUM TEMPERATURE (F)   36        67      1957
 MINIMUM TEMPERATURE (F)   20        -8      1894


SUNRISE AND SUNSET
FEBRUARY 25 2020......SUNRISE   654 AM EST   SUNSET   554 PM EST
FEBRUARY 26 2020......SUNRISE   652 AM EST   SUNSET   555 PM EST


-  INDICATES NEGATIVE NUMBERS.
R  INDICATES RECORD WAS SET OR TIED.
MM INDICATES DATA IS MISSING.
T  INDICATES TRACE AMOUNT.

$$
