000
CDUS45 KABQ 210831
CLIROW


CLIMATE REPORT
NATIONAL WEATHER SERVICE ALBUQUERQUE NM
131 AM MST FRI FEB 21 2020


...................................

...THE ROSWELL NM CLIMATE SUMMARY FOR FEBRUARY 20 2020...

CLIMATE NORMAL PERIOD 1981 TO 2010
CLIMATE RECORD PERIOD 1893 TO 2020


WEATHER ITEM   OBSERVED TIME   RECORD YEAR NORMAL DEPARTURE
                VALUE   (LST)  VALUE       VALUE  FROM
                                                  NORMAL
...............................................................
TEMPERATURE (F)
 YESTERDAY
  MAXIMUM         41    449 AM  83    1996  62    -21
  MINIMUM         31    126 PM  11    1955  32     -1
  AVERAGE         36                        47    -11

PRECIPITATION (IN)
  YESTERDAY        0.01          0.91 1987   0.01   0.00
  MONTH TO DATE    0.57                      0.29   0.28
  SINCE DEC 1      1.12                      1.31  -0.19
  SINCE JAN 1      1.01                      0.67   0.34

SNOWFALL (IN)
  YESTERDAY        T
  MONTH TO DATE    4.4
  SINCE DEC 1      4.4
  SINCE JUL 1      4.9

DEGREE DAYS
 HEATING
  YESTERDAY       29                        18     11
  MONTH TO DATE  400                       404     -4
  SINCE DEC 1   1608                      1924   -316
  SINCE JUL 1   2273                      2570   -297

 COOLING
  YESTERDAY        0                         0      0
  MONTH TO DATE    0                         0      0
  SINCE DEC 1      0                         0      0
  SINCE JAN 1      0                         0      0
...............................................................


WIND (MPH)
  HIGHEST WIND SPEED    24   HIGHEST WIND DIRECTION     N (20)
  HIGHEST GUST SPEED    29   HIGHEST GUST DIRECTION     N (20)
  AVERAGE WIND SPEED    10.3


SKY COVER
  AVERAGE SKY COVER 0.9


WEATHER CONDITIONS
 THE FOLLOWING WEATHER WAS RECORDED YESTERDAY.
  LIGHT RAIN
  LT FREEZING RAIN
  LIGHT SNOW
  FOG
  HAZE


RELATIVE HUMIDITY (PERCENT)
 HIGHEST    85          1200 PM
 LOWEST     70           500 AM
 AVERAGE    78

..........................................................


THE ROSWELL NM CLIMATE NORMALS FOR TODAY
                         NORMAL    RECORD    YEAR
 MAXIMUM TEMPERATURE (F)   62        85      2017
                                             1920
 MINIMUM TEMPERATURE (F)   32         2      1964


SUNRISE AND SUNSET
FEBRUARY 21 2020......SUNRISE   636 AM MST   SUNSET   548 PM MST
FEBRUARY 22 2020......SUNRISE   635 AM MST   SUNSET   549 PM MST


-  INDICATES NEGATIVE NUMBERS.
R  INDICATES RECORD WAS SET OR TIED.
MM INDICATES DATA IS MISSING.
T  INDICATES TRACE AMOUNT.




$$
