000
CDUS45 KABQ 160836
CLIROW


CLIMATE REPORT
NATIONAL WEATHER SERVICE ALBUQUERQUE NM
132 AM MST SUN DEC 16 2018


...................................

...THE ROSWELL NM CLIMATE SUMMARY FOR DECEMBER 15 2018...

CLIMATE NORMAL PERIOD 1981 TO 2010
CLIMATE RECORD PERIOD 1893 TO 2018


WEATHER ITEM   OBSERVED TIME   RECORD YEAR NORMAL DEPARTURE
                VALUE   (LST)  VALUE       VALUE  FROM
                                                  NORMAL
...............................................................
TEMPERATURE (F)
 YESTERDAY
  MAXIMUM         58    253 PM  78    2010  54      4
  MINIMUM         24    601 AM   0    1987  26     -2
  AVERAGE         41                        40      1

PRECIPITATION (IN)
  YESTERDAY        0.00          0.33 1959   0.02  -0.02
  MONTH TO DATE    0.70                      0.32   0.38
  SINCE DEC 1      0.70                      0.32   0.38
  SINCE JAN 1      9.34                     12.59  -3.25

SNOWFALL (IN)
  YESTERDAY        0.0
  MONTH TO DATE    2.3
  SINCE DEC 1      2.3
  SINCE JUL 1      2.3

DEGREE DAYS
 HEATING
  YESTERDAY       24                        25     -1
  MONTH TO DATE  367                       354     13
  SINCE DEC 1    367                       354     13
  SINCE JUL 1   1072                      1000     72

 COOLING
  YESTERDAY        0                         0      0
  MONTH TO DATE    0                         0      0
  SINCE DEC 1      0                         0      0
  SINCE JAN 1   2463                      1789    674
...............................................................


WIND (MPH)
  HIGHEST WIND SPEED     8   HIGHEST WIND DIRECTION     W (270)
  HIGHEST GUST SPEED    10   HIGHEST GUST DIRECTION     S (160)
  AVERAGE WIND SPEED     2.0


SKY COVER
  AVERAGE SKY COVER 0.0


WEATHER CONDITIONS
 THE FOLLOWING WEATHER WAS RECORDED YESTERDAY.
  NO SIGNIFICANT WEATHER WAS OBSERVED.


RELATIVE HUMIDITY (PERCENT)
 HIGHEST    88           600 AM
 LOWEST     36           300 PM
 AVERAGE    62

..........................................................


THE ROSWELL NM CLIMATE NORMALS FOR TODAY
                         NORMAL    RECORD    YEAR
 MAXIMUM TEMPERATURE (F)   54        76      2016
                                             1946
                                             1908
 MINIMUM TEMPERATURE (F)   26         1      1960


SUNRISE AND SUNSET
DECEMBER 16 2018......SUNRISE   655 AM MST   SUNSET   453 PM MST
DECEMBER 17 2018......SUNRISE   656 AM MST   SUNSET   453 PM MST


-  INDICATES NEGATIVE NUMBERS.
R  INDICATES RECORD WAS SET OR TIED.
MM INDICATES DATA IS MISSING.
T  INDICATES TRACE AMOUNT.

$$
