912
CDUS45 KABQ 140833
CLIROW


CLIMATE REPORT
NATIONAL WEATHER SERVICE ALBUQUERQUE NM
229 AM MDT MON OCT 14 2019


...................................

...THE ROSWELL NM CLIMATE SUMMARY FOR OCTOBER 13 2019...

CLIMATE NORMAL PERIOD 1981 TO 2010
CLIMATE RECORD PERIOD 1893 TO 2019


WEATHER ITEM   OBSERVED TIME   RECORD YEAR NORMAL DEPARTURE
                VALUE   (LST)  VALUE       VALUE  FROM
                                                  NORMAL
...............................................................
TEMPERATURE (F)
 YESTERDAY
  MAXIMUM         84    217 PM  93    1992  77      7
  MINIMUM         46    554 AM  33    1969  48     -2
                                      1949
                                      1909
  AVERAGE         65                        62      3

PRECIPITATION (IN)
  YESTERDAY        0.00          0.76 1916   0.04  -0.04
  MONTH TO DATE    4.83                      0.55   4.28
  SINCE SEP 1      6.09                      2.08   4.01
  SINCE JAN 1      9.84                     11.01  -1.17

SNOWFALL (IN)
  YESTERDAY        0.0
  MONTH TO DATE    0.0
  SINCE SEP 1      0.0
  SINCE JUL 1      0.0

DEGREE DAYS
 HEATING
  YESTERDAY        0                         4     -4
  MONTH TO DATE   36                        37     -1
  SINCE SEP 1     36                        53    -17
  SINCE JUL 1     36                        53    -17

 COOLING
  YESTERDAY        0                         1     -1
  MONTH TO DATE   45                        27     18
  SINCE SEP 1    470                       254    216
  SINCE JAN 1   2515                      1778    737
...............................................................


WIND (MPH)
  HIGHEST WIND SPEED    16   HIGHEST WIND DIRECTION     S (170)
  HIGHEST GUST SPEED    21   HIGHEST GUST DIRECTION     S (160)
  AVERAGE WIND SPEED     5.5


SKY COVER
  AVERAGE SKY COVER 0.0


WEATHER CONDITIONS
 THE FOLLOWING WEATHER WAS RECORDED YESTERDAY.
  NO SIGNIFICANT WEATHER WAS OBSERVED.


RELATIVE HUMIDITY (PERCENT)
 HIGHEST    76           100 AM
 LOWEST     17           400 PM
 AVERAGE    47

..........................................................


THE ROSWELL NM CLIMATE NORMALS FOR TODAY
                         NORMAL    RECORD    YEAR
 MAXIMUM TEMPERATURE (F)   76        94      1968
 MINIMUM TEMPERATURE (F)   47        31      1901


SUNRISE AND SUNSET
OCTOBER 14 2019.......SUNRISE   702 AM MDT   SUNSET   626 PM MDT
OCTOBER 15 2019.......SUNRISE   702 AM MDT   SUNSET   625 PM MDT


-  INDICATES NEGATIVE NUMBERS.
R  INDICATES RECORD WAS SET OR TIED.
MM INDICATES DATA IS MISSING.
T  INDICATES TRACE AMOUNT.




$$
