000
CDUS45 KABQ 220834
CLIROW


CLIMATE REPORT
NATIONAL WEATHER SERVICE ALBUQUERQUE NM
227 AM MDT SAT SEP 22 2018


...................................

...THE ROSWELL NM CLIMATE SUMMARY FOR SEPTEMBER 21 2018...

CLIMATE NORMAL PERIOD 1981 TO 2010
CLIMATE RECORD PERIOD 1893 TO 2018


WEATHER ITEM   OBSERVED TIME   RECORD YEAR NORMAL DEPARTURE
                VALUE   (LST)  VALUE       VALUE  FROM
                                                  NORMAL
...............................................................
TEMPERATURE (F)
 YESTERDAY
  MAXIMUM         81    234 PM  98    2017  84     -3
  MINIMUM         62   1159 PM  40    1913  57      5
  AVERAGE         72                        70      2

PRECIPITATION (IN)
  YESTERDAY        0.00          1.95 1936   0.05  -0.05
  MONTH TO DATE    1.05                      1.12  -0.07
  SINCE SEP 1      1.05                      1.12  -0.07
  SINCE JAN 1      5.09                     10.05  -4.96

SNOWFALL (IN)
  YESTERDAY        0.0
  MONTH TO DATE    0.0
  SINCE SEP 1      0.0
  SINCE JUL 1      0.0

DEGREE DAYS
 HEATING
  YESTERDAY        0                         1     -1
  MONTH TO DATE    0                         4     -4
  SINCE SEP 1      0                         4     -4
  SINCE JUL 1      0                         4     -4

 COOLING
  YESTERDAY        7                         6      1
  MONTH TO DATE  217                       186     31
  SINCE SEP 1    217                       186     31
  SINCE JAN 1   2330                      1710    620
...............................................................


WIND (MPH)
  HIGHEST WIND SPEED    28   HIGHEST WIND DIRECTION     N (10)
  HIGHEST GUST SPEED    35   HIGHEST GUST DIRECTION     N (10)
  AVERAGE WIND SPEED    14.2


SKY COVER
  AVERAGE SKY COVER 0.8


WEATHER CONDITIONS
 THE FOLLOWING WEATHER WAS RECORDED YESTERDAY.
  FOG
  FOG W/VISIBILITY <= 1/4 MILE


RELATIVE HUMIDITY (PERCENT)
 HIGHEST   100          1200 AM
 LOWEST     49           200 PM
 AVERAGE    75

..........................................................


THE ROSWELL NM CLIMATE NORMALS FOR TODAY
                         NORMAL    RECORD    YEAR
 MAXIMUM TEMPERATURE (F)   84        97      2017
 MINIMUM TEMPERATURE (F)   56        40      1912


SUNRISE AND SUNSET
SEPTEMBER 22 2018.....SUNRISE   646 AM MDT   SUNSET   655 PM MDT
SEPTEMBER 23 2018.....SUNRISE   647 AM MDT   SUNSET   653 PM MDT


-  INDICATES NEGATIVE NUMBERS.
R  INDICATES RECORD WAS SET OR TIED.
MM INDICATES DATA IS MISSING.
T  INDICATES TRACE AMOUNT.




$$
