000
CDUS45 KABQ 240827
CLIROW


CLIMATE REPORT
NATIONAL WEATHER SERVICE ALBUQUERQUE NM
225 AM MDT SUN JUN 24 2018


...................................

...THE ROSWELL NM CLIMATE SUMMARY FOR JUNE 23 2018...

CLIMATE NORMAL PERIOD 1981 TO 2010
CLIMATE RECORD PERIOD 1893 TO 2018


WEATHER ITEM   OBSERVED TIME   RECORD YEAR NORMAL DEPARTURE
                VALUE   (LST)  VALUE       VALUE  FROM
                                                  NORMAL
...............................................................
TEMPERATURE (F)
 YESTERDAY
  MAXIMUM        104    416 PM 107    1953  94     10
                                      1952
  MINIMUM         70    234 AM  51    1907  65      5
  AVERAGE         87                        80      7

PRECIPITATION (IN)
  YESTERDAY        0.00          2.42 1898   0.07  -0.07
  MONTH TO DATE    1.35                      1.21   0.14
  SINCE JUN 1      1.35                      1.21   0.14
  SINCE JAN 1      2.52                      4.38  -1.86

SNOWFALL (IN)
  YESTERDAY        0.0
  MONTH TO DATE    0.0
  SINCE JUN 1      0.0
  SINCE JUL 1      0.0

DEGREE DAYS
 HEATING
  YESTERDAY        0                         0      0
  MONTH TO DATE    0                         0      0
  SINCE JUN 1      0                         0      0
  SINCE JUL 1   2741                      3287   -546

 COOLING
  YESTERDAY       22                        15      7
  MONTH TO DATE  412                       291    121
  SINCE JUN 1    412                       291    121
  SINCE JAN 1    854                       516    338
...............................................................


WIND (MPH)
  HIGHEST WIND SPEED    22   HIGHEST WIND DIRECTION     N (360)
  HIGHEST GUST SPEED    30   HIGHEST GUST DIRECTION     N (340)
  AVERAGE WIND SPEED    11.4


SKY COVER
  AVERAGE SKY COVER 0.0


WEATHER CONDITIONS
 THE FOLLOWING WEATHER WAS RECORDED YESTERDAY.
  NO SIGNIFICANT WEATHER WAS OBSERVED.


RELATIVE HUMIDITY (PERCENT)
 HIGHEST    53           200 AM
 LOWEST      8           500 PM
 AVERAGE    31

..........................................................


THE ROSWELL NM CLIMATE NORMALS FOR TODAY
                         NORMAL    RECORD    YEAR
 MAXIMUM TEMPERATURE (F)   95       110      1990
 MINIMUM TEMPERATURE (F)   65        56      1894


SUNRISE AND SUNSET
JUNE 24 2018..........SUNRISE   550 AM MDT   SUNSET   811 PM MDT
JUNE 25 2018..........SUNRISE   550 AM MDT   SUNSET   811 PM MDT


-  INDICATES NEGATIVE NUMBERS.
R  INDICATES RECORD WAS SET OR TIED.
MM INDICATES DATA IS MISSING.
T  INDICATES TRACE AMOUNT.

$$
