000
CDUS45 KABQ 260843
CLIROW


CLIMATE REPORT
NATIONAL WEATHER SERVICE ALBUQUERQUE NM
241 AM MDT MON OCT 26 2020


...................................

...THE ROSWELL NM CLIMATE SUMMARY FOR OCTOBER 25 2020...

CLIMATE NORMAL PERIOD 1981 TO 2010
CLIMATE RECORD PERIOD 1893 TO 2020


WEATHER ITEM   OBSERVED TIME   RECORD YEAR NORMAL DEPARTURE
                VALUE   (LST)  VALUE       VALUE  FROM
                                                  NORMAL
...............................................................
TEMPERATURE (F)
 YESTERDAY
  MAXIMUM         80   1005 AM  94    1959  73      7
  MINIMUM         39   1159 PM  26    1906  43     -4
  AVERAGE         60                        58      2

PRECIPITATION (IN)
  YESTERDAY        0.00          0.24 1972   0.03  -0.03
  MONTH TO DATE    0.00                      1.03  -1.03
  SINCE SEP 1      0.09                      2.56  -2.47
  SINCE JAN 1      5.37                     11.49  -6.12

SNOWFALL (IN)
  YESTERDAY        0.0
  MONTH TO DATE    0.0
  SINCE SEP 1      0.0
  SINCE JUL 1      0.0

DEGREE DAYS
 HEATING
  YESTERDAY        5                         7     -2
  MONTH TO DATE   35                       106    -71
  SINCE SEP 1     76                       122    -46
  SINCE JUL 1     76                       122    -46

 COOLING
  YESTERDAY        0                         0      0
  MONTH TO DATE  111                        35     76
  SINCE SEP 1    379                       262    117
  SINCE JAN 1   2653                      1786    867
...............................................................


WIND (MPH)
  HIGHEST WIND SPEED    28   HIGHEST WIND DIRECTION     N (360)
  HIGHEST GUST SPEED    34   HIGHEST GUST DIRECTION     N (360)
  AVERAGE WIND SPEED    13.0


SKY COVER
  AVERAGE SKY COVER 0.1


WEATHER CONDITIONS
 THE FOLLOWING WEATHER WAS RECORDED YESTERDAY.
  NO SIGNIFICANT WEATHER WAS OBSERVED.


RELATIVE HUMIDITY (PERCENT)
 HIGHEST    70          1000 PM
 LOWEST     21          1000 AM
 AVERAGE    46

..........................................................


THE ROSWELL NM CLIMATE NORMALS FOR TODAY
                         NORMAL    RECORD    YEAR
 MAXIMUM TEMPERATURE (F)   72        89      2014
 MINIMUM TEMPERATURE (F)   43        24      1898


SUNRISE AND SUNSET
OCTOBER 26 2020.......SUNRISE   712 AM MDT   SUNSET   612 PM MDT
OCTOBER 27 2020.......SUNRISE   713 AM MDT   SUNSET   611 PM MDT


-  INDICATES NEGATIVE NUMBERS.
R  INDICATES RECORD WAS SET OR TIED.
MM INDICATES DATA IS MISSING.
T  INDICATES TRACE AMOUNT.




$$
