564
CDUS45 KABQ 210828
CLIROW


CLIMATE REPORT
NATIONAL WEATHER SERVICE ALBUQUERQUE NM
127 AM MST WED FEB 21 2018


...................................

...THE ROSWELL NM CLIMATE SUMMARY FOR FEBRUARY 20 2018...

CLIMATE NORMAL PERIOD 1981 TO 2010
CLIMATE RECORD PERIOD 1893 TO 2018


WEATHER ITEM   OBSERVED TIME   RECORD YEAR NORMAL DEPARTURE
                VALUE   (LST)  VALUE       VALUE  FROM
                                                  NORMAL
...............................................................
TEMPERATURE (F)
 YESTERDAY
  MAXIMUM         70    236 PM  83    1996  62      8
  MINIMUM         42   1159 PM  11    1955  32     10
  AVERAGE         56                        47      9

PRECIPITATION (IN)
  YESTERDAY        0.00          0.91 1987   0.01  -0.01
  MONTH TO DATE    0.54                      0.29   0.25
  SINCE DEC 1      0.61                      1.31  -0.70
  SINCE JAN 1      0.61                      0.67  -0.06

SNOWFALL (IN)
  YESTERDAY        0.0
  MONTH TO DATE    0.0
  SINCE DEC 1      0.0
  SINCE JUL 1      0.0

DEGREE DAYS
 HEATING
  YESTERDAY        9                        18     -9
  MONTH TO DATE  321                       404    -83
  SINCE DEC 1   1758                      1924   -166
  SINCE JUL 1   2208                      2570   -362

 COOLING
  YESTERDAY        0                         0      0
  MONTH TO DATE    0                         0      0
  SINCE DEC 1      0                         0      0
  SINCE JAN 1      0                         0      0
...............................................................


WIND (MPH)
  HIGHEST WIND SPEED    33   HIGHEST WIND DIRECTION    SW (240)
  HIGHEST GUST SPEED    50   HIGHEST GUST DIRECTION    SW (230)
  AVERAGE WIND SPEED    11.9


SKY COVER
  AVERAGE SKY COVER 0.2


WEATHER CONDITIONS
 THE FOLLOWING WEATHER WAS RECORDED YESTERDAY.
  NO SIGNIFICANT WEATHER WAS OBSERVED.


RELATIVE HUMIDITY (PERCENT)
 HIGHEST    54          1100 PM
 LOWEST     17           300 PM
 AVERAGE    36

..........................................................


THE ROSWELL NM CLIMATE NORMALS FOR TODAY
                         NORMAL    RECORD    YEAR
 MAXIMUM TEMPERATURE (F)   62        85      2017
                                             1920
 MINIMUM TEMPERATURE (F)   32         2      1964


SUNRISE AND SUNSET
FEBRUARY 21 2018......SUNRISE   635 AM MST   SUNSET   548 PM MST
FEBRUARY 22 2018......SUNRISE   634 AM MST   SUNSET   549 PM MST


-  INDICATES NEGATIVE NUMBERS.
R  INDICATES RECORD WAS SET OR TIED.
MM INDICATES DATA IS MISSING.
T  INDICATES TRACE AMOUNT.




$$
