000
CDUS43 KARX 110635
CLIRST

CLIMATE REPORT
NATIONAL WEATHER SERVICE
135 AM CDT TUE MAY 11 2021

...................................

...THE ROCHESTER MN CLIMATE SUMMARY FOR MAY 10 2021...

CLIMATE NORMAL PERIOD 1991 TO 2020
CLIMATE RECORD PERIOD 1886 TO 2021


WEATHER ITEM   OBSERVED TIME   RECORD YEAR NORMAL DEPARTURE LAST
                VALUE   (LST)  VALUE       VALUE  FROM      YEAR
                                                  NORMAL
...................................................................
TEMPERATURE (F)
 YESTERDAY
  MAXIMUM         56    216 PM  89    1887  66    -10       46
  MINIMUM         38   1136 PM  23    1966  45     -7       34
  AVERAGE         47                        55     -8       40

PRECIPITATION (IN)
  YESTERDAY        T             1.14 1962   0.13  -0.13     0.24
  MONTH TO DATE    0.78                      1.27  -0.49     0.49
  SINCE MAR 1      3.67                      6.81  -3.14     4.82
  SINCE JAN 1      5.46                      8.82  -3.36     7.03

SNOWFALL (IN)
  YESTERDAY        0.0           T    1966   0.1   -0.1       T
                                      1969
                                      2020
  MONTH TO DATE    0.0                       0.4   -0.4       T
  SINCE MAR 1      8.9                      12.3   -3.4     10.5
  SINCE JUL 1     41.7                      53.0  -11.3     58.1
  SNOW DEPTH       0

DEGREE DAYS
 HEATING
  YESTERDAY       18                        10      8       25
  MONTH TO DATE  131                       119     12      150
  SINCE MAR 1   1516                      1749   -233     1710
  SINCE JUL 1   7434                      7661   -227     7719

 COOLING
  YESTERDAY        0                         0      0        0
  MONTH TO DATE   12                         0     12        0
  SINCE MAR 1     15                         2     13        0
  SINCE JAN 1     15                         2     13        0
...................................................................


WIND (MPH)
  HIGHEST WIND SPEED    20   HIGHEST WIND DIRECTION    NE (30)
  HIGHEST GUST SPEED    27   HIGHEST GUST DIRECTION    NE (60)
  AVERAGE WIND SPEED     9.3


WEATHER CONDITIONS
THE FOLLOWING WEATHER WAS RECORDED YESTERDAY.
  NO SIGNIFICANT WEATHER WAS OBSERVED.


RELATIVE HUMIDITY (PERCENT)
 HIGHEST    59           500 AM
 LOWEST     33           600 PM
 AVERAGE    46

..........................................................


THE ROCHESTER MN CLIMATE NORMALS FOR TODAY
                         NORMAL    RECORD    YEAR
 MAXIMUM TEMPERATURE (F)   66        89      1911
 MINIMUM TEMPERATURE (F)   45        26      1946


SUNRISE AND SUNSET
MAY 11 2021...........SUNRISE   548 AM CDT   SUNSET   825 PM CDT
MAY 12 2021...........SUNRISE   547 AM CDT   SUNSET   826 PM CDT


-  INDICATES NEGATIVE NUMBERS.
R  INDICATES RECORD WAS SET OR TIED.
MM INDICATES DATA IS MISSING.
T  INDICATES TRACE AMOUNT.




$$
