000
CDUS43 KARX 170642
CLIRST


CLIMATE REPORT
NATIONAL WEATHER SERVICE LA CROSSE WI
140 AM CDT THU OCT 17 2019


...................................

...THE ROCHESTER MN CLIMATE SUMMARY FOR OCTOBER 16 2019...

CLIMATE NORMAL PERIOD 1981 TO 2010
CLIMATE RECORD PERIOD 1886 TO 2019


WEATHER ITEM   OBSERVED TIME   RECORD YEAR NORMAL DEPARTURE LAST
                VALUE   (LST)  VALUE       VALUE  FROM      YEAR
                                                  NORMAL
..................................................................
TEMPERATURE (F)
 YESTERDAY
  MAXIMUM         45    305 PM  84    1953  59    -14       58
  MINIMUM         39   1159 PM  21    1937  38      1       34
  AVERAGE         42                        48     -6       46

PRECIPITATION (IN)
  YESTERDAY        T             2.35 1911   0.06  -0.06     0.00
  MONTH TO DATE    4.04                      1.28   2.76     3.31
  SINCE SEP 1     12.39                      4.73   7.66    10.89
  SINCE JAN 1     49.41                     28.92  20.49    35.15

SNOWFALL (IN)
  YESTERDAY        0.0           0.5  1937   0.0    0.0      0.0
  MONTH TO DATE    0.2                       0.2    0.0      1.6
  SINCE JUL 1      0.2                       0.2    0.0      1.6
  SNOW DEPTH       0

DEGREE DAYS
 HEATING
  YESTERDAY       23                        17      6       19
  MONTH TO DATE  272                       225     47      306
  SINCE JUL 1    374                       440    -66      468

 COOLING
  YESTERDAY        0                         0      0        0
  MONTH TO DATE    0                         4     -4        0
  SINCE JAN 1    509                       583    -74      710
..................................................................


WIND (MPH)
  HIGHEST WIND SPEED    21   HIGHEST WIND DIRECTION    NW (320)
  HIGHEST GUST SPEED    26   HIGHEST GUST DIRECTION    NW (320)
  AVERAGE WIND SPEED    10.3



WEATHER CONDITIONS
 THE FOLLOWING WEATHER WAS RECORDED YESTERDAY.
  FOG


RELATIVE HUMIDITY (PERCENT)
 HIGHEST    92           500 AM
 LOWEST     65           100 PM
 AVERAGE    79

..........................................................


THE ROCHESTER MN CLIMATE NORMALS FOR TODAY
                         NORMAL    RECORD    YEAR
 MAXIMUM TEMPERATURE (F)   58        85      1910
 MINIMUM TEMPERATURE (F)   38        18      1976
                                             1919


SUNRISE AND SUNSET
OCTOBER 17 2019.......SUNRISE   727 AM CDT   SUNSET   623 PM CDT
OCTOBER 18 2019.......SUNRISE   728 AM CDT   SUNSET   622 PM CDT


-  INDICATES NEGATIVE NUMBERS.
R  INDICATES RECORD WAS SET OR TIED.
MM INDICATES DATA IS MISSING.
T  INDICATES TRACE AMOUNT.




$$
