257
CDUS43 KARX 150635
CLIRST


CLIMATE REPORT
NATIONAL WEATHER SERVICE LA CROSSE WI
1235 AM CST SAT DEC 15 2018


...................................

...THE ROCHESTER MN CLIMATE SUMMARY FOR DECEMBER 14 2018...

CLIMATE NORMAL PERIOD 1981 TO 2010
CLIMATE RECORD PERIOD 1886 TO 2018


WEATHER ITEM   OBSERVED TIME   RECORD YEAR NORMAL DEPARTURE LAST
                VALUE   (LST)  VALUE       VALUE  FROM      YEAR
                                                  NORMAL
..................................................................
TEMPERATURE (F)
 YESTERDAY
  MAXIMUM         33    257 PM  52    1998  27      6       25
  MINIMUM         18   1153 PM -21    1917  12      6        6
  AVERAGE         26                        20      6       16

PRECIPITATION (IN)
  YESTERDAY        0.00          1.15 2015   0.04  -0.04     0.00
  MONTH TO DATE    1.01                      0.65   0.36     0.25
  SINCE DEC 1      1.01                      0.65   0.36     0.25
  SINCE JAN 1     38.09                     32.44   5.65    32.43

SNOWFALL (IN)
  YESTERDAY        0.0           7.1  2005   0.4   -0.4      0.0
  MONTH TO DATE    7.7                       5.9    1.8      2.0
  SINCE JUL 1     13.3                      12.8    0.5      5.3
  SNOW DEPTH       6

DEGREE DAYS
 HEATING
  YESTERDAY       39                        45     -6       49
  MONTH TO DATE  621                       599     22      546
  SINCE JUL 1   2574                      2271    303     2124

 COOLING
  YESTERDAY        0                         0      0        0
  MONTH TO DATE    0                         0      0        0
  SINCE JAN 1    710                       585    125      494
..................................................................


WIND (MPH)
  HIGHEST WIND SPEED    14   HIGHEST WIND DIRECTION    SW (220)
  HIGHEST GUST SPEED    16   HIGHEST GUST DIRECTION    SW (220)
  AVERAGE WIND SPEED     6.9


SKY COVER
  POSSIBLE SUNSHINE  MM
  AVERAGE SKY COVER 0.4


WEATHER CONDITIONS
 THE FOLLOWING WEATHER WAS RECORDED YESTERDAY.
  FOG
  FOG W/VISIBILITY <= 1/4 MILE


RELATIVE HUMIDITY (PERCENT)
 HIGHEST   100          1200 AM
 LOWEST     69           300 PM
 AVERAGE    85

..........................................................


THE ROCHESTER MN CLIMATE NORMALS FOR TODAY
                         NORMAL    RECORD    YEAR
 MAXIMUM TEMPERATURE (F)   27        52      1910
 MINIMUM TEMPERATURE (F)   12       -30      1919


SUNRISE AND SUNSET
DECEMBER 15 2018......SUNRISE   737 AM CST   SUNSET   433 PM CST
DECEMBER 16 2018......SUNRISE   738 AM CST   SUNSET   433 PM CST


-  INDICATES NEGATIVE NUMBERS.
R  INDICATES RECORD WAS SET OR TIED.
MM INDICATES DATA IS MISSING.
T  INDICATES TRACE AMOUNT.




$$
