000
CDUS45 KPIH 190730
CLIRXE


CLIMATE REPORT
NATIONAL WEATHER SERVICE POCATELLO ID
129 AM MDT TUE JUN 19 2018


...................................

...THE REXBURG ID CLIMATE SUMMARY FOR JUNE 18 2018...

CLIMATE NORMAL PERIOD 1981 TO 2010
CLIMATE RECORD PERIOD 1998 TO 2018


WEATHER ITEM   OBSERVED TIME   RECORD YEAR NORMAL DEPARTURE LAST
                VALUE   (LST)  VALUE       VALUE  FROM      YEAR
                                                  NORMAL
..................................................................
TEMPERATURE (F)
 YESTERDAY
  MAXIMUM         63    509 PM  89    2015  75    -12       75
  MINIMUM         50   1159 PM  31    2010  46      4       49
  AVERAGE         57                        60     -3       62

PRECIPITATION (IN)
  YESTERDAY        0.61         MM      MM   0.05   0.56     0.00
  MONTH TO DATE    2.21                      1.03   1.18     1.49
  SINCE OCT 1     11.95                     10.11   1.84    13.58
  SINCE JAN 1      9.85                      6.90   2.95     7.82

SNOWFALL (IN)
  YESTERDAY       MM
  MONTH TO DATE   MM
  SINCE JUN 1     MM
  SINCE JUL 1     MM
  SNOW DEPTH      MM

DEGREE DAYS
 HEATING
  YESTERDAY        8                         5      3        3
  MONTH TO DATE   93                       124    -31       89
  SINCE JUN 1     93                       124    -31       89
  SINCE JUL 1   7390                      8082   -692     7630

 COOLING
  YESTERDAY        0                         1     -1        0
  MONTH TO DATE   10                         6      4       18
  SINCE JUN 1     10                         6      4       18
  SINCE JAN 1     10                        10      0       19
..................................................................


WIND (MPH)
  HIGHEST WIND SPEED    20   HIGHEST WIND DIRECTION    SW (220)
  HIGHEST GUST SPEED    25   HIGHEST GUST DIRECTION     S (190)
  AVERAGE WIND SPEED     5.0


SKY COVER
  POSSIBLE SUNSHINE  MM
  AVERAGE SKY COVER 0.6


WEATHER CONDITIONS
 THE FOLLOWING WEATHER WAS RECORDED YESTERDAY.
  THUNDERSTORM
  HEAVY RAIN
  RAIN
  LIGHT RAIN
  FOG


RELATIVE HUMIDITY (PERCENT)
 HIGHEST    89           100 AM
 LOWEST     52           500 PM
 AVERAGE    71

..........................................................


THE REXBURG ID CLIMATE NORMALS FOR TODAY
                         NORMAL    RECORD    YEAR
 MAXIMUM TEMPERATURE (F)   75        87      2003
 MINIMUM TEMPERATURE (F)   46        37      2012
                                             2001


SUNRISE AND SUNSET
JUNE 19 2018..........SUNRISE   545 AM MDT   SUNSET   913 PM MDT
JUNE 20 2018..........SUNRISE   545 AM MDT   SUNSET   913 PM MDT


-  INDICATES NEGATIVE NUMBERS.
R  INDICATES RECORD WAS SET OR TIED.
MM INDICATES DATA IS MISSING.
T  INDICATES TRACE AMOUNT.




$$
