000
CDUS45 KPIH 242322
CLIRXE


CLIMATE REPORT
NATIONAL WEATHER SERVICE POCATELLO ID
422 PM MST FRI JAN 24 2020


...................................

...THE REXBURG ID CLIMATE SUMMARY FOR JANUARY 24 2020...
VALID TODAY AS OF 0400 PM LOCAL TIME.

CLIMATE NORMAL PERIOD 1981 TO 2010
CLIMATE RECORD PERIOD 1998 TO 2020


WEATHER ITEM   OBSERVED TIME   RECORD YEAR NORMAL DEPARTURE LAST
                VALUE   (LST)  VALUE       VALUE  FROM      YEAR
                                                  NORMAL
..................................................................
TEMPERATURE (F)
 TODAY
  MAXIMUM         33    330 PM  35    2018  29      4       27
  MINIMUM         22   1228 AM -14    2008  11     11       10
  AVERAGE         28                        20      8       19

PRECIPITATION (IN)
  TODAY            0.14         MM      MM   0.01   0.13     0.00
  MONTH TO DATE    1.11                      0.61   0.50     1.24
  SINCE OCT 1      2.95                      3.82  -0.87     3.89
  SINCE JAN 1      1.11                      0.61   0.50     1.24

SNOWFALL (IN)
  TODAY           MM
  MONTH TO DATE   MM
  SINCE DEC 1     MM
  SINCE JUL 1     MM
  SNOW DEPTH      MM

DEGREE DAYS
 HEATING
  TODAY           37                        45     -8       46
  MONTH TO DATE 1014                      1080    -66     1038
  SINCE DEC 1   2297                      2450   -153     2421
  SINCE JUL 1   4346                      4462   -116     4249

 COOLING
  TODAY            0                         0      0        0
  MONTH TO DATE    0                         0      0        0
  SINCE DEC 1      0                         0      0        0
  SINCE JAN 1      0                         0      0        0
..................................................................


WIND (MPH)
  HIGHEST WIND SPEED     6   HIGHEST WIND DIRECTION    SW (240)
  HIGHEST GUST SPEED     7   HIGHEST GUST DIRECTION    SW (240)
  AVERAGE WIND SPEED     1.1


SKY COVER
  POSSIBLE SUNSHINE  MM
  AVERAGE SKY COVER 1.0


WEATHER CONDITIONS
 THE FOLLOWING WEATHER WAS RECORDED TODAY.
  SNOW
  LIGHT SNOW
  FOG


RELATIVE HUMIDITY (PERCENT)
 HIGHEST   100           200 AM
 LOWEST     89           300 PM
 AVERAGE    95

..........................................................


THE REXBURG ID CLIMATE NORMALS FOR TOMORROW
                         NORMAL    RECORD    YEAR
 MAXIMUM TEMPERATURE (F)   29        39      2012
 MINIMUM TEMPERATURE (F)   11        -3      2008


SUNRISE AND SUNSET
JANUARY 24 2020.......SUNRISE   752 AM MST   SUNSET   527 PM MST
JANUARY 25 2020.......SUNRISE   751 AM MST   SUNSET   528 PM MST


-  INDICATES NEGATIVE NUMBERS.
R  INDICATES RECORD WAS SET OR TIED.
MM INDICATES DATA IS MISSING.
T  INDICATES TRACE AMOUNT.




$$
