000
CDUS45 KPIH 220735
CLIRXE


CLIMATE REPORT
NATIONAL WEATHER SERVICE POCATELLO ID
133 AM MDT SAT SEP 22 2018


...................................

...THE REXBURG ID CLIMATE SUMMARY FOR SEPTEMBER 21 2018...

CLIMATE NORMAL PERIOD 1981 TO 2010
CLIMATE RECORD PERIOD 1998 TO 2018


WEATHER ITEM   OBSERVED TIME   RECORD YEAR NORMAL DEPARTURE LAST
                VALUE   (LST)  VALUE       VALUE  FROM      YEAR
                                                  NORMAL
..................................................................
TEMPERATURE (F)
 YESTERDAY
  MAXIMUM         75    354 PM  82    2001  69      6       45
  MINIMUM         33    648 AM  30    2004  38     -5       38
  AVERAGE         54                        54      0       42

PRECIPITATION (IN)
  YESTERDAY        0.00         MM      MM   0.04  -0.04     0.64
  MONTH TO DATE    T                         0.63  -0.63     1.75
  SINCE OCT 1     12.75                     12.76  -0.01    15.88
  SINCE JAN 1     10.65                      9.55   1.10    10.12

SNOWFALL (IN)
  YESTERDAY       MM
  MONTH TO DATE   MM
  SINCE SEP 1     MM
  SINCE JUL 1     MM
  SNOW DEPTH      MM

DEGREE DAYS
 HEATING
  YESTERDAY       11                        12     -1       23
  MONTH TO DATE   86                       165    -79      129
  SINCE SEP 1     86                       165    -79      129
  SINCE JUL 1    134                       238   -104      142

 COOLING
  YESTERDAY        0                         0      0        0
  MONTH TO DATE   12                         5      7       38
  SINCE SEP 1     12                         5      7       38
  SINCE JAN 1    331                       207    124      347
..................................................................


WIND (MPH)
  HIGHEST WIND SPEED    15   HIGHEST WIND DIRECTION    SW (210)
  HIGHEST GUST SPEED    22   HIGHEST GUST DIRECTION    SW (210)
  AVERAGE WIND SPEED     5.3


SKY COVER
  POSSIBLE SUNSHINE  MM
  AVERAGE SKY COVER 0.0


WEATHER CONDITIONS
 THE FOLLOWING WEATHER WAS RECORDED YESTERDAY.
  NO SIGNIFICANT WEATHER WAS OBSERVED.


RELATIVE HUMIDITY (PERCENT)
 HIGHEST    69           600 AM
 LOWEST     12           400 PM
 AVERAGE    41

..........................................................


THE REXBURG ID CLIMATE NORMALS FOR TODAY
                         NORMAL    RECORD    YEAR
 MAXIMUM TEMPERATURE (F)   69        83      2015
 MINIMUM TEMPERATURE (F)   38        29      2002


SUNRISE AND SUNSET
SEPTEMBER 22 2018.....SUNRISE   714 AM MDT   SUNSET   724 PM MDT
SEPTEMBER 23 2018.....SUNRISE   716 AM MDT   SUNSET   723 PM MDT


-  INDICATES NEGATIVE NUMBERS.
R  INDICATES RECORD WAS SET OR TIED.
MM INDICATES DATA IS MISSING.
T  INDICATES TRACE AMOUNT.




$$
