000
CDUS45 KPIH 170749
CLIRXE


CLIMATE REPORT
NATIONAL WEATHER SERVICE POCATELLO ID
1249 AM MST MON DEC 17 2018


...................................

...THE REXBURG ID CLIMATE SUMMARY FOR DECEMBER 16 2018...

CLIMATE NORMAL PERIOD 1981 TO 2010
CLIMATE RECORD PERIOD 1998 TO 2018


WEATHER ITEM   OBSERVED TIME   RECORD YEAR NORMAL DEPARTURE LAST
                VALUE   (LST)  VALUE       VALUE  FROM      YEAR
                                                  NORMAL
..................................................................
TEMPERATURE (F)
 YESTERDAY
  MAXIMUM         34    345 PM  40    2002  28      6       24
  MINIMUM          8    816 AM  -5    2016  12     -4       21
  AVERAGE         21                        20      1       23

PRECIPITATION (IN)
  YESTERDAY        0.00         MM      MM   0.03  -0.03     0.09
  MONTH TO DATE    0.39                      0.41  -0.02     0.43
  SINCE OCT 1      2.23                      2.56  -0.33     1.93
  SINCE JAN 1     12.88                     12.44   0.44    12.29

SNOWFALL (IN)
  YESTERDAY       MM
  MONTH TO DATE   MM
  SINCE DEC 1     MM
  SINCE JUL 1     MM
  SNOW DEPTH      MM

DEGREE DAYS
 HEATING
  YESTERDAY       44                        45     -1       42
  MONTH TO DATE  742                       695     47      684
  SINCE DEC 1    742                       695     47      684
  SINCE JUL 1   2570                      2707   -137     2563

 COOLING
  YESTERDAY        0                         0      0        0
  MONTH TO DATE    0                         0      0        0
  SINCE DEC 1      0                         0      0        0
  SINCE JAN 1    331                       208    123      347
..................................................................


WIND (MPH)
  HIGHEST WIND SPEED     8   HIGHEST WIND DIRECTION     E (70)
  HIGHEST GUST SPEED    10   HIGHEST GUST DIRECTION     E (70)
  AVERAGE WIND SPEED     5.0


SKY COVER
  POSSIBLE SUNSHINE  MM
  AVERAGE SKY COVER 0.0


WEATHER CONDITIONS
 THE FOLLOWING WEATHER WAS RECORDED YESTERDAY.
  NO SIGNIFICANT WEATHER WAS OBSERVED.


RELATIVE HUMIDITY (PERCENT)
 HIGHEST    88          1200 AM
 LOWEST     53           100 PM
 AVERAGE    71

..........................................................


THE REXBURG ID CLIMATE NORMALS FOR TODAY
                         NORMAL    RECORD    YEAR
 MAXIMUM TEMPERATURE (F)   28        38      2012
 MINIMUM TEMPERATURE (F)   12       -18      2016


SUNRISE AND SUNSET
DECEMBER 17 2018......SUNRISE   756 AM MST   SUNSET   451 PM MST
DECEMBER 18 2018......SUNRISE   756 AM MST   SUNSET   451 PM MST


-  INDICATES NEGATIVE NUMBERS.
R  INDICATES RECORD WAS SET OR TIED.
MM INDICATES DATA IS MISSING.
T  INDICATES TRACE AMOUNT.




$$
