000
CDUS46 KSTO 090052
CLISAC

CLIMATE REPORT
NATIONAL WEATHER SERVICE SACRAMENTO, CA
543 PM PDT SAT MAY 8 2021


...................................

...THE SACRAMENTO EXEC. AIRPORT CA CLIMATE SUMMARY FOR MAY 8 2021...
VALID TODAY AS OF 0500 PM LOCAL TIME.

CLIMATE NORMAL PERIOD 1981 TO 2010
CLIMATE RECORD PERIOD 1930 TO 2021


WEATHER ITEM   OBSERVED TIME   RECORD YEAR NORMAL DEPARTURE LAST
                VALUE   (LST)  VALUE       VALUE  FROM      YEAR
                                                  NORMAL
..................................................................
TEMPERATURE (F)
 TODAY
  MAXIMUM         88    359 PM  97    2020  78     10       97
  MINIMUM         61    532 AM  40    1972  50     11       53
                                      1950
                                      1948
  AVERAGE         75

PRECIPITATION (IN)
  TODAY            0.00          0.59 2005   0.02  -0.02     0.00
  MONTH TO DATE    0.00                      0.21  -0.21     0.00
  SINCE OCT 1      6.55                     17.50 -10.95     9.39
  SINCE JAN 1      4.47                     11.22  -6.75     4.39

SNOWFALL (IN)
  TODAY            0.0          MM      MM   0.0             0.0
  MONTH TO DATE    0.0                       0.0             0.0
  SINCE MAR 1      0.0                       0.0             0.0
  SINCE JUL 1      0.0                       0.0             0.0

DEGREE DAYS
 HEATING
  TODAY            0

 COOLING
  TODAY           10
..................................................................


WIND (MPH)
  RESULTANT WIND SPEED  19   RESULTANT WIND DIRECTION  NW (330)
  HIGHEST WIND SPEED    29   HIGHEST WIND DIRECTION     N (340)
  HIGHEST GUST SPEED    36   HIGHEST GUST DIRECTION    NW (330)


SKY COVER
  POSSIBLE SUNSHINE  MM
  AVERAGE SKY COVER 0.0


WEATHER CONDITIONS
 THE FOLLOWING WEATHER WAS RECORDED TODAY.
  NO SIGNIFICANT WEATHER WAS OBSERVED.


RELATIVE HUMIDITY (PERCENT)
 HIGHEST    28
 LOWEST      9
 AVERAGE    19

..........................................................


THE SACRAMENTO EXEC. AIRPORT CA CLIMATE NORMALS FOR TOMORROW
                         NORMAL    RECORD    YEAR
 MAXIMUM TEMPERATURE (F)   78        94      2001
 MINIMUM TEMPERATURE (F)   50        40      2003


SUNRISE AND SUNSET
MAY  8 2021...........SUNRISE   601 AM PDT   SUNSET   805 PM PDT
MAY  9 2021...........SUNRISE   600 AM PDT   SUNSET   806 PM PDT


-  INDICATES NEGATIVE NUMBERS.
R  INDICATES RECORD WAS SET OR TIED.
MM INDICATES DATA IS MISSING.
T  INDICATES TRACE AMOUNT.

&&
....................................................................

SACRAMENTO CITY CLIMATE DATA FOR SATURDAY MAY 8 2021

HIGH...   86  RECORD HIGH   100 IN 2001    NORMAL    HIGH   79
LOW....   61  RECORD LOW     40 IN 1933    NORMAL    LOW    53

RAIN SINCE MIDNIGHT....  0.00   RECORD THIS DATE....... 0.78 IN 1893
TOTAL THIS MONTH.......  0.00   NORMAL SINCE OCT 1ST.........  19.18
TOTAL SINCE OCT 1ST...   7.87   PERCENT OF NORMAL.............  41%


$$
NNNN
