000
CDUS46 KSTO 160901
CLISAC

CLIMATE REPORT
NATIONAL WEATHER SERVICE SACRAMENTO, CA
1255 AM PST WED JAN 16 2019


...................................

...THE SACRAMENTO EXEC. AIRPORT CA CLIMATE SUMMARY FOR JANUARY 15 2019...

CLIMATE NORMAL PERIOD 1981 TO 2010
CLIMATE RECORD PERIOD 1930 TO 2019


WEATHER ITEM   OBSERVED TIME   RECORD YEAR NORMAL DEPARTURE LAST
                VALUE   (LST)  VALUE       VALUE  FROM      YEAR
                                                  NORMAL
..................................................................
TEMPERATURE (F)
 YESTERDAY
  MAXIMUM         54   1007 PM  68    2009  53      1       51
  MINIMUM         42    107 AM  21    2007  39      3       46
  AVERAGE         48

PRECIPITATION (IN)
  YESTERDAY        0.86R         0.61 1993   0.12   0.74     0.00
  MONTH TO DATE    2.53                      1.77   0.76     4.66
  SINCE OCT 1      7.41                      8.05  -0.64     7.08
  SINCE JAN 1      2.53                      1.77   0.76     4.66

SNOWFALL (IN)
  YESTERDAY       MM             0.0  2002   0.0             0.0
  MONTH TO DATE    0.0                       0.0             0.0
  SINCE DEC 1      0.0                       0.0             0.0
  SINCE JUL 1      0.0                       0.0             0.0

DEGREE DAYS
 HEATING
  YESTERDAY       17

 COOLING
  YESTERDAY        0
..................................................................


WIND (MPH)
  RESULTANT WIND SPEED   7   RESULTANT WIND DIRECTION  SE (120)
  HIGHEST WIND SPEED    25   HIGHEST WIND DIRECTION    SE (150)
  HIGHEST GUST SPEED    40   HIGHEST GUST DIRECTION    SE (150)


SKY COVER
  POSSIBLE SUNSHINE  MM
  AVERAGE SKY COVER 0.9


WEATHER CONDITIONS
 THE FOLLOWING WEATHER WAS RECORDED YESTERDAY.
  RAIN
  LIGHT RAIN
  FOG


RELATIVE HUMIDITY (PERCENT)
 HIGHEST    96
 LOWEST     80
 AVERAGE    88

..........................................................


THE SACRAMENTO EXEC. AIRPORT CA CLIMATE NORMALS FOR TODAY
                         NORMAL    RECORD    YEAR
 MAXIMUM TEMPERATURE (F)   54        69      2014
 MINIMUM TEMPERATURE (F)   39        23      2007


SUNRISE AND SUNSET
JANUARY 16 2019.......SUNRISE   722 AM PST   SUNSET   510 PM PST
JANUARY 17 2019.......SUNRISE   721 AM PST   SUNSET   511 PM PST


-  INDICATES NEGATIVE NUMBERS.
R  INDICATES RECORD WAS SET OR TIED.
MM INDICATES DATA IS MISSING.
T  INDICATES TRACE AMOUNT.




&&
....................................................................

SACRAMENTO CITY CLIMATE DATA FOR TUESDAY JANUARY 15 2019

HIGH...   54  RECORD HIGH    69 IN 2014    NORMAL    HIGH   54
LOW....   47  RECORD LOW     19 IN 1888    NORMAL    LOW    41

RAIN SINCE MIDNIGHT....  0.82   RECORD THIS DATE....... 2.25 IN 1894
TOTAL THIS MONTH.......  2.85   NORMAL SINCE OCT 1ST.........  8.93
TOTAL SINCE OCT 1ST...  8.20   PERCENT OF NORMAL.............  92%


$$
NNNN
