264
CDUS46 KSTO 230841
CLISAC

CLIMATE REPORT
NATIONAL WEATHER SERVICE SACRAMENTO, CA
141 AM PDT MON APR 23 2018


...................................

...THE SACRAMENTO EXEC. AIRPORT CA CLIMATE SUMMARY FOR APRIL 22 2018...

CLIMATE NORMAL PERIOD 1981 TO 2010
CLIMATE RECORD PERIOD 1930 TO 2018


WEATHER ITEM   OBSERVED TIME   RECORD YEAR NORMAL DEPARTURE LAST
                VALUE   (LST)  VALUE       VALUE  FROM      YEAR
                                                  NORMAL
..................................................................
TEMPERATURE (F)
 YESTERDAY
  MAXIMUM         85    445 PM  92    2009  73     12       70
  MINIMUM         50    552 AM  39    1978  47      3       49
                                      1963
                                      1961
  AVERAGE         68

PRECIPITATION (IN)
  YESTERDAY        0.00          0.52 1990   0.04  -0.04     0.00
  MONTH TO DATE    2.00                      0.91   1.09     2.93
  SINCE OCT 1     15.36                     17.05  -1.69    32.93
  SINCE JAN 1     12.94                     10.77   2.17    23.48

SNOWFALL (IN)
  YESTERDAY        0.0          MM      MM   0.0             0.0
  MONTH TO DATE    0.0                       0.0             0.0
  SINCE MAR 1      0.0                       0.0             0.0
  SINCE JUL 1      0.0                       0.0             0.0

DEGREE DAYS
 HEATING
  YESTERDAY        0

 COOLING
  YESTERDAY        3
..................................................................


WIND (MPH)
  RESULTANT WIND SPEED   2   RESULTANT WIND DIRECTION   N (340)
  HIGHEST WIND SPEED    12   HIGHEST WIND DIRECTION     W (290)
  HIGHEST GUST SPEED    16   HIGHEST GUST DIRECTION    NW (330)


SKY COVER
  POSSIBLE SUNSHINE  MM
  AVERAGE SKY COVER 0.0


WEATHER CONDITIONS
 THE FOLLOWING WEATHER WAS RECORDED YESTERDAY.
  NO SIGNIFICANT WEATHER WAS OBSERVED.


RELATIVE HUMIDITY (PERCENT)
 HIGHEST    96
 LOWEST     27
 AVERAGE    62

..........................................................


THE SACRAMENTO EXEC. AIRPORT CA CLIMATE NORMALS FOR TODAY
                         NORMAL    RECORD    YEAR
 MAXIMUM TEMPERATURE (F)   73        89      1962
 MINIMUM TEMPERATURE (F)   47        37      1964


SUNRISE AND SUNSET
APRIL 23 2018.........SUNRISE   619 AM PDT   SUNSET   750 PM PDT
APRIL 24 2018.........SUNRISE   617 AM PDT   SUNSET   751 PM PDT


-  INDICATES NEGATIVE NUMBERS.
R  INDICATES RECORD WAS SET OR TIED.
MM INDICATES DATA IS MISSING.
T  INDICATES TRACE AMOUNT.

&&
....................................................................

SACRAMENTO CITY CLIMATE DATA FOR SUNDAY APRIL 22 2018

HIGH...   87  RECORD HIGH    94 IN 2009    NORMAL    HIGH   74
LOW....   55  RECORD LOW     39 IN 1920    NORMAL    LOW    50

RAIN SINCE MIDNIGHT....  0.00   RECORD THIS DATE....... 0.52 IN 1990
TOTAL THIS MONTH.......  2.45   NORMAL SINCE OCT 1ST.........  18.66
TOTAL SINCE OCT 1ST.... 16.27   PERCENT OF NORMAL..............  87%

$$
