783
CDUS46 KSTO 180852
CLISAC

CLIMATE REPORT
NATIONAL WEATHER SERVICE SACRAMENTO, CA
149 AM PDT FRI OCT 18 2019


...................................

...THE SACRAMENTO EXEC. AIRPORT CA CLIMATE SUMMARY FOR OCTOBER 17 2019...

CLIMATE NORMAL PERIOD 1981 TO 2010
CLIMATE RECORD PERIOD 1930 TO 2019


WEATHER ITEM   OBSERVED TIME   RECORD YEAR NORMAL DEPARTURE LAST
                VALUE   (LST)  VALUE       VALUE  FROM      YEAR
                                                  NORMAL
..................................................................
TEMPERATURE (F)
 YESTERDAY
  MAXIMUM         75    332 PM  93    1988  77     -2       81
                                      1961
  MINIMUM         52   1100 PM  39    1984  50      2       43
                                      1971
  AVERAGE         64

PRECIPITATION (IN)
  YESTERDAY        0.00          0.12 2004   0.03  -0.03     0.00
  MONTH TO DATE    0.00                      0.37  -0.37     0.04
  SINCE OCT 1      0.00                      0.37  -0.37     0.04
  SINCE JAN 1     19.49                     12.61   6.88    13.58

SNOWFALL (IN)
  YESTERDAY        0.0           0.0  2002   0.0             0.0
                                      2001
  MONTH TO DATE    0.0                       0.0             0.0
  SINCE SEP 1      0.0                       0.0             0.0
  SINCE JUL 1      0.0                       0.0             0.0

DEGREE DAYS
 HEATING
  YESTERDAY        1

 COOLING
  YESTERDAY        0
..................................................................


WIND (MPH)
  RESULTANT WIND SPEED   4   RESULTANT WIND DIRECTION  NW (310)
  HIGHEST WIND SPEED    18   HIGHEST WIND DIRECTION     N (350)
  HIGHEST GUST SPEED    25   HIGHEST GUST DIRECTION     N (350)


SKY COVER
  POSSIBLE SUNSHINE  MM
  AVERAGE SKY COVER 0.1


WEATHER CONDITIONS
 THE FOLLOWING WEATHER WAS RECORDED YESTERDAY.
  NO SIGNIFICANT WEATHER WAS OBSERVED.


RELATIVE HUMIDITY (PERCENT)
 HIGHEST    93
 LOWEST     23
 AVERAGE    58

..........................................................


THE SACRAMENTO EXEC. AIRPORT CA CLIMATE NORMALS FOR TODAY
                         NORMAL    RECORD    YEAR
 MAXIMUM TEMPERATURE (F)   77        93      1991
                                             1988
 MINIMUM TEMPERATURE (F)   50        40      1971


SUNRISE AND SUNSET
OCTOBER 18 2019.......SUNRISE   718 AM PDT   SUNSET   624 PM PDT
OCTOBER 19 2019.......SUNRISE   719 AM PDT   SUNSET   622 PM PDT


-  INDICATES NEGATIVE NUMBERS.
R  INDICATES RECORD WAS SET OR TIED.
MM INDICATES DATA IS MISSING.
T  INDICATES TRACE AMOUNT.

&&

....................................................................

SACRAMENTO CITY CLIMATE DATA FOR THURSDAY OCTOBER 17 2019

HIGH...   73  RECORD HIGH    96 IN 1988    NORMAL    HIGH   78
LOW....   55  RECORD LOW     38 IN 1984    NORMAL    LOW    53

RAIN SINCE MIDNIGHT....  0.00   RECORD THIS DATE....... 0.43 IN 1914
TOTAL THIS MONTH.......  0.00   NORMAL SINCE OCT 1ST.........  0.42
TOTAL SINCE OCT 1ST...   0.00   PERCENT OF NORMAL.............  0%


$$
NNNN
