462
CDUS46 KSTO 170841
CLISAC

CLIMATE REPORT
NATIONAL WEATHER SERVICE SACRAMENTO, CA
141 AM PDT WED OCT 17 2018


...................................

...THE SACRAMENTO EXEC. AIRPORT CA CLIMATE SUMMARY FOR OCTOBER 16 2018...

CLIMATE NORMAL PERIOD 1981 TO 2010
CLIMATE RECORD PERIOD 1930 TO 2018


WEATHER ITEM   OBSERVED TIME   RECORD YEAR NORMAL DEPARTURE LAST
                VALUE   (LST)  VALUE       VALUE  FROM      YEAR
                                                  NORMAL
..................................................................
TEMPERATURE (F)
 YESTERDAY
  MAXIMUM         82    344 PM  95    1961  78      4       84
  MINIMUM         41R   633 AM  41    1980  50     -9       44
  AVERAGE         62

PRECIPITATION (IN)
  YESTERDAY        0.00          1.17 2016   0.03  -0.03     0.00
  MONTH TO DATE    0.04                      0.34  -0.30     0.00
  SINCE OCT 1      0.04                      0.34  -0.30     0.00
  SINCE JAN 1     13.58                     12.58   1.00    23.63

SNOWFALL (IN)
  YESTERDAY        0.0           0.0  2002   0.0             0.0
                                      2001
  MONTH TO DATE    0.0                       0.0             0.0
  SINCE SEP 1      0.0                       0.0             0.0
  SINCE JUL 1      0.0                       0.0             0.0

DEGREE DAYS
 HEATING
  YESTERDAY        3

 COOLING
  YESTERDAY        0
..................................................................


WIND (MPH)
  RESULTANT WIND SPEED   1   RESULTANT WIND DIRECTION   S (180)
  HIGHEST WIND SPEED     9   HIGHEST WIND DIRECTION    NW (300)
  HIGHEST GUST SPEED    12   HIGHEST GUST DIRECTION    NW (310)


SKY COVER
  POSSIBLE SUNSHINE  MM
  AVERAGE SKY COVER 0.0


WEATHER CONDITIONS
 THE FOLLOWING WEATHER WAS RECORDED YESTERDAY.
  HAZE


RELATIVE HUMIDITY (PERCENT)
 HIGHEST    82
 LOWEST     15
 AVERAGE    49

..........................................................


THE SACRAMENTO EXEC. AIRPORT CA CLIMATE NORMALS FOR TODAY
                         NORMAL    RECORD    YEAR
 MAXIMUM TEMPERATURE (F)   77        93      1988
                                             1961
 MINIMUM TEMPERATURE (F)   50        39      1984
                                             1971


SUNRISE AND SUNSET
OCTOBER 17 2018.......SUNRISE   717 AM PDT   SUNSET   625 PM PDT
OCTOBER 18 2018.......SUNRISE   718 AM PDT   SUNSET   623 PM PDT


-  INDICATES NEGATIVE NUMBERS.
R  INDICATES RECORD WAS SET OR TIED.
MM INDICATES DATA IS MISSING.
T  INDICATES TRACE AMOUNT.

&&
....................................................................

SACRAMENTO CITY CLIMATE DATA FOR TUESDAY OCTOBER 16 2018

HIGH...   82  RECORD HIGH    95 IN 1961    NORMAL    HIGH   78
LOW....   47  RECORD LOW     41 IN 1984    NORMAL    LOW    53

RAIN SINCE MIDNIGHT....  0.00   RECORD THIS DATE....... 1.43 IN 2016
TOTAL THIS MONTH.......  0.04   NORMAL SINCE OCT 1ST..........  0.38
TOTAL SINCE OCT 1ST....  0.04   PERCENT OF NORMAL..............  11%

$$
