000
CDUS46 KSGX 250024
CLISAN


CLIMATE REPORT
NATIONAL WEATHER SERVICE SAN DIEGO, CA
524 PM PDT SUN MAY 24 2020


...................................

...THE SAN DIEGO INTL AIRPORT CA CLIMATE SUMMARY FOR MAY 24 2020...
VALID TODAY AS OF 0500 PM LOCAL TIME.

CLIMATE NORMAL PERIOD 1981 TO 2010
CLIMATE RECORD PERIOD 1874 TO 2020


WEATHER ITEM   OBSERVED TIME   RECORD YEAR NORMAL DEPARTURE LAST
                VALUE   (LST)  VALUE       VALUE  FROM      YEAR
                                                  NORMAL
..................................................................
TEMPERATURE (F)
 TODAY
  MAXIMUM         72    208 PM  95    1896  69      3       69
  MINIMUM         61    518 AM  48    1879  60      1       56
  AVERAGE         67                        64      3       63

PRECIPITATION (IN)
  TODAY            0.00          0.10 2008   0.00   0.00     0.00
  MONTH TO DATE    0.02                      0.10  -0.08     0.72
  SINCE OCT 1     13.46                     10.05   3.41    12.73
  SINCE JAN 1      6.71                      6.94  -0.23     8.33

DEGREE DAYS
 HEATING
  TODAY            0                         2     -2        2
  MONTH TO DATE    0                        50    -50       24
  SINCE MAR 1    167                       341   -174      193
  SINCE JUL 1    791                      1199   -408      805

 COOLING
  TODAY            2                         1      1        0
  MONTH TO DATE   94                        24     70        9
  SINCE MAR 1    150                        43    107       31
  SINCE JAN 1    159                        48    111       31
..................................................................


WIND (MPH)
  RESULTANT WIND SPEED   4   RESULTANT WIND DIRECTION   W (280)
  HIGHEST WIND SPEED    15   HIGHEST WIND DIRECTION     W (270)
  HIGHEST GUST SPEED    20   HIGHEST GUST DIRECTION     W (290)
  AVERAGE WIND SPEED     5.4


SKY COVER
  POSSIBLE SUNSHINE  MM
  AVERAGE SKY COVER 0.4


WEATHER CONDITIONS
 THE FOLLOWING WEATHER WAS RECORDED TODAY.
  NO SIGNIFICANT WEATHER WAS OBSERVED.


RELATIVE HUMIDITY (PERCENT)
 HIGHEST    78           500 AM
 LOWEST     57          1000 AM
 AVERAGE    68

..........................................................


THE SAN DIEGO INTL AIRPORT CA CLIMATE NORMALS FOR TOMORROW
                         NORMAL    RECORD    YEAR
 MAXIMUM TEMPERATURE (F)   69        98      1896
 MINIMUM TEMPERATURE (F)   60        49      1879


SUNRISE AND SUNSET
MAY 24 2020...........SUNRISE   544 AM PDT   SUNSET   747 PM PDT
MAY 25 2020...........SUNRISE   544 AM PDT   SUNSET   748 PM PDT


-  INDICATES NEGATIVE NUMBERS.
R  INDICATES RECORD WAS SET OR TIED.
MM INDICATES DATA IS MISSING.
T  INDICATES TRACE AMOUNT.




$$
