000
CDUS46 KSGX 152323
CLISAN


CLIMATE REPORT
NATIONAL WEATHER SERVICE SAN DIEGO, CA
423 PM PDT MON OCT 15 2018


...................................

...THE SAN DIEGO INTL AIRPORT CA CLIMATE SUMMARY FOR OCTOBER 15 2018...
VALID TODAY AS OF 0400 PM LOCAL TIME.

CLIMATE NORMAL PERIOD 1981 TO 2010
CLIMATE RECORD PERIOD 1874 TO 2018


WEATHER ITEM   OBSERVED TIME   RECORD YEAR NORMAL DEPARTURE LAST
                VALUE   (LST)  VALUE       VALUE  FROM      YEAR
                                                  NORMAL
..................................................................
TEMPERATURE (F)
 TODAY
  MAXIMUM         81    102 PM  97    1961  73      8       90
  MINIMUM         62    612 AM  47    1881  61      1       60
  AVERAGE         72                        67      5       75

PRECIPITATION (IN)
  TODAY            0.00          0.96 1878   0.02  -0.02     0.00
  MONTH TO DATE    0.57                      0.21   0.36     0.00
  SINCE OCT 1      0.57                      0.21   0.36     0.00
  SINCE JAN 1      3.82                      7.44  -3.62     7.83

DEGREE DAYS
 HEATING
  TODAY            0                         0      0        0
  MONTH TO DATE    0                         0      0        0
  SINCE SEP 1      0                         1     -1        0
  SINCE JUL 1      0                         2     -2        0

 COOLING
  TODAY            7                         2      5       10
  MONTH TO DATE   84                        45     39       77
  SINCE SEP 1    298                       213     85      318
  SINCE JAN 1   1167                       681    486     1021
..................................................................


WIND (MPH)
  RESULTANT WIND SPEED   3   RESULTANT WIND DIRECTION   W (290)
  HIGHEST WIND SPEED    16   HIGHEST WIND DIRECTION     W (280)
  HIGHEST GUST SPEED    20   HIGHEST GUST DIRECTION     W (280)
  AVERAGE WIND SPEED     4.7


SKY COVER
  POSSIBLE SUNSHINE  MM
  AVERAGE SKY COVER 0.4


WEATHER CONDITIONS
 THE FOLLOWING WEATHER WAS RECORDED TODAY.
  NO SIGNIFICANT WEATHER WAS OBSERVED.


RELATIVE HUMIDITY (PERCENT)
 HIGHEST    84           200 AM
 LOWEST     12           100 PM
 AVERAGE    48

..........................................................


THE SAN DIEGO INTL AIRPORT CA CLIMATE NORMALS FOR TOMORROW
                         NORMAL    RECORD    YEAR
 MAXIMUM TEMPERATURE (F)   73        97      1958
 MINIMUM TEMPERATURE (F)   61        48      1892
                                             1879


SUNRISE AND SUNSET
OCTOBER 15 2018.......SUNRISE   653 AM PDT   SUNSET   616 PM PDT
OCTOBER 16 2018.......SUNRISE   654 AM PDT   SUNSET   614 PM PDT


-  INDICATES NEGATIVE NUMBERS.
R  INDICATES RECORD WAS SET OR TIED.
MM INDICATES DATA IS MISSING.
T  INDICATES TRACE AMOUNT.




$$
