000
CDUS46 KSGX 300935
CLISAN


CLIMATE REPORT
NATIONAL WEATHER SERVICE SAN DIEGO, CA
235 AM PDT FRI OCT 30 2020


...................................

...THE SAN DIEGO INTL AIRPORT CA CLIMATE SUMMARY FOR OCTOBER 29 2020...

CLIMATE NORMAL PERIOD 1981 TO 2010
CLIMATE RECORD PERIOD 1874 TO 2020


WEATHER ITEM   OBSERVED TIME   RECORD YEAR NORMAL DEPARTURE LAST
                VALUE   (LST)  VALUE       VALUE  FROM      YEAR
                                                  NORMAL
..................................................................
TEMPERATURE (F)
 YESTERDAY
  MAXIMUM         78   1205 PM  89    1931  72      6       71
  MINIMUM         53    556 AM  45    1971  58     -5       51
  AVERAGE         66                        65      1       61

PRECIPITATION (IN)
  YESTERDAY        0.00          0.50 2000   0.03  -0.03     0.00
  MONTH TO DATE    0.12                      0.52  -0.40     0.00
  SINCE OCT 1      0.12                      0.52  -0.40     0.00
  SINCE JAN 1      6.97                      7.75  -0.78     8.53

DEGREE DAYS
 HEATING
  YESTERDAY        0                         1     -1        4
  MONTH TO DATE    2                        12    -10        4
  SINCE SEP 1      2                        13    -11        4
  SINCE JUL 1      2                        14    -12        4

 COOLING
  YESTERDAY        1                         1      0        0
  MONTH TO DATE  210                        69    141      103
  SINCE SEP 1    492                       237    255      331
  SINCE JAN 1   1257                       705    552      791
..................................................................


WIND (MPH)
  RESULTANT WIND SPEED   2   RESULTANT WIND DIRECTION   W (290)
  HIGHEST WIND SPEED    12   HIGHEST WIND DIRECTION    NW (300)
  HIGHEST GUST SPEED    16   HIGHEST GUST DIRECTION     S (180)
  AVERAGE WIND SPEED     3.2


SKY COVER
  POSSIBLE SUNSHINE  MM
  AVERAGE SKY COVER 0.3


WEATHER CONDITIONS
 THE FOLLOWING WEATHER WAS RECORDED YESTERDAY.
  FOG
  HAZE


RELATIVE HUMIDITY (PERCENT)
 HIGHEST    84           900 PM
 LOWEST     31          1200 PM
 AVERAGE    58

..........................................................


THE SAN DIEGO INTL AIRPORT CA CLIMATE NORMALS FOR TODAY
                         NORMAL    RECORD    YEAR
 MAXIMUM TEMPERATURE (F)   72        89      1962
                                             1939
 MINIMUM TEMPERATURE (F)   58        43      1971


SUNRISE AND SUNSET
OCTOBER 30 2020.......SUNRISE   705 AM PDT   SUNSET   559 PM PDT
OCTOBER 31 2020.......SUNRISE   706 AM PDT   SUNSET   558 PM PDT


-  INDICATES NEGATIVE NUMBERS.
R  INDICATES RECORD WAS SET OR TIED.
MM INDICATES DATA IS MISSING.
T  INDICATES TRACE AMOUNT.




$$
