009
CDUS46 KSGX 230031
CLISAN


CLIMATE REPORT
NATIONAL WEATHER SERVICE SAN DIEGO, CA
431 PM PST TUE JAN 22 2019


...................................

...THE SAN DIEGO INTL AIRPORT CA CLIMATE SUMMARY FOR JANUARY 22 2019...
VALID TODAY AS OF 0400 PM LOCAL TIME.

CLIMATE NORMAL PERIOD 1981 TO 2010
CLIMATE RECORD PERIOD 1874 TO 2019


WEATHER ITEM   OBSERVED TIME   RECORD YEAR NORMAL DEPARTURE LAST
                VALUE   (LST)  VALUE       VALUE  FROM      YEAR
                                                  NORMAL
..................................................................
TEMPERATURE (F)
 TODAY
  MAXIMUM         67    247 PM  80    2013  65      2       66
  MINIMUM         49    708 AM  30    1937  49      0       48
  AVERAGE         58                        57      1       57

PRECIPITATION (IN)
  TODAY            0.00          1.53 1967   0.05  -0.05     0.00
  MONTH TO DATE    2.18                      1.41   0.77     1.76
  SINCE OCT 1      6.58                      4.52   2.06     1.85
  SINCE JAN 1      2.18                      1.41   0.77     1.76

DEGREE DAYS
 HEATING
  TODAY            7                         8     -1        8
  MONTH TO DATE  155                       179    -24       83
  SINCE DEC 1    302                       441   -139      225
  SINCE JUL 1    320                       586   -266      263

 COOLING
  TODAY            0                         0      0        0
  MONTH TO DATE    0                         0      0        3
  SINCE DEC 1      0                         0      0        6
  SINCE JAN 1      0                         0      0        3
..................................................................


WIND (MPH)
  RESULTANT WIND SPEED   2   RESULTANT WIND DIRECTION   W (290)
  HIGHEST WIND SPEED    17   HIGHEST WIND DIRECTION    NW (300)
  HIGHEST GUST SPEED    22   HIGHEST GUST DIRECTION    NW (310)
  AVERAGE WIND SPEED     3.5


SKY COVER
  POSSIBLE SUNSHINE  MM
  AVERAGE SKY COVER 0.2


WEATHER CONDITIONS
 THE FOLLOWING WEATHER WAS RECORDED TODAY.
  NO SIGNIFICANT WEATHER WAS OBSERVED.


RELATIVE HUMIDITY (PERCENT)
 HIGHEST    74           400 AM
 LOWEST     26           200 PM
 AVERAGE    50

..........................................................


THE SAN DIEGO INTL AIRPORT CA CLIMATE NORMALS FOR TOMORROW
                         NORMAL    RECORD    YEAR
 MAXIMUM TEMPERATURE (F)   65        81      1953
 MINIMUM TEMPERATURE (F)   49        37      1937


SUNRISE AND SUNSET
JANUARY 22 2019.......SUNRISE   649 AM PST   SUNSET   512 PM PST
JANUARY 23 2019.......SUNRISE   649 AM PST   SUNSET   513 PM PST


-  INDICATES NEGATIVE NUMBERS.
R  INDICATES RECORD WAS SET OR TIED.
MM INDICATES DATA IS MISSING.
T  INDICATES TRACE AMOUNT.




$$
