802
CDUS46 KSGX 142322
CLISAN


CLIMATE REPORT
NATIONAL WEATHER SERVICE SAN DIEGO, CA
422 PM PDT MON OCT 14 2019


...................................

...THE SAN DIEGO INTL AIRPORT CA CLIMATE SUMMARY FOR OCTOBER 14 2019...
VALID TODAY AS OF 0400 PM LOCAL TIME.

CLIMATE NORMAL PERIOD 1981 TO 2010
CLIMATE RECORD PERIOD 1874 TO 2019


WEATHER ITEM   OBSERVED TIME   RECORD YEAR NORMAL DEPARTURE LAST
                VALUE   (LST)  VALUE       VALUE  FROM      YEAR
                                                  NORMAL
..................................................................
TEMPERATURE (F)
 TODAY
  MAXIMUM         74    131 PM 107    1961  73      1       74
  MINIMUM         64    518 AM  48    1892  61      3       63
                                      1880
  AVERAGE         69                        67      2       69

PRECIPITATION (IN)
  TODAY            0.00          0.78 1877   0.02  -0.02     0.00
  MONTH TO DATE    0.00                      0.19  -0.19     0.57
  SINCE OCT 1      0.00                      0.19  -0.19     0.57
  SINCE JAN 1      8.53                      7.42   1.11     3.82

DEGREE DAYS
 HEATING
  TODAY            0                         0      0        0
  MONTH TO DATE    0                         0      0        0
  SINCE SEP 1      0                         1     -1        0
  SINCE JUL 1      0                         2     -2        0

 COOLING
  TODAY            4                         2      2        4
  MONTH TO DATE   33                        43    -10       77
  SINCE SEP 1    261                       211     50      291
  SINCE JAN 1    721                       679     42     1160
..................................................................


WIND (MPH)
  RESULTANT WIND SPEED   3   RESULTANT WIND DIRECTION   W (250)
  HIGHEST WIND SPEED    13   HIGHEST WIND DIRECTION     W (280)
  HIGHEST GUST SPEED    20   HIGHEST GUST DIRECTION     S (200)
  AVERAGE WIND SPEED     5.5


SKY COVER
  POSSIBLE SUNSHINE  MM
  AVERAGE SKY COVER 0.6


WEATHER CONDITIONS
 THE FOLLOWING WEATHER WAS RECORDED TODAY.
  HAZE


RELATIVE HUMIDITY (PERCENT)
 HIGHEST    68          1200 AM
 LOWEST     46           100 PM
 AVERAGE    57

..........................................................


THE SAN DIEGO INTL AIRPORT CA CLIMATE NORMALS FOR TOMORROW
                         NORMAL    RECORD    YEAR
 MAXIMUM TEMPERATURE (F)   73        97      1961
 MINIMUM TEMPERATURE (F)   61        47      1881


SUNRISE AND SUNSET
OCTOBER 14 2019.......SUNRISE   652 AM PDT   SUNSET   617 PM PDT
OCTOBER 15 2019.......SUNRISE   653 AM PDT   SUNSET   616 PM PDT


-  INDICATES NEGATIVE NUMBERS.
R  INDICATES RECORD WAS SET OR TIED.
MM INDICATES DATA IS MISSING.
T  INDICATES TRACE AMOUNT.




$$
