197
CDUS46 KSGX 180021
CLISAN


CLIMATE REPORT
NATIONAL WEATHER SERVICE SAN DIEGO, CA
521 PM PDT TUE JUL 17 2018


...................................

...THE SAN DIEGO INTL AIRPORT CA CLIMATE SUMMARY FOR JULY 17 2018...
VALID TODAY AS OF 0500 PM LOCAL TIME.

CLIMATE NORMAL PERIOD 1981 TO 2010
CLIMATE RECORD PERIOD 1874 TO 2018


WEATHER ITEM   OBSERVED TIME   RECORD YEAR NORMAL DEPARTURE LAST
                VALUE   (LST)  VALUE       VALUE  FROM      YEAR
                                                  NORMAL
..................................................................
TEMPERATURE (F)
 TODAY
  MAXIMUM         78   1259 PM  86    1984  75      3       76
  MINIMUM         71    546 AM  56    1884  66      5       70
  AVERAGE         75                        70      5       73

PRECIPITATION (IN)
  TODAY            0.00          0.12 1912   0.00   0.00     0.00
  MONTH TO DATE    T                         0.01  -0.01      T
  SINCE OCT 1      3.32                     10.15  -6.83    12.65
  SINCE JAN 1      3.23                      7.04  -3.81     7.75

DEGREE DAYS
 HEATING
  TODAY            0                         0      0        0
  MONTH TO DATE    0                         0      0        0
  SINCE JUN 1      0                        18    -18        9
  SINCE JUL 1      0                         0      0        0

 COOLING
  TODAY           10                         5      5        8
  MONTH TO DATE  164                        77     87      130
  SINCE JUN 1    245                       137    108      228
  SINCE JAN 1    297                       186    111      320
..................................................................


WIND (MPH)
  RESULTANT WIND SPEED   6   RESULTANT WIND DIRECTION   W (280)
  HIGHEST WIND SPEED    14   HIGHEST WIND DIRECTION     W (270)
  HIGHEST GUST SPEED    18   HIGHEST GUST DIRECTION     W (290)
  AVERAGE WIND SPEED     7.0


SKY COVER
  POSSIBLE SUNSHINE  MM
  AVERAGE SKY COVER 0.9


WEATHER CONDITIONS
 THE FOLLOWING WEATHER WAS RECORDED TODAY.
  NO SIGNIFICANT WEATHER WAS OBSERVED.


RELATIVE HUMIDITY (PERCENT)
 HIGHEST    79          1200 AM
 LOWEST     64          1200 PM
 AVERAGE    72

..........................................................


THE SAN DIEGO INTL AIRPORT CA CLIMATE NORMALS FOR TOMORROW
                         NORMAL    RECORD    YEAR
 MAXIMUM TEMPERATURE (F)   75        83      2004
                                             1992
                                             1984
 MINIMUM TEMPERATURE (F)   66        56      1884


SUNRISE AND SUNSET
JULY 17 2018..........SUNRISE   553 AM PDT   SUNSET   757 PM PDT
JULY 18 2018..........SUNRISE   553 AM PDT   SUNSET   756 PM PDT


-  INDICATES NEGATIVE NUMBERS.
R  INDICATES RECORD WAS SET OR TIED.
MM INDICATES DATA IS MISSING.
T  INDICATES TRACE AMOUNT.




$$
