000
CDUS44 KEWX 140719
CLISAT


CLIMATE REPORT
NATIONAL WEATHER SERVICE AUSTIN/SAN ANTONIO, TX
113 AM CST FRI DEC 14 2018


...................................

...THE SAN ANTONIO CLIMATE SUMMARY FOR DECEMBER 13 2018...

CLIMATE NORMAL PERIOD 1981 TO 2010
CLIMATE RECORD PERIOD 1886 TO 2018


WEATHER ITEM   OBSERVED TIME   RECORD YEAR NORMAL DEPARTURE LAST
                VALUE   (LST)  VALUE       VALUE  FROM      YEAR
                                                  NORMAL
..................................................................
TEMPERATURE (F)
 YESTERDAY
  MAXIMUM         69    125 PM  83    1921  64      5       60
                                      1896
  MINIMUM         42    940 PM  19    1966  42      0       35
  AVERAGE         56                        53      3       48

PRECIPITATION (IN)
  YESTERDAY        T             1.24 1887   0.06  -0.06     0.00
  MONTH TO DATE    1.62                      0.77   0.85     2.33
  SINCE DEC 1      1.62                      0.77   0.85     2.33
  SINCE JAN 1     40.47                     31.13   9.34    25.62

SNOWFALL (IN)
  YESTERDAY        0.0
  MONTH TO DATE    0.0
  SINCE DEC 1      0.0
  SINCE JUL 1      0.0
  SNOW DEPTH       0

DEGREE DAYS
 HEATING
  YESTERDAY        9                        12     -3       17
  MONTH TO DATE  149                       147      2      143
  SINCE DEC 1    149                       147      2      143
  SINCE JUL 1    484                       358    126      275

 COOLING
  YESTERDAY        0                         0      0        0
  MONTH TO DATE    0                         7     -7       18
  SINCE DEC 1      0                         7     -7       18
  SINCE JAN 1   3460                      3124    336     3467
..................................................................


WIND (MPH)
  HIGHEST WIND SPEED    35   HIGHEST WIND DIRECTION     W (290)
  HIGHEST GUST SPEED    45   HIGHEST GUST DIRECTION     W (290)
  AVERAGE WIND SPEED    15.1


SKY COVER
  AVERAGE SKY COVER 0.6


WEATHER CONDITIONS
 THE FOLLOWING WEATHER WAS RECORDED YESTERDAY.
  LIGHT RAIN
  FOG
  FOG W/VISIBILITY <= 1/4 MILE


RELATIVE HUMIDITY (PERCENT)
 HIGHEST    93           300 AM
 LOWEST     20           300 PM
 AVERAGE    57

..........................................................


THE SAN ANTONIO CLIMATE NORMALS FOR TODAY
                         NORMAL    RECORD    YEAR
 MAXIMUM TEMPERATURE (F)   64        85      1908
 MINIMUM TEMPERATURE (F)   42        22      1966


SUNRISE AND SUNSET
DECEMBER 14 2018......SUNRISE   720 AM CST   SUNSET   537 PM CST
DECEMBER 15 2018......SUNRISE   721 AM CST   SUNSET   537 PM CST


-  INDICATES NEGATIVE NUMBERS.
R  INDICATES RECORD WAS SET OR TIED.
MM INDICATES DATA IS MISSING.
T  INDICATES TRACE AMOUNT.




$$
