000
CDUS44 KEWX 242221
CLISAT


CLIMATE REPORT
NATIONAL WEATHER SERVICE AUSTIN/SAN ANTONIO, TX
521 PM CDT SUN JUN 24 2018


...................................

...THE SAN ANTONIO CLIMATE SUMMARY FOR JUNE 24 2018...
VALID TODAY AS OF 0500 PM LOCAL TIME.

CLIMATE NORMAL PERIOD 1981 TO 2010
CLIMATE RECORD PERIOD 1886 TO 2018


WEATHER ITEM   OBSERVED TIME   RECORD YEAR NORMAL DEPARTURE LAST
                VALUE   (LST)  VALUE       VALUE  FROM      YEAR
                                                  NORMAL
..................................................................
TEMPERATURE (F)
 TODAY
  MAXIMUM         99    301 PM 102    2009  93      6       88
                                      1994
  MINIMUM         77    623 AM  63    1886  74      3       74
  AVERAGE         88                        83      5       81

PRECIPITATION (IN)
  TODAY            0.00          2.68 2001   0.14  -0.14     0.00
  MONTH TO DATE    0.70                      3.40  -2.70     0.27
  SINCE JUN 1      0.70                      3.40  -2.70     0.27
  SINCE JAN 1      8.24                     15.37  -7.13    13.34

SNOWFALL (IN)
  TODAY            0.0
  MONTH TO DATE    0.0
  SINCE JUN 1      0.0
  SINCE JUL 1      1.9
  SNOW DEPTH       0

DEGREE DAYS
 HEATING
  TODAY            0                         0      0        0
  MONTH TO DATE    0                         0      0        0
  SINCE JUN 1      0                         0      0        0
  SINCE JUL 1   1303                      1496   -193      778

 COOLING
  TODAY           23                        18      5       16
  MONTH TO DATE  510                       411     99      444
  SINCE JUN 1    510                       411     99      444
  SINCE JAN 1   1296                      1040    256     1216
..................................................................


WIND (MPH)
  HIGHEST WIND SPEED    23   HIGHEST WIND DIRECTION    SE (150)
  HIGHEST GUST SPEED    30   HIGHEST GUST DIRECTION    SE (150)
  AVERAGE WIND SPEED    14.4


SKY COVER
  AVERAGE SKY COVER 0.7


WEATHER CONDITIONS
 THE FOLLOWING WEATHER WAS RECORDED TODAY.
  NO SIGNIFICANT WEATHER WAS OBSERVED.


RELATIVE HUMIDITY (PERCENT)
 HIGHEST    85           100 AM
 LOWEST     38           300 PM
 AVERAGE    62

..........................................................


THE SAN ANTONIO CLIMATE NORMALS FOR TOMORROW
                         NORMAL    RECORD    YEAR
 MAXIMUM TEMPERATURE (F)   93       103      2012
                                             2009
 MINIMUM TEMPERATURE (F)   74        59      1974


SUNRISE AND SUNSET
JUNE 24 2018..........SUNRISE   635 AM CDT   SUNSET   837 PM CDT
JUNE 25 2018..........SUNRISE   635 AM CDT   SUNSET   838 PM CDT


-  INDICATES NEGATIVE NUMBERS.
R  INDICATES RECORD WAS SET OR TIED.
MM INDICATES DATA IS MISSING.
T  INDICATES TRACE AMOUNT.




$$
