089
CDUS44 KEWX 142250
CLISAT


CLIMATE REPORT
NATIONAL WEATHER SERVICE AUSTIN/SAN ANTONIO, TX
550 PM CDT MON OCT 14 2019


...................................

...THE SAN ANTONIO CLIMATE SUMMARY FOR OCTOBER 14 2019...
VALID TODAY AS OF 0500 PM LOCAL TIME.

CLIMATE NORMAL PERIOD 1981 TO 2010
CLIMATE RECORD PERIOD 1886 TO 2019


WEATHER ITEM   OBSERVED TIME   RECORD YEAR NORMAL DEPARTURE LAST
                VALUE   (LST)  VALUE       VALUE  FROM      YEAR
                                                  NORMAL
..................................................................
TEMPERATURE (F)
 TODAY
  MAXIMUM         91    350 PM  95    2015  83      8       88
  MINIMUM         71    722 AM  39    1977  61     10       76
  AVERAGE         81                        72      9       82

PRECIPITATION (IN)
  TODAY            T             1.19 1920   0.14  -0.14      T
  MONTH TO DATE    0.06                      1.84  -1.78     2.00
  SINCE SEP 1      1.51                      4.87  -3.36    18.86
  SINCE JAN 1     16.80                     25.81  -9.01    32.60

SNOWFALL (IN)
  TODAY            0.0
  MONTH TO DATE    0.0
  SINCE SEP 1      0.0
  SINCE JUL 1      0.0
  SNOW DEPTH       0

DEGREE DAYS
 HEATING
  TODAY            0                         1     -1        0
  MONTH TO DATE    1                         3     -2        0
  SINCE SEP 1      1                         5     -4        0
  SINCE JUL 1      1                         5     -4        0

 COOLING
  TODAY           16                         7      9       17
  MONTH TO DATE  189                       123     66      187
  SINCE SEP 1    822                       566    256      627
  SINCE JAN 1   3327                      2957    370     3399
..................................................................


WIND (MPH)
  HIGHEST WIND SPEED     9   HIGHEST WIND DIRECTION     S (180)
  HIGHEST GUST SPEED    15   HIGHEST GUST DIRECTION     S (180)
  AVERAGE WIND SPEED     2.9


SKY COVER
  AVERAGE SKY COVER 0.9


WEATHER CONDITIONS
 THE FOLLOWING WEATHER WAS RECORDED TODAY.
  HAZE


RELATIVE HUMIDITY (PERCENT)
 HIGHEST    87           900 AM
 LOWEST     44           400 PM
 AVERAGE    66

..........................................................


THE SAN ANTONIO CLIMATE NORMALS FOR TOMORROW
                         NORMAL    RECORD    YEAR
 MAXIMUM TEMPERATURE (F)   83        95      1962
                                             1931
 MINIMUM TEMPERATURE (F)   60        42      1978


SUNRISE AND SUNSET
OCTOBER 14 2019.......SUNRISE   735 AM CDT   SUNSET   705 PM CDT
OCTOBER 15 2019.......SUNRISE   735 AM CDT   SUNSET   704 PM CDT


-  INDICATES NEGATIVE NUMBERS.
R  INDICATES RECORD WAS SET OR TIED.
MM INDICATES DATA IS MISSING.
T  INDICATES TRACE AMOUNT.




$$
