148
CDUS42 KCHS 240605
CLISAV


CLIMATE REPORT
NATIONAL WEATHER SERVICE CHARLESTON SC
105 AM EST FRI JAN 24 2020


...................................

...THE SAVANNAH GA CLIMATE SUMMARY FOR JANUARY 23 2020...

CLIMATE NORMAL PERIOD 1981 TO 2010
CLIMATE RECORD PERIOD 1871 TO 2020


WEATHER ITEM   OBSERVED TIME   RECORD YEAR NORMAL DEPARTURE LAST
                VALUE   (LST)  VALUE       VALUE  FROM      YEAR
                                                  NORMAL
..................................................................
TEMPERATURE (F)
 YESTERDAY
  MAXIMUM         55    453 PM  82    2002  61     -6       70
                                      1937
  MINIMUM         41    555 AM  19    1960  39      2       48
  AVERAGE         48                        50     -2       59

PRECIPITATION (IN)
  YESTERDAY        0.02          2.59 1998   0.13  -0.11     0.13
  MONTH TO DATE    0.90                      2.69  -1.79     1.38
  SINCE DEC 1      7.72                      5.64   2.08     9.52
  SINCE JAN 1      0.90                      2.69  -1.79     1.38

SNOWFALL (IN)
  YESTERDAY       MM                         0.0   MM
  SINCE DEC 1      0.0                       0.2   -0.2
  SINCE JUL 1      0.0                       0.2   -0.2

DEGREE DAYS
 HEATING
  YESTERDAY       17                        15      2        6
  MONTH TO DATE  198                       366   -168      253
  SINCE DEC 1    463                       789   -326      583
  SINCE JUL 1    725                      1056   -331      847

 COOLING
  YESTERDAY        0                         0      0        0
  MONTH TO DATE   54                         0     54       16
  SINCE DEC 1     76                         9     67       28
  SINCE JAN 1     54                         0     54       16
..................................................................


WIND (MPH)
  HIGHEST WIND SPEED    14   HIGHEST WIND DIRECTION    NE (30)
  HIGHEST GUST SPEED    19   HIGHEST GUST DIRECTION     N (20)
  AVERAGE WIND SPEED     7.6


SKY COVER
  POSSIBLE SUNSHINE  MM
  AVERAGE SKY COVER 0.7


WEATHER CONDITIONS
 THE FOLLOWING WEATHER WAS RECORDED YESTERDAY.
  LIGHT RAIN


RELATIVE HUMIDITY (PERCENT)
 HIGHEST    89          1100 PM
 LOWEST     58          1200 AM
 AVERAGE    74

..........................................................


THE SAVANNAH GA CLIMATE NORMALS FOR TODAY
                         NORMAL    RECORD    YEAR
 MAXIMUM TEMPERATURE (F)   61        80      2002
                                             1974
 MINIMUM TEMPERATURE (F)   39        17      2003


SUNRISE AND SUNSET
JANUARY 24 2020.......SUNRISE   723 AM EST   SUNSET   551 PM EST
JANUARY 25 2020.......SUNRISE   723 AM EST   SUNSET   552 PM EST


-  INDICATES NEGATIVE NUMBERS.
R  INDICATES RECORD WAS SET OR TIED.
MM INDICATES DATA IS MISSING.
T  INDICATES TRACE AMOUNT.




$$
