000
CDUS42 KCHS 212106
CLISAV

CLIMATE REPORT
NATIONAL WEATHER SERVICE CHARLESTON SC
506 PM EDT SAT MAY 21 2022

...................................

...THE SAVANNAH GA CLIMATE SUMMARY FOR MAY 21 2022...
VALID TODAY AS OF 0500 PM LOCAL TIME.

CLIMATE NORMAL PERIOD 1991 TO 2020
CLIMATE RECORD PERIOD 1871 TO 2022


WEATHER ITEM   OBSERVED TIME   RECORD YEAR NORMAL DEPARTURE LAST
                VALUE   (LST)  VALUE       VALUE  FROM      YEAR
                                                  NORMAL
...................................................................
TEMPERATURE (F)
 TODAY
  MAXIMUM         89    138 PM  98    1938  86      3       86
                                      1962
  MINIMUM         72    600 AM  46    2002  65      7       58
  AVERAGE         81                        75      6       72

PRECIPITATION (IN)
  TODAY            0.00          1.80 1991   0.12  -0.12     0.00
  MONTH TO DATE    0.46                      2.14  -1.68     0.76
  SINCE MAR 1      3.45                      9.03  -5.58     8.89
  SINCE JAN 1      7.36                     15.11  -7.75    14.90

DEGREE DAYS
 HEATING
  TODAY            0                         0      0        0
  MONTH TO DATE    3                         2      1        8
  SINCE MAR 1    180                       261    -81      231
  SINCE JUL 1   1441                      1670   -229     1418

 COOLING
  TODAY           16                        10      6        7
  MONTH TO DATE  207                       172     35      117
  SINCE MAR 1    363                       327     36      287
  SINCE JAN 1    416                       346     70      320
...................................................................


WIND (MPH)
  HIGHEST WIND SPEED    22   HIGHEST WIND DIRECTION     S (170)
  HIGHEST GUST SPEED    27   HIGHEST GUST DIRECTION    SE (150)
  AVERAGE WIND SPEED    10.8


SKY COVER
  POSSIBLE SUNSHINE  MM
  AVERAGE SKY COVER 0.6


WEATHER CONDITIONS
THE FOLLOWING WEATHER WAS RECORDED TODAY.
  NO SIGNIFICANT WEATHER WAS OBSERVED.


RELATIVE HUMIDITY (PERCENT)
 HIGHEST    84           600 AM
 LOWEST     51          1200 PM
 AVERAGE    68

..........................................................


THE SAVANNAH GA CLIMATE NORMALS FOR TOMORROW
                         NORMAL    RECORD    YEAR
 MAXIMUM TEMPERATURE (F)   86        99      1938
 MINIMUM TEMPERATURE (F)   65        49      1981


SUNRISE AND SUNSET
MAY 21 2022...........SUNRISE   624 AM EDT   SUNSET   820 PM EDT
MAY 22 2022...........SUNRISE   623 AM EDT   SUNSET   820 PM EDT


-  INDICATES NEGATIVE NUMBERS.
R  INDICATES RECORD WAS SET OR TIED.
MM INDICATES DATA IS MISSING.
T  INDICATES TRACE AMOUNT.




$$
