000
CDUS42 KCHS 220602
CLISAV


CLIMATE REPORT
NATIONAL WEATHER SERVICE CHARLESTON SC
102 AM EST TUE JAN 22 2019


...................................

...THE SAVANNAH GA CLIMATE SUMMARY FOR JANUARY 21 2019...

CLIMATE NORMAL PERIOD 1981 TO 2010
CLIMATE RECORD PERIOD 1871 TO 2019


WEATHER ITEM   OBSERVED TIME   RECORD YEAR NORMAL DEPARTURE LAST
                VALUE   (LST)  VALUE       VALUE  FROM      YEAR
                                                  NORMAL
..................................................................
TEMPERATURE (F)
 YESTERDAY
  MAXIMUM         49    421 PM  81    1954  61    -12       72
  MINIMUM         31    629 AM   3    1985  39     -8       41
  AVERAGE         40                        50    -10       57

PRECIPITATION (IN)
  YESTERDAY        0.00          2.01 1983   0.13  -0.13     0.00
  MONTH TO DATE    1.25                      2.44  -1.19     0.66
  SINCE DEC 1      9.39                      5.39   4.00     3.01
  SINCE JAN 1      1.25                      2.44  -1.19     0.66

SNOWFALL (IN)
  YESTERDAY        0.0                       0.0    0.0
  SINCE DEC 1      0.0                       0.2   -0.2
  SINCE JUL 1      0.0                       0.2   -0.2

DEGREE DAYS
 HEATING
  YESTERDAY       25                        16      9        8
  MONTH TO DATE  226                       336   -110      453
  SINCE DEC 1    556                       759   -203      829
  SINCE JUL 1    820                      1026   -206     1053

 COOLING
  YESTERDAY        0                         0      0        0
  MONTH TO DATE   16                         0     16        3
  SINCE DEC 1     28                         9     19       12
  SINCE JAN 1     16                         0     16        3
..................................................................


WIND (MPH)
  HIGHEST WIND SPEED    13   HIGHEST WIND DIRECTION     N (340)
  HIGHEST GUST SPEED    17   HIGHEST GUST DIRECTION    NW (310)
  AVERAGE WIND SPEED     8.0


SKY COVER
  POSSIBLE SUNSHINE  MM
  AVERAGE SKY COVER 0.1


WEATHER CONDITIONS
 THE FOLLOWING WEATHER WAS RECORDED YESTERDAY.
  NO SIGNIFICANT WEATHER WAS OBSERVED.


RELATIVE HUMIDITY (PERCENT)
 HIGHEST    66           400 AM
 LOWEST     26           400 PM
 AVERAGE    46

..........................................................


THE SAVANNAH GA CLIMATE NORMALS FOR TODAY
                         NORMAL    RECORD    YEAR
 MAXIMUM TEMPERATURE (F)   61        80      1937
                                             1923
 MINIMUM TEMPERATURE (F)   39        17      1985
                                             1961


SUNRISE AND SUNSET
JANUARY 22 2019.......SUNRISE   724 AM EST   SUNSET   549 PM EST
JANUARY 23 2019.......SUNRISE   723 AM EST   SUNSET   550 PM EST


-  INDICATES NEGATIVE NUMBERS.
R  INDICATES RECORD WAS SET OR TIED.
MM INDICATES DATA IS MISSING.
T  INDICATES TRACE AMOUNT.




$$
