000
CDUS42 KCHS 250608
CLISAV


CLIMATE REPORT
NATIONAL WEATHER SERVICE CHARLESTON SC
208 AM EDT THU APR 25 2019


...................................

...THE SAVANNAH GA CLIMATE SUMMARY FOR APRIL 24 2019...

CLIMATE NORMAL PERIOD 1981 TO 2010
CLIMATE RECORD PERIOD 1871 TO 2019


WEATHER ITEM   OBSERVED TIME   RECORD YEAR NORMAL DEPARTURE LAST
                VALUE   (LST)  VALUE       VALUE  FROM      YEAR
                                                  NORMAL
..................................................................
TEMPERATURE (F)
 YESTERDAY
  MAXIMUM         89    413 PM  94    1958  80      9       80
  MINIMUM         61    629 AM  38    1986  56      5       64
  AVERAGE         75                        68      7       72

PRECIPITATION (IN)
  YESTERDAY        0.00          1.55 1941   0.09  -0.09     0.00
  MONTH TO DATE    2.49                      2.54  -0.05     4.33
  SINCE MAR 1      4.19                      6.27  -2.08     5.55
  SINCE JAN 1      7.63                     12.75  -5.12     8.38

SNOWFALL (IN)
  YESTERDAY        0.0                       0.0    0.0
  SINCE MAR 1      0.0                       T      0.0
  SINCE JUL 1      0.0                       0.3   -0.3

DEGREE DAYS
 HEATING
  YESTERDAY        0                         2     -2        0
  MONTH TO DATE   53                        70    -17       85
  SINCE MAR 1    225                       280    -55      327
  SINCE JUL 1   1366                      1797   -431     1602

 COOLING
  YESTERDAY       10                         4      6        7
  MONTH TO DATE  107                        67     40       57
  SINCE MAR 1    147                        99     48       89
  SINCE JAN 1    189                       109     80      171
..................................................................


WIND (MPH)
  HIGHEST WIND SPEED    17   HIGHEST WIND DIRECTION     W (270)
  HIGHEST GUST SPEED    22   HIGHEST GUST DIRECTION    NW (310)
  AVERAGE WIND SPEED     6.7


SKY COVER
  POSSIBLE SUNSHINE  MM
  AVERAGE SKY COVER 0.6


WEATHER CONDITIONS
 THE FOLLOWING WEATHER WAS RECORDED YESTERDAY.
  HAZE


RELATIVE HUMIDITY (PERCENT)
 HIGHEST    78           600 AM
 LOWEST     30           200 PM
 AVERAGE    54

..........................................................


THE SAVANNAH GA CLIMATE NORMALS FOR TODAY
                         NORMAL    RECORD    YEAR
 MAXIMUM TEMPERATURE (F)   80        94      1958
 MINIMUM TEMPERATURE (F)   56        39      2005


SUNRISE AND SUNSET
APRIL 25 2019.........SUNRISE   645 AM EDT   SUNSET   801 PM EDT
APRIL 26 2019.........SUNRISE   644 AM EDT   SUNSET   802 PM EDT


-  INDICATES NEGATIVE NUMBERS.
R  INDICATES RECORD WAS SET OR TIED.
MM INDICATES DATA IS MISSING.
T  INDICATES TRACE AMOUNT.




$$
