000
CDUS42 KCHS 262105
CLISAV


CLIMATE REPORT
NATIONAL WEATHER SERVICE CHARLESTON SC
504 PM EDT WED JUN 26 2019


...................................

...THE SAVANNAH GA CLIMATE SUMMARY FOR JUNE 26 2019...
VALID TODAY AS OF 0500 PM LOCAL TIME.

CLIMATE NORMAL PERIOD 1981 TO 2010
CLIMATE RECORD PERIOD 1871 TO 2019


WEATHER ITEM   OBSERVED TIME   RECORD YEAR NORMAL DEPARTURE LAST
                VALUE   (LST)  VALUE       VALUE  FROM      YEAR
                                                  NORMAL
..................................................................
TEMPERATURE (F)
 TODAY
  MAXIMUM         94    233 PM 103    1952  91      3       92
  MINIMUM         73    521 AM  63    1979  72      1       72
                                      1940
  AVERAGE         84                        81      3       82

PRECIPITATION (IN)
  TODAY            0.00          3.60 1963   0.20  -0.20      T
  MONTH TO DATE   12.05                      5.15   6.90     2.19
  SINCE JUN 1     12.05                      5.15   6.90     2.19
  SINCE JAN 1     22.72                     21.41   1.31    17.28

DEGREE DAYS
 HEATING
  TODAY            0                         0      0        0
  MONTH TO DATE    0                         0      0        0
  SINCE JUN 1      0                         0      0        0
  SINCE JUL 1   1366                      1812   -446     1607

 COOLING
  TODAY           19                        16      3       17
  MONTH TO DATE  435                       379     56      450
  SINCE JUN 1    435                       379     56      450
  SINCE JAN 1   1110                       782    328      997
..................................................................


WIND (MPH)
  HIGHEST WIND SPEED    13   HIGHEST WIND DIRECTION     N (360)
  HIGHEST GUST SPEED    17   HIGHEST GUST DIRECTION     N (10)
  AVERAGE WIND SPEED     4.7


SKY COVER
  POSSIBLE SUNSHINE  MM
  AVERAGE SKY COVER 0.4


WEATHER CONDITIONS
 THE FOLLOWING WEATHER WAS RECORDED TODAY.
  FOG


RELATIVE HUMIDITY (PERCENT)
 HIGHEST    87           200 AM
 LOWEST     44           100 PM
 AVERAGE    66

..........................................................


THE SAVANNAH GA CLIMATE NORMALS FOR TOMORROW
                         NORMAL    RECORD    YEAR
 MAXIMUM TEMPERATURE (F)   92       103      1954
                                             1952
 MINIMUM TEMPERATURE (F)   72        61      2012


SUNRISE AND SUNSET
JUNE 26 2019..........SUNRISE   620 AM EDT   SUNSET   835 PM EDT
JUNE 27 2019..........SUNRISE   621 AM EDT   SUNSET   835 PM EDT


-  INDICATES NEGATIVE NUMBERS.
R  INDICATES RECORD WAS SET OR TIED.
MM INDICATES DATA IS MISSING.
T  INDICATES TRACE AMOUNT.




$$
