000
CDUS42 KCHS 212105
CLISAV


CLIMATE REPORT
NATIONAL WEATHER SERVICE CHARLESTON SC
504 PM EDT SUN OCT 21 2018


...................................

...THE SAVANNAH GA CLIMATE SUMMARY FOR OCTOBER 21 2018...
VALID TODAY AS OF 0500 PM LOCAL TIME.

CLIMATE NORMAL PERIOD 1981 TO 2010
CLIMATE RECORD PERIOD 1871 TO 2018


WEATHER ITEM   OBSERVED TIME   RECORD YEAR NORMAL DEPARTURE LAST
                VALUE   (LST)  VALUE       VALUE  FROM      YEAR
                                                  NORMAL
..................................................................
TEMPERATURE (F)
 TODAY
  MAXIMUM         68    239 PM  90    1943  77     -9       83
  MINIMUM         55    659 AM  36    1913  56     -1       57
  AVERAGE         62                        66     -4       70

PRECIPITATION (IN)
  TODAY            0.00          2.73 1933   0.11  -0.11     0.00
  MONTH TO DATE    2.71                      2.82  -0.11     0.93
  SINCE SEP 1      4.81                      7.40  -2.59     6.52
  SINCE JAN 1     31.15                     41.77 -10.62    48.88

SNOWFALL (IN)
  TODAY            0.0                       0.0    0.0
  SINCE SEP 1      0.0                       0.0    0.0
  SINCE JUL 1      0.0                       0.0    0.0

DEGREE DAYS
 HEATING
  TODAY            3                         2      1        0
  MONTH TO DATE    3                        26    -23        1
  SINCE SEP 1      3                        28    -25        1
  SINCE JUL 1      3                        28    -25        1

 COOLING
  TODAY            0                         4     -4        5
  MONTH TO DATE  255                       120    135      223
  SINCE SEP 1    766                       479    287      645
  SINCE JAN 1   2939                      2386    553     2905
..................................................................


WIND (MPH)
  HIGHEST WIND SPEED    21   HIGHEST WIND DIRECTION     N (10)
  HIGHEST GUST SPEED    26   HIGHEST GUST DIRECTION     N (10)
  AVERAGE WIND SPEED    11.7


SKY COVER
  POSSIBLE SUNSHINE  MM
  AVERAGE SKY COVER 0.1


WEATHER CONDITIONS
 THE FOLLOWING WEATHER WAS RECORDED TODAY.
  NO SIGNIFICANT WEATHER WAS OBSERVED.


RELATIVE HUMIDITY (PERCENT)
 HIGHEST    77           600 AM
 LOWEST     26           100 PM
 AVERAGE    52

..........................................................


THE SAVANNAH GA CLIMATE NORMALS FOR TOMORROW
                         NORMAL    RECORD    YEAR
 MAXIMUM TEMPERATURE (F)   77        88      1943
                                             1939
 MINIMUM TEMPERATURE (F)   55        38      1976


SUNRISE AND SUNSET
OCTOBER 21 2018.......SUNRISE   733 AM EDT   SUNSET   646 PM EDT
OCTOBER 22 2018.......SUNRISE   734 AM EDT   SUNSET   644 PM EDT


-  INDICATES NEGATIVE NUMBERS.
R  INDICATES RECORD WAS SET OR TIED.
MM INDICATES DATA IS MISSING.
T  INDICATES TRACE AMOUNT.




$$
