000
CDUS42 KCHS 152105
CLISAV


CLIMATE REPORT
NATIONAL WEATHER SERVICE CHARLESTON SC
504 PM EDT WED AUG 15 2018


...................................

...THE SAVANNAH GA CLIMATE SUMMARY FOR AUGUST 15 2018...
VALID TODAY AS OF 0500 PM LOCAL TIME.

CLIMATE NORMAL PERIOD 1981 TO 2010
CLIMATE RECORD PERIOD 1871 TO 2018


WEATHER ITEM   OBSERVED TIME   RECORD YEAR NORMAL DEPARTURE LAST
                VALUE   (LST)  VALUE       VALUE  FROM      YEAR
                                                  NORMAL
..................................................................
TEMPERATURE (F)
 TODAY
  MAXIMUM         90    313 PM 100    1918  91     -1       95
  MINIMUM         74    632 AM  62    1967  73      1       75
  AVERAGE         82                        82      0       85

PRECIPITATION (IN)
  TODAY            T             2.08 1903   0.20  -0.20     0.00
  MONTH TO DATE    1.68                      3.21  -1.53     3.45
  SINCE JUN 1      9.79                     14.76  -4.97    16.31
  SINCE JAN 1     24.88                     31.02  -6.14    40.06

DEGREE DAYS
 HEATING
  TODAY            0                         0      0        0
  MONTH TO DATE    0                         0      0        0
  SINCE JUN 1      0                         0      0        0
  SINCE JUL 1      0                         0      0        0

 COOLING
  TODAY           17                        17      0       20
  MONTH TO DATE  269                       256     13      271
  SINCE JUN 1   1354                      1248    106     1298
  SINCE JAN 1   1901                      1651    250     1972
..................................................................


WIND (MPH)
  HIGHEST WIND SPEED    20   HIGHEST WIND DIRECTION     S (180)
  HIGHEST GUST SPEED    25   HIGHEST GUST DIRECTION     S (190)
  AVERAGE WIND SPEED     5.7


SKY COVER
  POSSIBLE SUNSHINE  MM
  AVERAGE SKY COVER 0.5


WEATHER CONDITIONS
 THE FOLLOWING WEATHER WAS RECORDED TODAY.
  THUNDERSTORM


RELATIVE HUMIDITY (PERCENT)
 HIGHEST   100           500 AM
 LOWEST     63           100 PM
 AVERAGE    82

..........................................................


THE SAVANNAH GA CLIMATE NORMALS FOR TOMORROW
                         NORMAL    RECORD    YEAR
 MAXIMUM TEMPERATURE (F)   91       100      1954
 MINIMUM TEMPERATURE (F)   73        63      1967


SUNRISE AND SUNSET
AUGUST 15 2018........SUNRISE   649 AM EDT   SUNSET   809 PM EDT
AUGUST 16 2018........SUNRISE   650 AM EDT   SUNSET   808 PM EDT


-  INDICATES NEGATIVE NUMBERS.
R  INDICATES RECORD WAS SET OR TIED.
MM INDICATES DATA IS MISSING.
T  INDICATES TRACE AMOUNT.




$$
