000
CDUS42 KCHS 032115
CLISAV


CLIMATE REPORT
NATIONAL WEATHER SERVICE CHARLESTON SC
515 PM EDT FRI APR 3 2020


...................................

...THE SAVANNAH GA CLIMATE SUMMARY FOR APRIL 3 2020...
VALID TODAY AS OF 0500 PM LOCAL TIME.

CLIMATE NORMAL PERIOD 1981 TO 2010
CLIMATE RECORD PERIOD 1871 TO 2020


WEATHER ITEM   OBSERVED TIME   RECORD YEAR NORMAL DEPARTURE LAST
                VALUE   (LST)  VALUE       VALUE  FROM      YEAR
                                                  NORMAL
..................................................................
TEMPERATURE (F)
 TODAY
  MAXIMUM         80    359 PM  90    1946  75      5       72
                                      1910
  MINIMUM         46    625 AM  33    1966  51     -5       39
  AVERAGE         63                        63      0       56

PRECIPITATION (IN)
  TODAY            0.00          2.31 1872   0.11  -0.11     0.00
  MONTH TO DATE    0.00                      0.34  -0.34     0.19
  SINCE MAR 1      5.69                      4.07   1.62     1.89
  SINCE JAN 1     11.96                     10.55   1.41     5.33

SNOWFALL (IN)
  TODAY            0.0                       0.0    0.0
  SINCE MAR 1      0.0                       T      0.0
  SINCE JUL 1      0.0                       0.3   -0.3

DEGREE DAYS
 HEATING
  TODAY            2                         4     -2        9
  MONTH TO DATE   10                        12     -2       33
  SINCE MAR 1     77                       222   -145      205
  SINCE JUL 1   1161                      1739   -578     1346

 COOLING
  TODAY            0                         2     -2        0
  MONTH TO DATE    0                         6     -6        0
  SINCE MAR 1    162                        38    124       40
  SINCE JAN 1    254                        48    206       82
..................................................................


WIND (MPH)
  HIGHEST WIND SPEED    15   HIGHEST WIND DIRECTION     W (290)
  HIGHEST GUST SPEED    22   HIGHEST GUST DIRECTION     W (280)
  AVERAGE WIND SPEED     3.6


SKY COVER
  POSSIBLE SUNSHINE  MM
  AVERAGE SKY COVER 0.3


WEATHER CONDITIONS
 THE FOLLOWING WEATHER WAS RECORDED TODAY.
  FOG


RELATIVE HUMIDITY (PERCENT)
 HIGHEST    93           500 AM
 LOWEST     28           300 PM
 AVERAGE    61

..........................................................


THE SAVANNAH GA CLIMATE NORMALS FOR TOMORROW
                         NORMAL    RECORD    YEAR
 MAXIMUM TEMPERATURE (F)   75        91      1963
 MINIMUM TEMPERATURE (F)   51        34      1971


SUNRISE AND SUNSET
APRIL  3 2020.........SUNRISE   710 AM EDT   SUNSET   746 PM EDT
APRIL  4 2020.........SUNRISE   709 AM EDT   SUNSET   747 PM EDT


-  INDICATES NEGATIVE NUMBERS.
R  INDICATES RECORD WAS SET OR TIED.
MM INDICATES DATA IS MISSING.
T  INDICATES TRACE AMOUNT.




$$
