000
CDUS42 KCHS 270632
CLISAV


CLIMATE REPORT
NATIONAL WEATHER SERVICE CHARLESTON SC
232 AM EDT SUN MAY 27 2018


...................................

...THE SAVANNAH GA CLIMATE SUMMARY FOR MAY 26 2018...

CLIMATE NORMAL PERIOD 1981 TO 2010
CLIMATE RECORD PERIOD 1871 TO 2018


WEATHER ITEM   OBSERVED TIME   RECORD YEAR NORMAL DEPARTURE LAST
                VALUE   (LST)  VALUE       VALUE  FROM      YEAR
                                                  NORMAL
..................................................................
TEMPERATURE (F)
 YESTERDAY
  MAXIMUM         85    405 PM 100    1953  87     -2       88
  MINIMUM         72    506 AM  49    1979  65      7       58
  AVERAGE         79                        76      3       73

PRECIPITATION (IN)
  YESTERDAY        0.10          1.21 1968   0.12  -0.02     0.00
  MONTH TO DATE    3.71                      2.35   1.36    11.41
  SINCE MAR 1      9.26                      9.15   0.11    14.79
  SINCE JAN 1     12.09                     15.63  -3.54    23.62

DEGREE DAYS
 HEATING
  YESTERDAY        0                         0      0        0
  MONTH TO DATE    0                         6     -6        1
  SINCE MAR 1    332                       292     40      213
  SINCE JUL 1   1607                      1809   -202     1023

 COOLING
  YESTERDAY       14                        11      3        8
  MONTH TO DATE  285                       209     76      253
  SINCE MAR 1    390                       335     55      535
  SINCE JAN 1    472                       345    127      593
..................................................................


WIND (MPH)
  HIGHEST WIND SPEED    20   HIGHEST WIND DIRECTION     S (160)
  HIGHEST GUST SPEED    22   HIGHEST GUST DIRECTION     S (170)
  AVERAGE WIND SPEED     8.1


SKY COVER
  POSSIBLE SUNSHINE  MM
  AVERAGE SKY COVER 0.5


WEATHER CONDITIONS
 THE FOLLOWING WEATHER WAS RECORDED YESTERDAY.
  THUNDERSTORM
  RAIN
  FOG


RELATIVE HUMIDITY (PERCENT)
 HIGHEST   100           600 AM
 LOWEST     61           400 PM
 AVERAGE    81

..........................................................


THE SAVANNAH GA CLIMATE NORMALS FOR TODAY
                         NORMAL    RECORD    YEAR
 MAXIMUM TEMPERATURE (F)   87        98      1989
                                             1962
 MINIMUM TEMPERATURE (F)   66        53      1961


SUNRISE AND SUNSET
MAY 27 2018...........SUNRISE   621 AM EDT   SUNSET   823 PM EDT
MAY 28 2018...........SUNRISE   620 AM EDT   SUNSET   824 PM EDT


-  INDICATES NEGATIVE NUMBERS.
R  INDICATES RECORD WAS SET OR TIED.
MM INDICATES DATA IS MISSING.
T  INDICATES TRACE AMOUNT.




$$
