000
CDUS42 KCHS 120601
CLISAV

CLIMATE REPORT
NATIONAL WEATHER SERVICE CHARLESTON SC
201 AM EDT WED AUG 12 2020

...................................

...THE SAVANNAH GA CLIMATE SUMMARY FOR AUGUST 11 2020...

CLIMATE NORMAL PERIOD 1981 TO 2010
CLIMATE RECORD PERIOD 1871 TO 2020


WEATHER ITEM   OBSERVED TIME   RECORD YEAR NORMAL DEPARTURE LAST
                VALUE   (LST)  VALUE       VALUE  FROM      YEAR
                                                  NORMAL
...................................................................
TEMPERATURE (F)
 YESTERDAY
  MAXIMUM         93    412 PM 100    2011  91      2       95
  MINIMUM         74    533 AM  64    1989  73      1       76
  AVERAGE         84                        82      2       86

PRECIPITATION (IN)
  YESTERDAY        T             5.86 1919   0.22  -0.22      T
  MONTH TO DATE    1.33                      2.36  -1.03     1.03
  SINCE JUN 1     10.99                     13.91  -2.92    16.77
  SINCE JAN 1     34.04                     30.17   3.87    27.44

DEGREE DAYS
 HEATING
  YESTERDAY        0                         0      0        0
  MONTH TO DATE    0                         0      0        0
  SINCE JUN 1      0                         0      0        0
  SINCE JUL 1      0                         0      0        0

 COOLING
  YESTERDAY       19                        17      2       21
  MONTH TO DATE  214                       188     26      212
  SINCE JUN 1   1306                      1180    126     1311
  SINCE JAN 1   1991                      1583    408     1986
...................................................................


WIND (MPH)
  HIGHEST WIND SPEED    18   HIGHEST WIND DIRECTION    SE (150)
  HIGHEST GUST SPEED    21   HIGHEST GUST DIRECTION    SE (140)
  AVERAGE WIND SPEED     5.4


SKY COVER
  POSSIBLE SUNSHINE  MM
  AVERAGE SKY COVER 0.6


WEATHER CONDITIONS
THE FOLLOWING WEATHER WAS RECORDED YESTERDAY.
  RAIN
  LIGHT RAIN
  HAZE


RELATIVE HUMIDITY (PERCENT)
 HIGHEST    97           500 AM
 LOWEST     54           300 PM
 AVERAGE    76

..........................................................


THE SAVANNAH GA CLIMATE NORMALS FOR TODAY
                         NORMAL    RECORD    YEAR
 MAXIMUM TEMPERATURE (F)   91       100      1999
 MINIMUM TEMPERATURE (F)   73        63      1890
                                             1989
                                             2002


SUNRISE AND SUNSET
AUGUST 12 2020........SUNRISE   648 AM EDT   SUNSET   811 PM EDT
AUGUST 13 2020........SUNRISE   648 AM EDT   SUNSET   810 PM EDT


-  INDICATES NEGATIVE NUMBERS.
R  INDICATES RECORD WAS SET OR TIED.
MM INDICATES DATA IS MISSING.
T  INDICATES TRACE AMOUNT.




$$
