000
CDUS42 KCHS 040605
CLISAV

CLIMATE REPORT
NATIONAL WEATHER SERVICE CHARLESTON SC
105 AM EST THU MAR 04 2021

...................................

...THE SAVANNAH GA CLIMATE SUMMARY FOR MARCH 3 2021...

CLIMATE NORMAL PERIOD 1981 TO 2010
CLIMATE RECORD PERIOD 1871 TO 2021


WEATHER ITEM   OBSERVED TIME   RECORD YEAR NORMAL DEPARTURE LAST
                VALUE   (LST)  VALUE       VALUE  FROM      YEAR
                                                  NORMAL
...................................................................
TEMPERATURE (F)
 YESTERDAY
  MAXIMUM         62    507 PM  85    1945  68     -6       78
                                      1951
                                      1976
  MINIMUM         46    537 AM  20    1980  45      1       62
  AVERAGE         54                        56     -2       70

PRECIPITATION (IN)
  YESTERDAY        0.88          2.70 1948   0.12   0.76     0.02
  MONTH TO DATE    2.49                      0.35   2.14     0.02
  SINCE MAR 1      2.49                      0.35   2.14     0.02
  SINCE JAN 1      8.50                      6.83   1.67     6.29

SNOWFALL (IN)
  YESTERDAY        0.0                       0.0    0.0
  SINCE MAR 1      0.0                       0.0    0.0
  SINCE JUL 1      0.0                       0.3   -0.3

DEGREE DAYS
 HEATING
  YESTERDAY       11                         9      2        0
  MONTH TO DATE   22                        28     -6       20
  SINCE MAR 1     22                        28     -6       20
  SINCE JUL 1   1209                      1545   -336     1104

 COOLING
  YESTERDAY        0                         1     -1        5
  MONTH TO DATE    6                         3      3        5
  SINCE MAR 1      6                         3      3        5
  SINCE JAN 1     39                        13     26       97
...................................................................


WIND (MPH)
  HIGHEST WIND SPEED    20   HIGHEST WIND DIRECTION     N (10)
  HIGHEST GUST SPEED    25   HIGHEST GUST DIRECTION     N (360)
  AVERAGE WIND SPEED     8.7


SKY COVER
  POSSIBLE SUNSHINE  MM
  AVERAGE SKY COVER 0.8


WEATHER CONDITIONS
THE FOLLOWING WEATHER WAS RECORDED YESTERDAY.
  THUNDERSTORM
  RAIN
  LIGHT RAIN
  FOG


RELATIVE HUMIDITY (PERCENT)
 HIGHEST    93           200 AM
 LOWEST     62           500 PM
 AVERAGE    78

..........................................................


THE SAVANNAH GA CLIMATE NORMALS FOR TODAY
                         NORMAL    RECORD    YEAR
 MAXIMUM TEMPERATURE (F)   68        84      1953
                                             1955
                                             2015
 MINIMUM TEMPERATURE (F)   45        26      1960
                                             1980
                                             2009


SUNRISE AND SUNSET
MARCH  4 2021.........SUNRISE   648 AM EST   SUNSET   625 PM EST
MARCH  5 2021.........SUNRISE   647 AM EST   SUNSET   626 PM EST


-  INDICATES NEGATIVE NUMBERS.
R  INDICATES RECORD WAS SET OR TIED.
MM INDICATES DATA IS MISSING.
T  INDICATES TRACE AMOUNT.




$$
