000
CDUS42 KCHS 090605
CLISAV


CLIMATE REPORT
NATIONAL WEATHER SERVICE CHARLESTON SC
104 AM EST MON DEC 9 2019


...................................

...THE SAVANNAH GA CLIMATE SUMMARY FOR DECEMBER 8 2019...

CLIMATE NORMAL PERIOD 1981 TO 2010
CLIMATE RECORD PERIOD 1871 TO 2019


WEATHER ITEM   OBSERVED TIME   RECORD YEAR NORMAL DEPARTURE LAST
                VALUE   (LST)  VALUE       VALUE  FROM      YEAR
                                                  NORMAL
..................................................................
TEMPERATURE (F)
 YESTERDAY
  MAXIMUM         66    304 PM  82    1978  64      2       53
  MINIMUM         45    755 AM  20    1965  42      3       45
  AVERAGE         56                        53      3       49

PRECIPITATION (IN)
  YESTERDAY        0.00          2.69 1989   0.09  -0.09     0.09
  MONTH TO DATE    0.32                      0.70  -0.38     3.97
  SINCE DEC 1      0.32                      0.70  -0.38     3.97
  SINCE JAN 1     44.86                     45.71  -0.85    38.84

SNOWFALL (IN)
  YESTERDAY        0.0                       0.0    0.0
  SINCE DEC 1      0.0                       0.0    0.0
  SINCE JUL 1      0.0                       0.0    0.0

DEGREE DAYS
 HEATING
  YESTERDAY        9                        12     -3       16
  MONTH TO DATE   86                        92     -6       92
  SINCE DEC 1     86                        92     -6       92
  SINCE JUL 1    348                       359    -11      356

 COOLING
  YESTERDAY        0                         0      0        0
  MONTH TO DATE    2                         3     -1        3
  SINCE DEC 1      2                         3     -1        3
  SINCE JAN 1   3155                      2452    703     3000
..................................................................


WIND (MPH)
  HIGHEST WIND SPEED    13   HIGHEST WIND DIRECTION     N (10)
  HIGHEST GUST SPEED    17   HIGHEST GUST DIRECTION    NE (40)
  AVERAGE WIND SPEED     7.6


SKY COVER
  POSSIBLE SUNSHINE  MM
  AVERAGE SKY COVER 0.4


WEATHER CONDITIONS
 THE FOLLOWING WEATHER WAS RECORDED YESTERDAY.
  NO SIGNIFICANT WEATHER WAS OBSERVED.


RELATIVE HUMIDITY (PERCENT)
 HIGHEST    93           200 AM
 LOWEST     48           200 PM
 AVERAGE    71

..........................................................


THE SAVANNAH GA CLIMATE NORMALS FOR TODAY
                         NORMAL    RECORD    YEAR
 MAXIMUM TEMPERATURE (F)   64        82      1978
                                             1943
 MINIMUM TEMPERATURE (F)   42        20      1968


SUNRISE AND SUNSET
DECEMBER  9 2019......SUNRISE   714 AM EST   SUNSET   520 PM EST
DECEMBER 10 2019......SUNRISE   715 AM EST   SUNSET   520 PM EST


-  INDICATES NEGATIVE NUMBERS.
R  INDICATES RECORD WAS SET OR TIED.
MM INDICATES DATA IS MISSING.
T  INDICATES TRACE AMOUNT.




$$
