968
CDUS42 KCHS 190602
CLISAV


CLIMATE REPORT
NATIONAL WEATHER SERVICE CHARLESTON SC
202 AM EDT MON AUG 19 2019


...................................

...THE SAVANNAH GA CLIMATE SUMMARY FOR AUGUST 18 2019...

CLIMATE NORMAL PERIOD 1981 TO 2010
CLIMATE RECORD PERIOD 1871 TO 2019


WEATHER ITEM   OBSERVED TIME   RECORD YEAR NORMAL DEPARTURE LAST
                VALUE   (LST)  VALUE       VALUE  FROM      YEAR
                                                  NORMAL
..................................................................
TEMPERATURE (F)
 YESTERDAY
  MAXIMUM         92    322 PM 100    1995  91      1       93
  MINIMUM         75    308 AM  66    1979  72      3       73
                                      1976
                                      1960
  AVERAGE         84                        81      3       83

PRECIPITATION (IN)
  YESTERDAY        0.00          2.09 1957   0.21  -0.21     0.01
  MONTH TO DATE    1.36                      3.84  -2.48     1.71
  SINCE JUN 1     17.10                     15.39   1.71     9.82
  SINCE JAN 1     27.77                     31.65  -3.88    24.91

DEGREE DAYS
 HEATING
  YESTERDAY        0                         0      0        0
  MONTH TO DATE    0                         0      0        0
  SINCE JUN 1      0                         0      0        0
  SINCE JUL 1      0                         0      0        0

 COOLING
  YESTERDAY       19                        16      3       18
  MONTH TO DATE  355                       306     49      323
  SINCE JUN 1   1454                      1298    156     1408
  SINCE JAN 1   2129                      1701    428     1955
..................................................................


WIND (MPH)
  HIGHEST WIND SPEED    18   HIGHEST WIND DIRECTION    SE (150)
  HIGHEST GUST SPEED    22   HIGHEST GUST DIRECTION     S (160)
  AVERAGE WIND SPEED     7.2


SKY COVER
  POSSIBLE SUNSHINE  MM
  AVERAGE SKY COVER 0.5


WEATHER CONDITIONS
 THE FOLLOWING WEATHER WAS RECORDED YESTERDAY.
  NO SIGNIFICANT WEATHER WAS OBSERVED.


RELATIVE HUMIDITY (PERCENT)
 HIGHEST    94          1200 AM
 LOWEST     56           200 PM
 AVERAGE    75

..........................................................


THE SAVANNAH GA CLIMATE NORMALS FOR TODAY
                         NORMAL    RECORD    YEAR
 MAXIMUM TEMPERATURE (F)   90        99      1900
                                             1899
                                             1878
 MINIMUM TEMPERATURE (F)   72        64      1960
                                             1889


SUNRISE AND SUNSET
AUGUST 19 2019........SUNRISE   652 AM EDT   SUNSET   805 PM EDT
AUGUST 20 2019........SUNRISE   652 AM EDT   SUNSET   804 PM EDT


-  INDICATES NEGATIVE NUMBERS.
R  INDICATES RECORD WAS SET OR TIED.
MM INDICATES DATA IS MISSING.
T  INDICATES TRACE AMOUNT.




$$
