000
CDUS42 KCHS 220602
CLISAV


CLIMATE REPORT
NATIONAL WEATHER SERVICE CHARLESTON SC
202 AM EDT TUE MAY 22 2018


...................................

...THE SAVANNAH GA CLIMATE SUMMARY FOR MAY 21 2018...

CLIMATE NORMAL PERIOD 1981 TO 2010
CLIMATE RECORD PERIOD 1871 TO 2018


WEATHER ITEM   OBSERVED TIME   RECORD YEAR NORMAL DEPARTURE LAST
                VALUE   (LST)  VALUE       VALUE  FROM      YEAR
                                                  NORMAL
..................................................................
TEMPERATURE (F)
 YESTERDAY
  MAXIMUM         88   1203 PM  98    1962  86      2       87
                                      1938
  MINIMUM         69    421 AM  46    2002  64      5       74
  AVERAGE         79                        75      4       81

PRECIPITATION (IN)
  YESTERDAY        0.00          1.80 1991   0.10  -0.10     0.37
  MONTH TO DATE    1.23                      1.79  -0.56     3.05
  SINCE MAR 1      6.78                      8.59  -1.81     6.43
  SINCE JAN 1      9.61                     15.07  -5.46    15.26

DEGREE DAYS
 HEATING
  YESTERDAY        0                         0      0        0
  MONTH TO DATE    0                         6     -6        1
  SINCE MAR 1    332                       292     40      213
  SINCE JUL 1   1607                      1809   -202     1023

 COOLING
  YESTERDAY       14                        10      4       16
  MONTH TO DATE  214                       156     58      202
  SINCE MAR 1    319                       282     37      484
  SINCE JAN 1    401                       292    109      542
..................................................................


WIND (MPH)
  HIGHEST WIND SPEED    17   HIGHEST WIND DIRECTION    SE (150)
  HIGHEST GUST SPEED    24   HIGHEST GUST DIRECTION    SE (150)
  AVERAGE WIND SPEED     8.1


SKY COVER
  POSSIBLE SUNSHINE  MM
  AVERAGE SKY COVER 0.6


WEATHER CONDITIONS
 THE FOLLOWING WEATHER WAS RECORDED YESTERDAY.
  FOG


RELATIVE HUMIDITY (PERCENT)
 HIGHEST   100          1200 AM
 LOWEST     59           300 PM
 AVERAGE    80

..........................................................


THE SAVANNAH GA CLIMATE NORMALS FOR TODAY
                         NORMAL    RECORD    YEAR
 MAXIMUM TEMPERATURE (F)   86        99      1938
 MINIMUM TEMPERATURE (F)   64        49      1981


SUNRISE AND SUNSET
MAY 22 2018...........SUNRISE   623 AM EDT   SUNSET   820 PM EDT
MAY 23 2018...........SUNRISE   623 AM EDT   SUNSET   821 PM EDT


-  INDICATES NEGATIVE NUMBERS.
R  INDICATES RECORD WAS SET OR TIED.
MM INDICATES DATA IS MISSING.
T  INDICATES TRACE AMOUNT.




$$
