000
CDUS42 KCHS 132116
CLISAV

CLIMATE REPORT
NATIONAL WEATHER SERVICE CHARLESTON SC
516 PM EDT THU MAY 13 2021

...................................

...THE SAVANNAH GA CLIMATE SUMMARY FOR MAY 13 2021...
VALID TODAY AS OF 0500 PM LOCAL TIME.

CLIMATE NORMAL PERIOD 1991 TO 2020
CLIMATE RECORD PERIOD 1871 TO 2021


WEATHER ITEM   OBSERVED TIME   RECORD YEAR NORMAL DEPARTURE LAST
                VALUE   (LST)  VALUE       VALUE  FROM      YEAR
                                                  NORMAL
...................................................................
TEMPERATURE (F)
 TODAY
  MAXIMUM         72    359 PM  95    1905  84    -12       81
                                      1967
  MINIMUM         49    638 AM  46    1960  63    -14       52
                                      2006
  AVERAGE         61                        73    -12       67

PRECIPITATION (IN)
  TODAY            T             2.90 1954   0.10  -0.10     0.00
  MONTH TO DATE    0.73                      1.28  -0.55      T
  SINCE MAR 1      8.86                      8.17   0.69    14.49
  SINCE JAN 1     14.87                     14.25   0.62    20.76

DEGREE DAYS
 HEATING
  TODAY            4                         0      4        0
  MONTH TO DATE    6                         2      4        6
  SINCE MAR 1    229                       261    -32      100
  SINCE JUL 1   1416                      1670   -254     1184

 COOLING
  TODAY            0                         9     -9        2
  MONTH TO DATE   88                        95     -7       57
  SINCE MAR 1    258                       250      8      349
  SINCE JAN 1    291                       269     22      441
...................................................................


WIND (MPH)
  HIGHEST WIND SPEED    14   HIGHEST WIND DIRECTION     N (350)
  HIGHEST GUST SPEED    19   HIGHEST GUST DIRECTION     N (20)
  AVERAGE WIND SPEED     9.6


SKY COVER
  POSSIBLE SUNSHINE  MM
  AVERAGE SKY COVER 0.8


WEATHER CONDITIONS
THE FOLLOWING WEATHER WAS RECORDED TODAY.
  LIGHT RAIN


RELATIVE HUMIDITY (PERCENT)
 HIGHEST    96           100 AM
 LOWEST     38           300 PM
 AVERAGE    67

..........................................................


THE SAVANNAH GA CLIMATE NORMALS FOR TOMORROW
                         NORMAL    RECORD    YEAR
 MAXIMUM TEMPERATURE (F)   84        98      1967
 MINIMUM TEMPERATURE (F)   63        48      2013


SUNRISE AND SUNSET
MAY 13 2021...........SUNRISE   628 AM EDT   SUNSET   814 PM EDT
MAY 14 2021...........SUNRISE   628 AM EDT   SUNSET   815 PM EDT


-  INDICATES NEGATIVE NUMBERS.
R  INDICATES RECORD WAS SET OR TIED.
MM INDICATES DATA IS MISSING.
T  INDICATES TRACE AMOUNT.




$$
