330
CDUS42 KCHS 140605
CLISAV


CLIMATE REPORT
NATIONAL WEATHER SERVICE CHARLESTON SC
205 AM EDT MON OCT 14 2019


...................................

...THE SAVANNAH GA CLIMATE SUMMARY FOR OCTOBER 13 2019...

CLIMATE NORMAL PERIOD 1981 TO 2010
CLIMATE RECORD PERIOD 1871 TO 2019


WEATHER ITEM   OBSERVED TIME   RECORD YEAR NORMAL DEPARTURE LAST
                VALUE   (LST)  VALUE       VALUE  FROM      YEAR
                                                  NORMAL
..................................................................
TEMPERATURE (F)
 YESTERDAY
  MAXIMUM         87    214 PM  89    1919  79      8       84
  MINIMUM         65    604 AM  43    2000  59      6       56
                                      1977
                                      1976
  AVERAGE         76                        69      7       70

PRECIPITATION (IN)
  YESTERDAY        0.00          2.50 1893   0.13  -0.13     0.00
  MONTH TO DATE    2.64                      1.89   0.75     2.51
  SINCE SEP 1      3.91                      6.47  -2.56     4.61
  SINCE JAN 1     33.71                     40.84  -7.13    30.95

SNOWFALL (IN)
  YESTERDAY        0.0                       0.0    0.0
  SINCE SEP 1      0.0                       0.0    0.0
  SINCE JUL 1      0.0                       0.0    0.0

DEGREE DAYS
 HEATING
  YESTERDAY        0                         1     -1        0
  MONTH TO DATE    0                        11    -11        0
  SINCE SEP 1      0                        13    -13        0
  SINCE JUL 1      0                        13    -13        0

 COOLING
  YESTERDAY       11                         5      6        5
  MONTH TO DATE  162                        86     76      178
  SINCE SEP 1    662                       445    217      689
  SINCE JAN 1   3019                      2352    667     2862
..................................................................


WIND (MPH)
  HIGHEST WIND SPEED    15   HIGHEST WIND DIRECTION     S (160)
  HIGHEST GUST SPEED    19   HIGHEST GUST DIRECTION     S (200)
  AVERAGE WIND SPEED     6.6


SKY COVER
  POSSIBLE SUNSHINE  MM
  AVERAGE SKY COVER 0.3


WEATHER CONDITIONS
 THE FOLLOWING WEATHER WAS RECORDED YESTERDAY.
  NO SIGNIFICANT WEATHER WAS OBSERVED.


RELATIVE HUMIDITY (PERCENT)
 HIGHEST   100           600 AM
 LOWEST     51           200 PM
 AVERAGE    76

..........................................................


THE SAVANNAH GA CLIMATE NORMALS FOR TODAY
                         NORMAL    RECORD    YEAR
 MAXIMUM TEMPERATURE (F)   79        88      1995
                                             1985
                                             1969
 MINIMUM TEMPERATURE (F)   58        37      1988


SUNRISE AND SUNSET
OCTOBER 14 2019.......SUNRISE   727 AM EDT   SUNSET   654 PM EDT
OCTOBER 15 2019.......SUNRISE   728 AM EDT   SUNSET   653 PM EDT


-  INDICATES NEGATIVE NUMBERS.
R  INDICATES RECORD WAS SET OR TIED.
MM INDICATES DATA IS MISSING.
T  INDICATES TRACE AMOUNT.




$$
