000
CDUS42 KCHS 192210
CLISAV


CLIMATE REPORT
NATIONAL WEATHER SERVICE CHARLESTON SC
509 PM EST MON FEB 19 2018


...................................

...THE SAVANNAH GA CLIMATE SUMMARY FOR FEBRUARY 19 2018...
VALID TODAY AS OF 0500 PM LOCAL TIME.

CLIMATE NORMAL PERIOD 1981 TO 2010
CLIMATE RECORD PERIOD 1871 TO 2018


WEATHER ITEM   OBSERVED TIME   RECORD YEAR NORMAL DEPARTURE LAST
                VALUE   (LST)  VALUE       VALUE  FROM      YEAR
                                                  NORMAL
..................................................................
TEMPERATURE (F)
 TODAY
  MAXIMUM         82    341 PM  84    1891  65     17       78
  MINIMUM         58    202 AM  19    1958  42     16       47
  AVERAGE         70                        54     16       63

PRECIPITATION (IN)
  TODAY            0.00          1.75 1988   0.10  -0.10     0.00
  MONTH TO DATE    1.66                      1.87  -0.21     0.14
  SINCE DEC 1      5.08                      8.51  -3.43    11.04
  SINCE JAN 1      2.73                      5.56  -2.83     6.75

SNOWFALL (IN)
  TODAY            0.0                       0.0    0.0
  SINCE DEC 1      1.2                       0.3    0.9
  SINCE JUL 1      1.2                       0.3    0.9

DEGREE DAYS
 HEATING
  TODAY            0                        12    -12        2
  MONTH TO DATE  102                       248   -146      111
  SINCE DEC 1   1041                      1155   -114      612
  SINCE JUL 1   1265                      1422   -157      793

 COOLING
  TODAY            5                         0      5        0
  MONTH TO DATE   37                         0     37       12
  SINCE DEC 1     49                        12     37       45
  SINCE JAN 1     40                         3     37       35
..................................................................


WIND (MPH)
  HIGHEST WIND SPEED    16   HIGHEST WIND DIRECTION     S (160)
  HIGHEST GUST SPEED    20   HIGHEST GUST DIRECTION     S (190)
  AVERAGE WIND SPEED     5.3


SKY COVER
  POSSIBLE SUNSHINE  MM
  AVERAGE SKY COVER 0.9


WEATHER CONDITIONS
 THE FOLLOWING WEATHER WAS RECORDED TODAY.
  FOG
  FOG W/VISIBILITY <= 1/4 MILE


RELATIVE HUMIDITY (PERCENT)
 HIGHEST   100           600 AM
 LOWEST     58           200 PM
 AVERAGE    79

..........................................................


THE SAVANNAH GA CLIMATE NORMALS FOR TOMORROW
                         NORMAL    RECORD    YEAR
 MAXIMUM TEMPERATURE (F)   65        84      1991
 MINIMUM TEMPERATURE (F)   43        21      2015


SUNRISE AND SUNSET
FEBRUARY 19 2018......SUNRISE   703 AM EST   SUNSET   614 PM EST
FEBRUARY 20 2018......SUNRISE   702 AM EST   SUNSET   615 PM EST


-  INDICATES NEGATIVE NUMBERS.
R  INDICATES RECORD WAS SET OR TIED.
MM INDICATES DATA IS MISSING.
T  INDICATES TRACE AMOUNT.




$$
