000
CDUS46 KLOX 300909
CLISBA


CLIMATE REPORT
NATIONAL WEATHER SERVICE LOS ANGELES/OXNARD CA
209 AM PDT FRI OCT 30 2020


...................................

...THE SANTA BARBARA AIRPORT CA CLIMATE SUMMARY FOR OCTOBER 29 2020...

CLIMATE NORMAL PERIOD 1981 TO 2010
CLIMATE RECORD PERIOD 1940 TO 2020


WEATHER ITEM   OBSERVED TIME   RECORD YEAR NORMAL DEPARTURE LAST
                VALUE   (LST)  VALUE       VALUE  FROM      YEAR
                                                  NORMAL
..................................................................
TEMPERATURE (F)
 YESTERDAY
  MAXIMUM         76    136 PM  87    2015  71      5       68
  MINIMUM         44    633 AM  31    1971  49     -5       40
  AVERAGE         60                        60      0       54

PRECIPITATION (IN)
  YESTERDAY        0.00          0.64 2000   0.04  -0.04     0.00
  MONTH TO DATE    T                         0.72  -0.72     0.00
  SINCE OCT 1      T                         0.72  -0.72     0.00
  SINCE JAN 1      5.82                     13.18  -7.36    18.37

SNOWFALL (IN)
  YESTERDAY        0.0
  MONTH TO DATE    0.0
  SINCE SEP 1      0.0
  SINCE JUL 1      0.0

DEGREE DAYS
 HEATING
  YESTERDAY        5                         6     -1       11
  MONTH TO DATE   35                       111    -76       77
  SINCE SEP 1     49                       155   -106       82
  SINCE JUL 1    103                       206   -103      110

 COOLING
  YESTERDAY        0                         0      0        0
  MONTH TO DATE   79                        11     68       36
  SINCE SEP 1    148                        55     93      139
  SINCE JAN 1    367                       182    185      247
..................................................................


WIND (MPH)
  HIGHEST WIND SPEED    13   HIGHEST WIND DIRECTION     W (250)
  HIGHEST GUST SPEED    15   HIGHEST GUST DIRECTION     W (250)
  AVERAGE WIND SPEED     3.3


SKY COVER
  POSSIBLE SUNSHINE  MM
  AVERAGE SKY COVER 0.0


WEATHER CONDITIONS
 THE FOLLOWING WEATHER WAS RECORDED YESTERDAY.
  FOG


RELATIVE HUMIDITY (PERCENT)
 HIGHEST    93           800 PM
 LOWEST     33           200 PM
 AVERAGE    63

..........................................................


THE SANTA BARBARA AIRPORT CA CLIMATE NORMALS FOR TODAY
                         NORMAL    RECORD    YEAR
 MAXIMUM TEMPERATURE (F)   71        91      1999
 MINIMUM TEMPERATURE (F)   48        34      1971


SUNRISE AND SUNSET
OCTOBER 30 2020.......SUNRISE   718 AM PDT   SUNSET   607 PM PDT
OCTOBER 31 2020.......SUNRISE   719 AM PDT   SUNSET   606 PM PDT


-  INDICATES NEGATIVE NUMBERS.
R  INDICATES RECORD WAS SET OR TIED.
MM INDICATES DATA IS MISSING.
T  INDICATES TRACE AMOUNT.




$$
