000
CDUS46 KLOX 220940
CLISBA


CLIMATE REPORT
NATIONAL WEATHER SERVICE LOS ANGELES/OXNARD CA
240 AM PDT SUN APR 22 2018


...................................

...THE SANTA BARBARA AIRPORT CA CLIMATE SUMMARY FOR APRIL 21 2018...

CLIMATE NORMAL PERIOD 1981 TO 2010
CLIMATE RECORD PERIOD 1940 TO 2018


WEATHER ITEM   OBSERVED TIME   RECORD YEAR NORMAL DEPARTURE LAST
                VALUE   (LST)  VALUE       VALUE  FROM      YEAR
                                                  NORMAL
..................................................................
TEMPERATURE (F)
 YESTERDAY
  MAXIMUM         72    247 PM  87    1987  68      4       84
  MINIMUM         46    514 AM  37    1968  49     -3       51
  AVERAGE         59                        58      1       68

PRECIPITATION (IN)
  YESTERDAY        0.00          1.43 1955   0.03  -0.03     0.00
  MONTH TO DATE    T                         0.79  -0.79     0.41
  SINCE OCT 1      8.30                     16.73  -8.43    24.11
  SINCE JAN 1      8.23                     11.43  -3.20    19.30

SNOWFALL (IN)
  YESTERDAY        0.0
  MONTH TO DATE    0.0
  SINCE MAR 1      0.0
  SINCE JUL 1      0.0

DEGREE DAYS
 HEATING
  YESTERDAY        6                         7     -1        0
  MONTH TO DATE  116                       169    -53      128
  SINCE MAR 1    431                       465    -34      333
  SINCE JUL 1   1682                      2066   -384     1701

 COOLING
  YESTERDAY        0                         0      0        3
  MONTH TO DATE   10                         0     10        6
  SINCE MAR 1     10                         2      8        6
  SINCE JAN 1     10                         2      8        6
..................................................................


WIND (MPH)
  HIGHEST WIND SPEED    15   HIGHEST WIND DIRECTION     W (250)
  HIGHEST GUST SPEED    17   HIGHEST GUST DIRECTION     W (270)
  AVERAGE WIND SPEED     4.9


SKY COVER
  POSSIBLE SUNSHINE  MM
  AVERAGE SKY COVER 0.0


WEATHER CONDITIONS
 THE FOLLOWING WEATHER WAS RECORDED YESTERDAY.
  NO SIGNIFICANT WEATHER WAS OBSERVED.


RELATIVE HUMIDITY (PERCENT)
 HIGHEST    93           500 AM
 LOWEST     45           600 PM
 AVERAGE    69

..........................................................


THE SANTA BARBARA AIRPORT CA CLIMATE NORMALS FOR TODAY
                         NORMAL    RECORD    YEAR
 MAXIMUM TEMPERATURE (F)   68        86      1987
 MINIMUM TEMPERATURE (F)   49        38      1970


SUNRISE AND SUNSET
APRIL 22 2018.........SUNRISE   619 AM PDT   SUNSET   737 PM PDT
APRIL 23 2018.........SUNRISE   618 AM PDT   SUNSET   738 PM PDT


-  INDICATES NEGATIVE NUMBERS.
R  INDICATES RECORD WAS SET OR TIED.
MM INDICATES DATA IS MISSING.
T  INDICATES TRACE AMOUNT.




$$
