000
CDUS46 KLOX 230915
CLISBA


CLIMATE REPORT
NATIONAL WEATHER SERVICE LOS ANGELES/OXNARD CA
215 AM PDT WED OCT 23 2019


...................................

...THE SANTA BARBARA AIRPORT CA CLIMATE SUMMARY FOR OCTOBER 22 2019...

CLIMATE NORMAL PERIOD 1981 TO 2010
CLIMATE RECORD PERIOD 1940 TO 2019


WEATHER ITEM   OBSERVED TIME   RECORD YEAR NORMAL DEPARTURE LAST
                VALUE   (LST)  VALUE       VALUE  FROM      YEAR
                                                  NORMAL
..................................................................
TEMPERATURE (F)
 YESTERDAY
  MAXIMUM         90    122 PM  93    1965  72     18       70
  MINIMUM         52    511 AM  40    1949  50      2       54
  AVERAGE         71                        61     10       62

PRECIPITATION (IN)
  YESTERDAY        0.00          1.48 1987   0.03  -0.03     0.00
  MONTH TO DATE    0.00                      0.47  -0.47     0.42
  SINCE OCT 1      0.00                      0.47  -0.47     0.42
  SINCE JAN 1     18.37                     12.93   5.44     8.65

SNOWFALL (IN)
  YESTERDAY        0.0
  MONTH TO DATE    0.0
  SINCE SEP 1      0.0
  SINCE JUL 1      0.0

DEGREE DAYS
 HEATING
  YESTERDAY        0                         5     -5        3
  MONTH TO DATE   55                        75    -20       23
  SINCE SEP 1     60                       119    -59       36
  SINCE JUL 1     88                       170    -82       36

 COOLING
  YESTERDAY        6                         0      6        0
  MONTH TO DATE   24                        11     13       11
  SINCE SEP 1    127                        55     72       45
  SINCE JAN 1    235                       182     53      380
..................................................................


WIND (MPH)
  HIGHEST WIND SPEED     9   HIGHEST WIND DIRECTION    SW (240)
  HIGHEST GUST SPEED    13   HIGHEST GUST DIRECTION    SW (240)
  AVERAGE WIND SPEED     2.4


SKY COVER
  POSSIBLE SUNSHINE  MM
  AVERAGE SKY COVER 0.0


WEATHER CONDITIONS
 THE FOLLOWING WEATHER WAS RECORDED YESTERDAY.
  NO SIGNIFICANT WEATHER WAS OBSERVED.


RELATIVE HUMIDITY (PERCENT)
 HIGHEST    93          1000 PM
 LOWEST     14           100 PM
 AVERAGE    54

..........................................................


THE SANTA BARBARA AIRPORT CA CLIMATE NORMALS FOR TODAY
                         NORMAL    RECORD    YEAR
 MAXIMUM TEMPERATURE (F)   72        97      1959
 MINIMUM TEMPERATURE (F)   50        40      1975


SUNRISE AND SUNSET
OCTOBER 23 2019.......SUNRISE   711 AM PDT   SUNSET   615 PM PDT
OCTOBER 24 2019.......SUNRISE   712 AM PDT   SUNSET   614 PM PDT


-  INDICATES NEGATIVE NUMBERS.
R  INDICATES RECORD WAS SET OR TIED.
MM INDICATES DATA IS MISSING.
T  INDICATES TRACE AMOUNT.




$$
