000
CDUS46 KLOX 250112
CLISBA


CLIMATE REPORT
NATIONAL WEATHER SERVICE LOS ANGELES/OXNARD CA
612 PM PDT SUN MAY 24 2020


...................................

...THE SANTA BARBARA AIRPORT CA CLIMATE SUMMARY FOR MAY 24 2020...
VALID TODAY AS OF 0600 PM LOCAL TIME.

CLIMATE NORMAL PERIOD 1981 TO 2010
CLIMATE RECORD PERIOD 1940 TO 2020


WEATHER ITEM   OBSERVED TIME   RECORD YEAR NORMAL DEPARTURE LAST
                VALUE   (LST)  VALUE       VALUE  FROM      YEAR
                                                  NORMAL
..................................................................
TEMPERATURE (F)
 TODAY
  MAXIMUM         69    203 PM  92    2006  69      0       66
  MINIMUM         50    522 AM  42    1957  52     -2       48
  AVERAGE         60                        60      0       57

PRECIPITATION (IN)
  TODAY            0.00          0.02 1992   0.01  -0.01     0.00
                                      1992
                                      2008
  MONTH TO DATE    0.05                      0.30  -0.25     1.88
  SINCE OCT 1     11.53                     17.24  -5.71    21.92
  SINCE JAN 1      5.78                     11.94  -6.16    18.37

SNOWFALL (IN)
  TODAY            0.0
  MONTH TO DATE    0.0
  SINCE MAR 1      0.0
  SINCE JUL 1      0.0

DEGREE DAYS
 HEATING
  TODAY            5                         5      0        8
  MONTH TO DATE   59                       129    -70      130
  SINCE MAR 1    568                       653    -85      577
  SINCE JUL 1   1936                      2254   -318     1916

 COOLING
  TODAY            0                         0      0        0
  MONTH TO DATE   22                         0     22        0
  SINCE MAR 1     50                         7     43       11
  SINCE JAN 1     50                         7     43       11
..................................................................


WIND (MPH)
  HIGHEST WIND SPEED    15   HIGHEST WIND DIRECTION     W (250)
  HIGHEST GUST SPEED    19   HIGHEST GUST DIRECTION     W (260)
  AVERAGE WIND SPEED     6.4


SKY COVER
  POSSIBLE SUNSHINE  MM
  AVERAGE SKY COVER 0.0


WEATHER CONDITIONS
 THE FOLLOWING WEATHER WAS RECORDED TODAY.
  FOG
  HAZE


RELATIVE HUMIDITY (PERCENT)
 HIGHEST    93           200 AM
 LOWEST     59           100 PM
 AVERAGE    76

..........................................................


THE SANTA BARBARA AIRPORT CA CLIMATE NORMALS FOR TOMORROW
                         NORMAL    RECORD    YEAR
 MAXIMUM TEMPERATURE (F)   69        90      1968
 MINIMUM TEMPERATURE (F)   52        42      1989


SUNRISE AND SUNSET
MAY 24 2020...........SUNRISE   551 AM PDT   SUNSET   802 PM PDT
MAY 25 2020...........SUNRISE   551 AM PDT   SUNSET   802 PM PDT


-  INDICATES NEGATIVE NUMBERS.
R  INDICATES RECORD WAS SET OR TIED.
MM INDICATES DATA IS MISSING.
T  INDICATES TRACE AMOUNT.




$$
