000
CDUS43 KIWX 220022
CLISBN


CLIMATE REPORT
NATIONAL WEATHER SERVICE NORTHERN INDIANA
722 PM EST FRI FEB 21 2020


...................................

...THE SOUTH BEND CLIMATE SUMMARY FOR FEBRUARY 21 2020...
VALID AS OF 0700 PM LOCAL TIME.

CLIMATE NORMAL PERIOD 1981 TO 2010
CLIMATE RECORD PERIOD 1893 TO 2020


WEATHER ITEM   OBSERVED TIME   RECORD YEAR NORMAL DEPARTURE LAST
                VALUE   (LST)  VALUE       VALUE  FROM      YEAR
                                                  NORMAL
..................................................................
TEMPERATURE (F)
 TODAY
  MAXIMUM         35    508 PM  66    1983  37     -2       37
                                      1930
  MINIMUM         12    753 AM  -5    1963  22    -10       26
  AVERAGE         24                        29     -5       32

PRECIPITATION (IN)
  TODAY            0.00          1.80 1976   0.07  -0.07     0.00
  MONTH TO DATE    0.93                      1.40  -0.47     1.92
  SINCE DEC 1      7.93                      6.30   1.63     6.45
  SINCE JAN 1      5.75                      3.69   2.06     3.70

SNOWFALL (IN)
  TODAY            0.0           5.0  1898   0.5   -0.5      0.0
  MONTH TO DATE   11.8                      11.9   -0.1      7.3
  SINCE DEC 1     25.3                      49.8  -24.5     32.1
  SINCE JUL 1     32.3                      55.0  -22.7     44.2
  SNOW DEPTH       T

DEGREE DAYS
 HEATING
  TODAY           41                        36      5       33
  MONTH TO DATE  765                       803    -38      787
  SINCE DEC 1   2695                      3182   -487     3136
  SINCE JUL 1   3972                      4451   -479     4584

 COOLING
  TODAY            0                         0      0        0
  MONTH TO DATE    0                         0      0        0
  SINCE DEC 1      0                         0      0        0
  SINCE JAN 1      0                         0      0        0
..................................................................


WIND (MPH)
  RESULTANT WIND SPEED  10   RESULTANT WIND DIRECTION  SW (220)
  HIGHEST WIND SPEED    21   HIGHEST WIND DIRECTION    SW (220)
  HIGHEST GUST SPEED    29   HIGHEST GUST DIRECTION    SW (230)
  AVERAGE WIND SPEED    10.5


SKY COVER
  POSSIBLE SUNSHINE  MM
  AVERAGE SKY COVER 0.0


WEATHER CONDITIONS
 THE FOLLOWING WEATHER WAS RECORDED TODAY.
  NO SIGNIFICANT WEATHER WAS OBSERVED.


RELATIVE HUMIDITY (PERCENT)
 HIGHEST    80          1200 AM
 LOWEST     29           400 PM
 AVERAGE    55

..........................................................


THE SOUTH BEND CLIMATE NORMALS FOR TOMORROW
                         NORMAL    RECORD    YEAR
 MAXIMUM TEMPERATURE (F)   37        66      1922
 MINIMUM TEMPERATURE (F)   22       -11      1963


SUNRISE AND SUNSET
FEBRUARY 21 2020......SUNRISE   733 AM EST   SUNSET   625 PM EST
FEBRUARY 22 2020......SUNRISE   731 AM EST   SUNSET   627 PM EST


-  INDICATES NEGATIVE NUMBERS.
R  INDICATES RECORD WAS SET OR TIED.
MM INDICATES DATA IS MISSING.
T  INDICATES TRACE AMOUNT.




$$
