232
CDUS43 KIWX 180028
CLISBN


CLIMATE REPORT
NATIONAL WEATHER SERVICE NORTHERN INDIANA
827 PM EDT TUE JUL 17 2018


...................................

...THE SOUTH BEND CLIMATE SUMMARY FOR JULY 17 2018...
VALID AS OF 0800 PM LOCAL TIME.

CLIMATE NORMAL PERIOD 1981 TO 2010
CLIMATE RECORD PERIOD 1893 TO 2018


WEATHER ITEM   OBSERVED TIME   RECORD YEAR NORMAL DEPARTURE LAST
                VALUE   (LST)  VALUE       VALUE  FROM      YEAR
                                                  NORMAL
..................................................................
TEMPERATURE (F)
 TODAY
  MAXIMUM         82   1231 PM 100    1901  83     -1       82
  MINIMUM         63    214 AM  46    1896  63      0       54
  AVERAGE         73                        73      0       68

PRECIPITATION (IN)
  TODAY            0.00          1.85 2015   0.13  -0.13     0.00
  MONTH TO DATE    0.24                      2.14  -1.90     1.91
  SINCE JUN 1      4.95                      5.93  -0.98     4.33
  SINCE JAN 1     28.07                     19.65   8.42    23.56

DEGREE DAYS
 HEATING
  TODAY            0                         0      0        0
  MONTH TO DATE    0                         0      0        1
  SINCE JUN 1      9                        44    -35       26
  SINCE JUL 1      0                         0      0        1

 COOLING
  TODAY            8                         8      0        3
  MONTH TO DATE  174                       136     38      109
  SINCE JUN 1    340                       301     39      282
  SINCE JAN 1    450                       357     93      322
..................................................................


WIND (MPH)
  RESULTANT WIND SPEED   9   RESULTANT WIND DIRECTION  NW (330)
  HIGHEST WIND SPEED    21   HIGHEST WIND DIRECTION     N (340)
  HIGHEST GUST SPEED    28   HIGHEST GUST DIRECTION     N (340)
  AVERAGE WIND SPEED     9.6


SKY COVER
  POSSIBLE SUNSHINE  MM
  AVERAGE SKY COVER 0.0


WEATHER CONDITIONS
 THE FOLLOWING WEATHER WAS RECORDED TODAY.
  NO SIGNIFICANT WEATHER WAS OBSERVED.


RELATIVE HUMIDITY (PERCENT)
 HIGHEST   100           400 AM
 LOWEST     39           200 PM
 AVERAGE    70

..........................................................


THE SOUTH BEND CLIMATE NORMALS FOR TOMORROW
                         NORMAL    RECORD    YEAR
 MAXIMUM TEMPERATURE (F)   83       100      1930
 MINIMUM TEMPERATURE (F)   63        49      1937
                                             1925


SUNRISE AND SUNSET
JULY 17 2018..........SUNRISE   626 AM EDT   SUNSET   917 PM EDT
JULY 18 2018..........SUNRISE   626 AM EDT   SUNSET   916 PM EDT


-  INDICATES NEGATIVE NUMBERS.
R  INDICATES RECORD WAS SET OR TIED.
MM INDICATES DATA IS MISSING.
T  INDICATES TRACE AMOUNT.




$$
