000
CDUS43 KIWX 180528
CLISBN


CLIMATE REPORT
NATIONAL WEATHER SERVICE NORTHERN INDIANA
127 AM EDT THU OCT 18 2018


...................................

...THE SOUTH BEND CLIMATE SUMMARY FOR OCTOBER 17 2018...

CLIMATE NORMAL PERIOD 1981 TO 2010
CLIMATE RECORD PERIOD 1893 TO 2018


WEATHER ITEM   OBSERVED TIME   RECORD YEAR NORMAL DEPARTURE LAST
                VALUE   (LST)  VALUE       VALUE  FROM      YEAR
                                                  NORMAL
..................................................................
TEMPERATURE (F)
 YESTERDAY
  MAXIMUM         48    348 PM  86    1950  61    -13       69
  MINIMUM         33    805 PM  28    1952  42     -9       43
  AVERAGE         41                        52    -11       56

PRECIPITATION (IN)
  YESTERDAY        0.00          3.47 1988   0.10  -0.10     0.00
  MONTH TO DATE    3.33                      1.86   1.47     6.93
  SINCE SEP 1      6.28                      5.39   0.89     8.97
  SINCE JAN 1     42.94                     30.66  12.28    36.56

DEGREE DAYS
 HEATING
  YESTERDAY       24                        13     11        9
  MONTH TO DATE  163                       186    -23       67
  SINCE SEP 1    240                       302    -62      158
  SINCE JUL 1    242                       320    -78      179

 COOLING
  YESTERDAY        0                         0      0        0
  MONTH TO DATE   23                         8     15       21
  SINCE SEP 1    171                        90     81      139
  SINCE JAN 1    941                       772    169      691
..................................................................


WIND (MPH)
  HIGHEST WIND SPEED    24   HIGHEST WIND DIRECTION    NW (310)
  HIGHEST GUST SPEED    33   HIGHEST GUST DIRECTION    NW (300)
  AVERAGE WIND SPEED    10.7


SKY COVER
  AVERAGE SKY COVER 0.5


WEATHER CONDITIONS
 THE FOLLOWING WEATHER WAS RECORDED YESTERDAY.
  NO SIGNIFICANT WEATHER WAS OBSERVED.


RELATIVE HUMIDITY (PERCENT)
 HIGHEST    89           900 PM
 LOWEST     53           400 PM
 AVERAGE    71

..........................................................


THE SOUTH BEND CLIMATE NORMALS FOR TODAY
                         NORMAL    RECORD    YEAR
 MAXIMUM TEMPERATURE (F)   61        85      1950
 MINIMUM TEMPERATURE (F)   42        26      1952


SUNRISE AND SUNSET
OCTOBER 18 2018.......SUNRISE   801 AM EDT   SUNSET   659 PM EDT
OCTOBER 19 2018.......SUNRISE   802 AM EDT   SUNSET   658 PM EDT


-  INDICATES NEGATIVE NUMBERS.
R  INDICATES RECORD WAS SET OR TIED.
MM INDICATES DATA IS MISSING.
T  INDICATES TRACE AMOUNT.




$$
