470
CDUS43 KIWX 230031
CLISBN


CLIMATE REPORT
NATIONAL WEATHER SERVICE NORTHERN INDIANA
731 PM EST TUE JAN 22 2019


...................................

...THE SOUTH BEND CLIMATE SUMMARY FOR JANUARY 22 2019...
VALID AS OF 0700 PM LOCAL TIME.

CLIMATE NORMAL PERIOD 1981 TO 2010
CLIMATE RECORD PERIOD 1893 TO 2019


WEATHER ITEM   OBSERVED TIME   RECORD YEAR NORMAL DEPARTURE LAST
                VALUE   (LST)  VALUE       VALUE  FROM      YEAR
                                                  NORMAL
..................................................................
TEMPERATURE (F)
 TODAY
  MAXIMUM         31    659 PM  60    1906  31      0       52
  MINIMUM          6   1211 AM -15    1936  17    -11       39
  AVERAGE         19                        24     -5       46

PRECIPITATION (IN)
  TODAY            0.10          1.52 1965   0.07   0.03     0.48
  MONTH TO DATE    0.75                      1.71  -0.96     1.75
  SINCE DEC 1      3.50                      4.32  -0.82     3.11
  SINCE JAN 1      0.75                      1.71  -0.96     1.75

SNOWFALL (IN)
  TODAY           MM             6.8  2005   0.7   MM        0.0
  MONTH TO DATE    9.0                      14.4   -5.4     19.5
  SINCE DEC 1      9.8                      31.7  -21.9     51.9
  SINCE JUL 1     21.9                      36.9  -15.0     51.9
  SNOW DEPTH       4

DEGREE DAYS
 HEATING
  TODAY           46                        41      5       19
  MONTH TO DATE  852                       894    -42      982
  SINCE DEC 1   1844                      2016   -172     2203
  SINCE JUL 1   3292                      3285      7     3386

 COOLING
  TODAY            0                         0      0        0
  MONTH TO DATE    0                         0      0        0
  SINCE DEC 1      0                         0      0        0
  SINCE JAN 1      0                         0      0        0
..................................................................


WIND (MPH)
  RESULTANT WIND SPEED  14   RESULTANT WIND DIRECTION  SE (150)
  HIGHEST WIND SPEED    22   HIGHEST WIND DIRECTION    SE (140)
  HIGHEST GUST SPEED    29   HIGHEST GUST DIRECTION    SE (140)
  AVERAGE WIND SPEED    14.7


SKY COVER
  POSSIBLE SUNSHINE  MM
  AVERAGE SKY COVER 0.6


WEATHER CONDITIONS
 THE FOLLOWING WEATHER WAS RECORDED TODAY.
  LT FREEZING RAIN
  LIGHT SNOW
  FOG


RELATIVE HUMIDITY (PERCENT)
 HIGHEST    92           300 PM
 LOWEST     51          1100 AM
 AVERAGE    72

..........................................................


THE SOUTH BEND CLIMATE NORMALS FOR TOMORROW
                         NORMAL    RECORD    YEAR
 MAXIMUM TEMPERATURE (F)   31        59      1909
 MINIMUM TEMPERATURE (F)   17       -19      1936


SUNRISE AND SUNSET
JANUARY 22 2019.......SUNRISE   806 AM EST   SUNSET   548 PM EST
JANUARY 23 2019.......SUNRISE   805 AM EST   SUNSET   549 PM EST


-  INDICATES NEGATIVE NUMBERS.
R  INDICATES RECORD WAS SET OR TIED.
MM INDICATES DATA IS MISSING.
T  INDICATES TRACE AMOUNT.




$$
