000
CDUS41 KAKQ 210731
CLISBY


CLIMATE REPORT
NATIONAL WEATHER SERVICE WAKEFIELD, VA
329 AM EDT MON MAY 21 2018


...................................

...THE SALISBURY MD CLIMATE SUMMARY FOR MAY 20 2018...

CLIMATE NORMAL PERIOD 1981 TO 2010
CLIMATE RECORD PERIOD 1900 TO 2018


WEATHER ITEM   OBSERVED TIME   RECORD YEAR NORMAL DEPARTURE LAST
                VALUE   (LST)  VALUE       VALUE  FROM      YEAR
                                                  NORMAL
..................................................................
TEMPERATURE (F)
 YESTERDAY
  MAXIMUM         83    505 PM  98    1911  75      8       71
  MINIMUM         70   1257 AM  32    2009  53     17       50
  AVERAGE         77                        64     13       61

PRECIPITATION (IN)
  YESTERDAY        0.01          3.83 2005   0.12  -0.11     0.00
  MONTH TO DATE    8.52                      2.21   6.31     3.32
  SINCE MAR 1     13.87                     10.18   3.69     9.97
  SINCE JAN 1     20.12                     17.14   2.98    14.77

SNOWFALL (IN)
  YESTERDAY        0.0           0.0  2002   0.0    0.0
                                      2001
  MONTH TO DATE    0.0                       0.0    0.0
  SINCE NOV 1     17.2                       9.3    7.9
  SINCE JUL 1     17.2                       9.3    7.9
  SNOW DEPTH       0

DEGREE DAYS
 HEATING
  YESTERDAY        0                         4     -4        4
  MONTH TO DATE   24                       111    -87      115
  SINCE MAR 1   1145                      1086     59      919
  SINCE JUL 1   4192                      4391   -199     3670

 COOLING
  YESTERDAY       12                         2     10        0
  MONTH TO DATE   82                        29     53       48
  SINCE MAR 1     92                        46     46      118
  SINCE JAN 1     96                        46     50      118
..................................................................


WIND (MPH)
  HIGHEST WIND SPEED    20   HIGHEST WIND DIRECTION    SW (230)
  HIGHEST GUST SPEED    25   HIGHEST GUST DIRECTION    SW (240)
  AVERAGE WIND SPEED    10.3


SKY COVER
  POSSIBLE SUNSHINE  MM
  AVERAGE SKY COVER 0.6


WEATHER CONDITIONS
 THE FOLLOWING WEATHER WAS RECORDED YESTERDAY.
  FOG


RELATIVE HUMIDITY (PERCENT)
 HIGHEST   100          1200 AM
 LOWEST     65           400 PM
 AVERAGE    83

..........................................................


THE SALISBURY MD CLIMATE NORMALS FOR TODAY
                         NORMAL    RECORD    YEAR
 MAXIMUM TEMPERATURE (F)   75        95      1911
 MINIMUM TEMPERATURE (F)   53        31      2002


SUNRISE AND SUNSET
MAY 21 2018...........SUNRISE   546 AM EDT   SUNSET   812 PM EDT
MAY 22 2018...........SUNRISE   545 AM EDT   SUNSET   812 PM EDT


-  INDICATES NEGATIVE NUMBERS.
R  INDICATES RECORD WAS SET OR TIED.
MM INDICATES DATA IS MISSING.
T  INDICATES TRACE AMOUNT.




$$
