000
CDUS41 KAKQ 210540
CLISBY


CLIMATE REPORT
NATIONAL WEATHER SERVICE WAKEFIELD, VA
139 AM EDT MON OCT 21 2019


...................................

...THE SALISBURY MD CLIMATE SUMMARY FOR OCTOBER 20 2019...

CLIMATE NORMAL PERIOD 1981 TO 2010
CLIMATE RECORD PERIOD 1900 TO 2019


WEATHER ITEM   OBSERVED TIME   RECORD YEAR NORMAL DEPARTURE LAST
                VALUE   (LST)  VALUE       VALUE  FROM      YEAR
                                                  NORMAL
..................................................................
TEMPERATURE (F)
 YESTERDAY
  MAXIMUM         64    349 PM  84    2016  67     -3       63
                                      1984
  MINIMUM         47    208 AM  25    1992  45      2       52
  AVERAGE         56                        56      0       58

PRECIPITATION (IN)
  YESTERDAY        1.84          3.00 1910   0.11   1.73     0.12
  MONTH TO DATE    3.28                      2.26   1.02     7.36
  SINCE SEP 1      4.63                      6.24  -1.61    12.62
  SINCE JAN 1     33.90                     37.31  -3.41    45.18

SNOWFALL (IN)
  YESTERDAY        0.0           0.0  2002   0.0    0.0
                                      2001
  MONTH TO DATE    0.0                       0.0    0.0
  SINCE NOV 1      5.3                       9.3   -4.0
  SINCE JUL 1      0.0                       0.0    0.0
  SNOW DEPTH       0

DEGREE DAYS
 HEATING
  YESTERDAY        9                        10     -1        7
  MONTH TO DATE   75                       143    -68       75
  SINCE SEP 1     86                       189   -103       75
  SINCE JUL 1     86                       191   -105       75

 COOLING
  YESTERDAY        0                         0      0        0
  MONTH TO DATE   43                        22     21      105
  SINCE SEP 1    274                       164    110      423
  SINCE JAN 1   1638                      1147    491     1671
..................................................................


WIND (MPH)
  HIGHEST WIND SPEED    26   HIGHEST WIND DIRECTION    NE (30)
  HIGHEST GUST SPEED    39   HIGHEST GUST DIRECTION    NE (30)
  AVERAGE WIND SPEED    12.1


SKY COVER
  POSSIBLE SUNSHINE  MM
  AVERAGE SKY COVER 0.8


WEATHER CONDITIONS
 THE FOLLOWING WEATHER WAS RECORDED YESTERDAY.
  HEAVY RAIN
  RAIN
  LIGHT RAIN
  FOG


RELATIVE HUMIDITY (PERCENT)
 HIGHEST    97           700 PM
 LOWEST     80           100 AM
 AVERAGE    89

..........................................................


THE SALISBURY MD CLIMATE NORMALS FOR TODAY
                         NORMAL    RECORD    YEAR
 MAXIMUM TEMPERATURE (F)   67        85      1947
 MINIMUM TEMPERATURE (F)   44        26      1940


SUNRISE AND SUNSET
OCTOBER 21 2019.......SUNRISE   717 AM EDT   SUNSET   616 PM EDT
OCTOBER 22 2019.......SUNRISE   718 AM EDT   SUNSET   615 PM EDT


-  INDICATES NEGATIVE NUMBERS.
R  INDICATES RECORD WAS SET OR TIED.
MM INDICATES DATA IS MISSING.
T  INDICATES TRACE AMOUNT.




$$
