000
CDUS41 KAKQ 140531
CLISBY


CLIMATE REPORT
NATIONAL WEATHER SERVICE WAKEFIELD, VA
129 AM EDT TUE AUG 14 2018


...................................

...THE SALISBURY MD CLIMATE SUMMARY FOR AUGUST 13 2018...

CLIMATE NORMAL PERIOD 1981 TO 2010
CLIMATE RECORD PERIOD 1900 TO 2018


WEATHER ITEM   OBSERVED TIME   RECORD YEAR NORMAL DEPARTURE LAST
                VALUE   (LST)  VALUE       VALUE  FROM      YEAR
                                                  NORMAL
..................................................................
TEMPERATURE (F)
 YESTERDAY
  MAXIMUM         85    311 PM  99    2002  85      0       85
  MINIMUM         71   1159 PM  47    1930  66      5       69
  AVERAGE         78                        75      3       77

PRECIPITATION (IN)
  YESTERDAY        0.01          5.05 1919   0.13  -0.12     0.01
  MONTH TO DATE    0.98                      2.05  -1.07     9.72
  SINCE JUN 1      9.89                     10.14  -0.25    23.02
  SINCE JAN 1     31.28                     28.69   2.59    39.55

SNOWFALL (IN)
  YESTERDAY        0.0           0.0  2002   0.0    0.0
                                      2001
  MONTH TO DATE    0.0                       0.0    0.0
  SINCE NOV 1     17.2                       9.3    7.9
  SINCE JUL 1      0.0                       0.0    0.0
  SNOW DEPTH       0

DEGREE DAYS
 HEATING
  YESTERDAY        0                         0      0        0
  MONTH TO DATE    0                         0      0        0
  SINCE JUN 1      3                        20    -17       15
  SINCE JUL 1      0                         1     -1        0

 COOLING
  YESTERDAY       13                        10      3       12
  MONTH TO DATE  201                       141     60      119
  SINCE JUN 1    849                       732    117      844
  SINCE JAN 1   1017                       816    201      982
..................................................................


WIND (MPH)
  HIGHEST WIND SPEED    13   HIGHEST WIND DIRECTION    SW (210)
  HIGHEST GUST SPEED    16   HIGHEST GUST DIRECTION    SW (240)
  AVERAGE WIND SPEED     4.5


SKY COVER
  POSSIBLE SUNSHINE  MM
  AVERAGE SKY COVER 0.4


WEATHER CONDITIONS
 THE FOLLOWING WEATHER WAS RECORDED YESTERDAY.
  LIGHT RAIN
  FOG


RELATIVE HUMIDITY (PERCENT)
 HIGHEST   100          1200 AM
 LOWEST     65           200 PM
 AVERAGE    83

..........................................................


THE SALISBURY MD CLIMATE NORMALS FOR TODAY
                         NORMAL    RECORD    YEAR
 MAXIMUM TEMPERATURE (F)   85        98      2016
                                             1926
 MINIMUM TEMPERATURE (F)   66        46      1941


SUNRISE AND SUNSET
AUGUST 14 2018........SUNRISE   616 AM EDT   SUNSET   757 PM EDT
AUGUST 15 2018........SUNRISE   617 AM EDT   SUNSET   756 PM EDT


-  INDICATES NEGATIVE NUMBERS.
R  INDICATES RECORD WAS SET OR TIED.
MM INDICATES DATA IS MISSING.
T  INDICATES TRACE AMOUNT.




$$
