000
CDUS41 KAKQ 152130
CLISBY


CLIMATE REPORT
NATIONAL WEATHER SERVICE WAKEFIELD, VA
529 PM EDT MON OCT 15 2018


...................................

...THE SALISBURY MD CLIMATE SUMMARY FOR OCTOBER 15 2018...
VALID TODAY AS OF 0500 PM LOCAL TIME.

CLIMATE NORMAL PERIOD 1981 TO 2010
CLIMATE RECORD PERIOD 1900 TO 2018


WEATHER ITEM   OBSERVED TIME   RECORD YEAR NORMAL DEPARTURE LAST
                VALUE   (LST)  VALUE       VALUE  FROM      YEAR
                                                  NORMAL
..................................................................
TEMPERATURE (F)
 TODAY
  MAXIMUM         79    332 PM  85    1985  69     10       75
                                      1975
  MINIMUM         59    209 AM  29    2006  46     13       66
  AVERAGE         69

PRECIPITATION (IN)
  TODAY            0.03          1.20 1970   0.11  -0.08     0.01
  MONTH TO DATE    7.13                      1.71   5.42     1.00
  SINCE SEP 1     12.39                      5.69   6.70     3.05
  SINCE JAN 1     44.95                     36.76   8.19    45.11

SNOWFALL (IN)
  TODAY            0.0
  MONTH TO DATE    0.0
  SINCE NOV 1     17.2
  SINCE JUL 1      0.0
  SNOW DEPTH       0

DEGREE DAYS
 HEATING
  TODAY            0
  MONTH TO DATE   27
  SINCE SEP 1     27
  SINCE JUL 1     27

 COOLING
  TODAY            4
  MONTH TO DATE  105
  SINCE SEP 1    423
  SINCE JAN 1   1671
..................................................................


WIND (MPH)
  RESULTANT WIND SPEED   6   RESULTANT WIND DIRECTION  SW (210)
  HIGHEST WIND SPEED    21   HIGHEST WIND DIRECTION    SW (220)
  HIGHEST GUST SPEED    26   HIGHEST GUST DIRECTION    SW (240)


SKY COVER
  POSSIBLE SUNSHINE  MM
  AVERAGE SKY COVER 0.9


WEATHER CONDITIONS
 THE FOLLOWING WEATHER WAS RECORDED TODAY.
  LIGHT RAIN
  FOG


RELATIVE HUMIDITY (PERCENT)
 HIGHEST   100
 LOWEST     74
 AVERAGE    87

..........................................................


THE SALISBURY MD CLIMATE NORMALS FOR TOMORROW
                         NORMAL    RECORD    YEAR
 MAXIMUM TEMPERATURE (F)   68        85      2008
                                             1947
                                             1910
 MINIMUM TEMPERATURE (F)   46        28      1937


SUNRISE AND SUNSET
OCTOBER 15 2018.......SUNRISE   711 AM EDT   SUNSET   624 PM EDT
OCTOBER 16 2018.......SUNRISE   712 AM EDT   SUNSET   623 PM EDT


-  INDICATES NEGATIVE NUMBERS.
R  INDICATES RECORD WAS SET OR TIED.
MM INDICATES DATA IS MISSING.
T  INDICATES TRACE AMOUNT.




$$
