000
CDUS41 KAKQ 220635
CLISBY


CLIMATE REPORT
NATIONAL WEATHER SERVICE WAKEFIELD, VA
134 AM EST THU FEB 22 2018


...................................

...THE SALISBURY MD CLIMATE SUMMARY FOR FEBRUARY 21 2018...

CLIMATE NORMAL PERIOD 1981 TO 2010
CLIMATE RECORD PERIOD 1900 TO 2018


WEATHER ITEM   OBSERVED TIME   RECORD YEAR NORMAL DEPARTURE LAST
                VALUE   (LST)  VALUE       VALUE  FROM      YEAR
                                                  NORMAL
..................................................................
TEMPERATURE (F)
 YESTERDAY
  MAXIMUM         76R   331 PM  75    1943  48     28       55
  MINIMUM         62   1239 AM  -4    2015  29     33       32
  AVERAGE         69                        39     30       44

PRECIPITATION (IN)
  YESTERDAY        0.00          1.09 2005   0.12  -0.12     0.00
                                      1989
  MONTH TO DATE    2.67                      2.50   0.17     0.73
  SINCE DEC 1      7.34                      9.82  -2.48     7.01
  SINCE JAN 1      6.20                      6.11   0.09     4.08

SNOWFALL (IN)
  YESTERDAY        0.0           7.0  1929   0.1   -0.1
  MONTH TO DATE    0.0                       2.7   -2.7
  SINCE NOV 1     16.4                       7.7    8.7
  SINCE JUL 1     16.4                       7.7    8.7
  SNOW DEPTH       0

DEGREE DAYS
 HEATING
  YESTERDAY        0                        26    -26       21
  MONTH TO DATE  438                       587   -149      469
  SINCE DEC 1   2273                      2310    -37     2011
  SINCE JUL 1   2944                      3128   -184     2671

 COOLING
  YESTERDAY        4                         0      4        0
  MONTH TO DATE    4                         0      4        0
  SINCE DEC 1      4                         0      4        0
  SINCE JAN 1      4                         0      4        0
..................................................................


WIND (MPH)
  HIGHEST WIND SPEED    23   HIGHEST WIND DIRECTION    SW (210)
  HIGHEST GUST SPEED    32   HIGHEST GUST DIRECTION    SW (230)
  AVERAGE WIND SPEED    12.9


SKY COVER
  POSSIBLE SUNSHINE  MM
  AVERAGE SKY COVER 0.4


WEATHER CONDITIONS
 THE FOLLOWING WEATHER WAS RECORDED YESTERDAY.
  NO SIGNIFICANT WEATHER WAS OBSERVED.


RELATIVE HUMIDITY (PERCENT)
 HIGHEST   100          1200 AM
 LOWEST     64           300 PM
 AVERAGE    82

..........................................................


THE SALISBURY MD CLIMATE NORMALS FOR TODAY
                         NORMAL    RECORD    YEAR
 MAXIMUM TEMPERATURE (F)   49        70      1997
                                             1945
                                             1943
 MINIMUM TEMPERATURE (F)   29         2      1914


SUNRISE AND SUNSET
FEBRUARY 22 2018......SUNRISE   644 AM EST   SUNSET   548 PM EST
FEBRUARY 23 2018......SUNRISE   642 AM EST   SUNSET   549 PM EST


-  INDICATES NEGATIVE NUMBERS.
R  INDICATES RECORD WAS SET OR TIED.
MM INDICATES DATA IS MISSING.
T  INDICATES TRACE AMOUNT.




$$
