000
CDUS41 KAKQ 230645
CLISBY


CLIMATE REPORT
NATIONAL WEATHER SERVICE WAKEFIELD, VA
145 AM EST WED JAN 23 2019


...................................

...THE SALISBURY MD CLIMATE SUMMARY FOR JANUARY 22 2019...

CLIMATE NORMAL PERIOD 1981 TO 2010
CLIMATE RECORD PERIOD 1900 TO 2019


WEATHER ITEM   OBSERVED TIME   RECORD YEAR NORMAL DEPARTURE LAST
                VALUE   (LST)  VALUE       VALUE  FROM      YEAR
                                                  NORMAL
..................................................................
TEMPERATURE (F)
 YESTERDAY
  MAXIMUM         35        MM  72    1927  44     -9       65
  MINIMUM         18   1200 AM  -1    1970  27     -9       46
  AVERAGE         27                        35     -8       56

PRECIPITATION (IN)
  YESTERDAY        0.00          1.29 1954   0.12  -0.12     0.00
  MONTH TO DATE    1.73                      2.52  -0.79     1.15
  SINCE DEC 1      5.26                      6.23  -0.97     2.29
  SINCE JAN 1      1.73                      2.52  -0.79     1.15

SNOWFALL (IN)
  YESTERDAY        0.0           6.0  1918   0.1   -0.1
                                      1954
  MONTH TO DATE    3.7                       2.0    1.7
  SINCE NOV 1      4.5                       3.8    0.7
  SINCE JUL 1      4.5                       3.8    0.7
  SNOW DEPTH       0

DEGREE DAYS
 HEATING
  YESTERDAY       38                        30      8        9
  MONTH TO DATE  615                       655    -40      739
  SINCE DEC 1   1320                      1461   -141     1615
  SINCE JUL 1   2105                      2279   -174     2286

 COOLING
  YESTERDAY        0                         0      0        0
  MONTH TO DATE    0                         0      0        0
  SINCE DEC 1      0                         0      0        0
  SINCE JAN 1      0                         0      0        0
..................................................................


WIND (MPH)
  HIGHEST WIND SPEED    14   HIGHEST WIND DIRECTION    NW (320)
  HIGHEST GUST SPEED    MM   HIGHEST GUST DIRECTION    MM
  AVERAGE WIND SPEED     5.9


SKY COVER
  POSSIBLE SUNSHINE  MM
  AVERAGE SKY COVER 0.0


WEATHER CONDITIONS
 THE FOLLOWING WEATHER WAS RECORDED YESTERDAY.
  NO SIGNIFICANT WEATHER WAS OBSERVED.


RELATIVE HUMIDITY (PERCENT)
 HIGHEST    68           900 PM
 LOWEST     25           500 PM
 AVERAGE    47

..........................................................


THE SALISBURY MD CLIMATE NORMALS FOR TODAY
                         NORMAL    RECORD    YEAR
 MAXIMUM TEMPERATURE (F)   44        73      1999
 MINIMUM TEMPERATURE (F)   27        -1      1970


SUNRISE AND SUNSET
JANUARY 23 2019.......SUNRISE   714 AM EST   SUNSET   514 PM EST
JANUARY 24 2019.......SUNRISE   713 AM EST   SUNSET   515 PM EST


-  INDICATES NEGATIVE NUMBERS.
R  INDICATES RECORD WAS SET OR TIED.
MM INDICATES DATA IS MISSING.
T  INDICATES TRACE AMOUNT.




$$
