000
CDUS41 KAKQ 100924
CLISBY

CLIMATE REPORT
NATIONAL WEATHER SERVICE WAKEFIELD VA
524 AM EDT MON MAY 10 2021

...................................

...THE SALISBURY MD CLIMATE SUMMARY FOR MAY 9 2021...

CLIMATE NORMAL PERIOD: 1991 TO 2020
CLIMATE RECORD PERIOD: 1900 TO 2021


WEATHER ITEM   OBSERVED TIME   RECORD YEAR NORMAL DEPARTURE LAST
                VALUE   (LST)  VALUE       VALUE  FROM      YEAR
                                                  NORMAL
...................................................................
TEMPERATURE (F)
 YESTERDAY
  MAXIMUM         72  11:54 PM  92    1936  73     -1       53
  MINIMUM         40   3:09 AM  29    1947  51    -11       38
  AVERAGE         56                        62     -6       46

PRECIPITATION (IN)
  YESTERDAY        0.00          1.81 1978   0.12  -0.12     0.05
  MONTH TO DATE    1.86                      1.04   0.82     1.14
  SINCE MAR 1      8.69                      8.63   0.06     7.39
  SINCE JAN 1     16.82                     15.39   1.43    15.35

SNOWFALL (IN)
  YESTERDAY        0.0           0.0  2001   0.0    0.0
                                      2002
  MONTH TO DATE    0.0                       0.0    0.0
  SINCE MAR 1      T                         1.2   -1.2
  SINCE JUL 1      5.7                       8.0   -2.3
  SNOW DEPTH       0

DEGREE DAYS
 HEATING
  YESTERDAY        9                         5      4       19
  MONTH TO DATE   46                        50     -4       67
  SINCE MAR 1    842                       983   -141      852
  SINCE JUL 1   3677                      4122   -445     3603

 COOLING
  YESTERDAY        0                         2     -2        0
  MONTH TO DATE   26                        15     11        4
  SINCE MAR 1     60                        39     21       13
  SINCE JAN 1     60                        39     21       13
...................................................................


WIND (MPH)
  HIGHEST WIND SPEED    25   HIGHEST WIND DIRECTION     S (200)
  HIGHEST GUST SPEED    35   HIGHEST GUST DIRECTION     S (200)
  AVERAGE WIND SPEED     7.4


SKY COVER
  POSSIBLE SUNSHINE  MM
  AVERAGE SKY COVER 0.4


WEATHER CONDITIONS
THE FOLLOWING WEATHER WAS RECORDED YESTERDAY.
  NO SIGNIFICANT WEATHER WAS OBSERVED.


RELATIVE HUMIDITY (PERCENT)
 HIGHEST    89           6:00 AM
 LOWEST     36           1:00 PM
 AVERAGE    63

..........................................................


THE SALISBURY MD CLIMATE NORMALS FOR TODAY
                         NORMAL    RECORD    YEAR
 MAXIMUM TEMPERATURE (F)   73        93      1963
 MINIMUM TEMPERATURE (F)   52        31      1947
                                             2020


SUNRISE AND SUNSET
MAY 10 2021...........SUNRISE   5:55 AM EDT   SUNSET   8:02 PM EDT
MAY 11 2021...........SUNRISE   5:54 AM EDT   SUNSET   8:03 PM EDT


-  INDICATES NEGATIVE NUMBERS.
R  INDICATES RECORD WAS SET OR TIED.
MM INDICATES DATA IS MISSING.
T  INDICATES TRACE AMOUNT.




$$
