000
CDUS41 KAKQ 222230
CLISBY


CLIMATE REPORT
NATIONAL WEATHER SERVICE WAKEFIELD, VA
529 PM EST FRI FEB 22 2019


...................................

...THE SALISBURY MD CLIMATE SUMMARY FOR FEBRUARY 22 2019...
VALID TODAY AS OF 0500 PM LOCAL TIME.

CLIMATE NORMAL PERIOD 1981 TO 2010
CLIMATE RECORD PERIOD 1900 TO 2019


WEATHER ITEM   OBSERVED TIME   RECORD YEAR NORMAL DEPARTURE LAST
                VALUE   (LST)  VALUE       VALUE  FROM      YEAR
                                                  NORMAL
..................................................................
TEMPERATURE (F)
 TODAY
  MAXIMUM         50    316 PM  70    1997  49      1       65
                                      1945
                                      1943
  MINIMUM         39   1217 AM   2    1914  29     10       41
  AVERAGE         45

PRECIPITATION (IN)
  TODAY            0.01          1.04 1971   0.12  -0.11     0.04
  MONTH TO DATE    2.87                      2.62   0.25     2.71
  SINCE DEC 1      9.48                      9.94  -0.46     7.38
  SINCE JAN 1      5.95                      6.23  -0.28     6.24

SNOWFALL (IN)
  TODAY            0.0
  MONTH TO DATE    0.5
  SINCE NOV 1      5.0
  SINCE JUL 1      5.0
  SNOW DEPTH       0

DEGREE DAYS
 HEATING
  TODAY           20
  MONTH TO DATE  528
  SINCE DEC 1   2125
  SINCE JUL 1   2910

 COOLING
  TODAY            0
  MONTH TO DATE    0
  SINCE DEC 1      0
  SINCE JAN 1      0
..................................................................


WIND (MPH)
  RESULTANT WIND SPEED   2   RESULTANT WIND DIRECTION   N (10)
  HIGHEST WIND SPEED    10   HIGHEST WIND DIRECTION     N (360)
  HIGHEST GUST SPEED    13   HIGHEST GUST DIRECTION     N (340)


SKY COVER
  POSSIBLE SUNSHINE  MM
  AVERAGE SKY COVER 0.5


WEATHER CONDITIONS
 THE FOLLOWING WEATHER WAS RECORDED TODAY.
  NO SIGNIFICANT WEATHER WAS OBSERVED.


RELATIVE HUMIDITY (PERCENT)
 HIGHEST   100
 LOWEST     46
 AVERAGE    73

..........................................................


THE SALISBURY MD CLIMATE NORMALS FOR TOMORROW
                         NORMAL    RECORD    YEAR
 MAXIMUM TEMPERATURE (F)   49        74      2017
                                             1943
                                             1922
 MINIMUM TEMPERATURE (F)   30         8      1918


SUNRISE AND SUNSET
FEBRUARY 22 2019......SUNRISE   644 AM EST   SUNSET   548 PM EST
FEBRUARY 23 2019......SUNRISE   643 AM EST   SUNSET   549 PM EST


-  INDICATES NEGATIVE NUMBERS.
R  INDICATES RECORD WAS SET OR TIED.
MM INDICATES DATA IS MISSING.
T  INDICATES TRACE AMOUNT.




$$
