883
CDUS41 KAKQ 200531
CLISBY

CLIMATE REPORT
NATIONAL WEATHER SERVICE WAKEFIELD VA
131 AM EDT MON MAY 20 2024

...................................

...THE SALISBURY MD CLIMATE SUMMARY FOR MAY 19 2024...

CLIMATE NORMAL PERIOD: 1991 TO 2020
CLIMATE RECORD PERIOD: 1900 TO 2024


WEATHER ITEM   OBSERVED TIME   RECORD YEAR NORMAL DEPARTURE LAST
                VALUE   (LST)  VALUE       VALUE  FROM      YEAR
                                                  NORMAL
...................................................................
TEMPERATURE (F)
 YESTERDAY
  MAXIMUM         70   2:50 PM  97    1911  75     -5       73
  MINIMUM         53  11:59 PM  35    2009  54     -1       53
  AVERAGE         62                        64     -2       63

PRECIPITATION (IN)
  YESTERDAY        0.00          1.13 1993   0.12  -0.12     0.00
                                      2001
  MONTH TO DATE    2.46                      2.22   0.24     1.01
  SINCE MAR 1     11.55                      9.81   1.74     7.31
  SINCE JAN 1     18.92                     16.57   2.35    11.11

SNOWFALL (IN)
  YESTERDAY        0.0           0.0  2001   0.0    0.0
                                      2002
  MONTH TO DATE    0.0                       0.0    0.0
  SINCE MAR 1      0.0                       1.2   -1.2
  SINCE JUL 1      1.4                       8.0   -6.6
  SNOW DEPTH       0

DEGREE DAYS
 HEATING
  YESTERDAY        3                         4     -1        2
  MONTH TO DATE   76                        91    -15       94
  SINCE MAR 1    844                      1024   -180      849
  SINCE JUL 1   3559                      4163   -604     3482

 COOLING
  YESTERDAY        0                         3     -3        0
  MONTH TO DATE   32                        39     -7       16
  SINCE MAR 1     57                        63     -6       64
  SINCE JAN 1     57                        63     -6       65
...................................................................


WIND (MPH)
  HIGHEST WIND SPEED    17   HIGHEST WIND DIRECTION    NE (50)
  HIGHEST GUST SPEED    23   HIGHEST GUST DIRECTION    NE (40)
  AVERAGE WIND SPEED     6.2


SKY COVER
  POSSIBLE SUNSHINE  MM
  AVERAGE SKY COVER 0.7


WEATHER CONDITIONS
THE FOLLOWING WEATHER WAS RECORDED YESTERDAY.
  NO SIGNIFICANT WEATHER WAS OBSERVED.


RELATIVE HUMIDITY (PERCENT)
 HIGHEST    97           2:00 AM
 LOWEST     68           2:00 PM
 AVERAGE    83

..........................................................


THE SALISBURY MD CLIMATE NORMALS FOR TODAY
                         NORMAL    RECORD    YEAR
 MAXIMUM TEMPERATURE (F)   75        98      1911
 MINIMUM TEMPERATURE (F)   54        32      2009


SUNRISE AND SUNSET
MAY 20 2024...........SUNRISE   5:46 AM EDT   SUNSET   8:11 PM EDT
MAY 21 2024...........SUNRISE   5:46 AM EDT   SUNSET   8:12 PM EDT


-  INDICATES NEGATIVE NUMBERS.
R  INDICATES RECORD WAS SET OR TIED.
MM INDICATES DATA IS MISSING.
T  INDICATES TRACE AMOUNT.




$$