000
CDUS41 KAKQ 040545
CLISBY


CLIMATE REPORT
NATIONAL WEATHER SERVICE WAKEFIELD, VA
145 AM EDT TUE AUG 4 2020


...................................

...THE SALISBURY MD CLIMATE SUMMARY FOR AUGUST 3 2020...

CLIMATE NORMAL PERIOD 1981 TO 2010
CLIMATE RECORD PERIOD 1900 TO 2020


WEATHER ITEM   OBSERVED TIME   RECORD YEAR NORMAL DEPARTURE LAST
                VALUE   (LST)  VALUE       VALUE  FROM      YEAR
                                                  NORMAL
..................................................................
TEMPERATURE (F)
 YESTERDAY
  MAXIMUM         91   1259 PM  97    2006  86      5       87
  MINIMUM         76   1136 PM  51    1913  67      9       70
  AVERAGE         84                        76      8       79

PRECIPITATION (IN)
  YESTERDAY        T             4.18 1948   0.16  -0.16     0.00
  MONTH TO DATE    T                         0.48  -0.48     0.35
  SINCE JUN 1      8.86                      8.57   0.29     7.80
  SINCE JAN 1     24.93                     27.12  -2.19    25.50

SNOWFALL (IN)
  YESTERDAY        0.0           0.0  2002   0.0    0.0
                                      2001
  MONTH TO DATE    0.0                       0.0    0.0
  SINCE NOV 1      0.5                       9.3   -8.8
  SINCE JUL 1      0.0                       0.0    0.0
  SNOW DEPTH       0

DEGREE DAYS
 HEATING
  YESTERDAY        0                         0      0        0
  MONTH TO DATE    0                         0      0        0
  SINCE JUN 1      5                        20    -15        5
  SINCE JUL 1      0                         1     -1        0

 COOLING
  YESTERDAY       19                        11      8       14
  MONTH TO DATE   56                        33     23       38
  SINCE JUN 1    866                       624    242      809
  SINCE JAN 1    941                       708    233     1007
..................................................................


WIND (MPH)
  HIGHEST WIND SPEED    31   HIGHEST WIND DIRECTION     S (170)
  HIGHEST GUST SPEED    39   HIGHEST GUST DIRECTION     S (190)
  AVERAGE WIND SPEED     6.9


SKY COVER
  POSSIBLE SUNSHINE  MM
  AVERAGE SKY COVER 0.2


WEATHER CONDITIONS
 THE FOLLOWING WEATHER WAS RECORDED YESTERDAY.
  THUNDERSTORM
  LIGHT RAIN


RELATIVE HUMIDITY (PERCENT)
 HIGHEST    88           800 PM
 LOWEST     59          1200 PM
 AVERAGE    74

..........................................................


THE SALISBURY MD CLIMATE NORMALS FOR TODAY
                         NORMAL    RECORD    YEAR
 MAXIMUM TEMPERATURE (F)   86        98      1995
 MINIMUM TEMPERATURE (F)   67        55      1985


SUNRISE AND SUNSET
AUGUST  4 2020........SUNRISE   607 AM EDT   SUNSET   808 PM EDT
AUGUST  5 2020........SUNRISE   608 AM EDT   SUNSET   807 PM EDT


-  INDICATES NEGATIVE NUMBERS.
R  INDICATES RECORD WAS SET OR TIED.
MM INDICATES DATA IS MISSING.
T  INDICATES TRACE AMOUNT.




$$
