000
CDUS41 KAKQ 160531
CLISBY


CLIMATE REPORT
NATIONAL WEATHER SERVICE WAKEFIELD, VA
130 AM EDT TUE JUL 16 2019


...................................

...THE SALISBURY MD CLIMATE SUMMARY FOR JULY 15 2019...

CLIMATE NORMAL PERIOD 1981 TO 2010
CLIMATE RECORD PERIOD 1900 TO 2019


WEATHER ITEM   OBSERVED TIME   RECORD YEAR NORMAL DEPARTURE LAST
                VALUE   (LST)  VALUE       VALUE  FROM      YEAR
                                                  NORMAL
..................................................................
TEMPERATURE (F)
 YESTERDAY
  MAXIMUM         90    431 PM 100    1995  87      3       90
  MINIMUM         71    507 AM  48    1940  67      4       64
  AVERAGE         81                        77      4       77

PRECIPITATION (IN)
  YESTERDAY        0.00          2.19 1959   0.15  -0.15     0.00
  MONTH TO DATE    1.76                      1.89  -0.13     0.59
  SINCE JUN 1      5.23                      5.60  -0.37     4.76
  SINCE JAN 1     22.93                     24.15  -1.22    26.15

SNOWFALL (IN)
  YESTERDAY        0.0           0.0  2002   0.0    0.0
                                      2001
  MONTH TO DATE    0.0                       0.0    0.0
  SINCE NOV 1      5.3                       9.3   -4.0
  SINCE JUL 1      0.0                       0.0    0.0
  SNOW DEPTH       0

DEGREE DAYS
 HEATING
  YESTERDAY        0                         0      0        0
  MONTH TO DATE    0                         0      0        0
  SINCE JUN 1      5                        19    -14        3
  SINCE JUL 1      0                         0      0        0

 COOLING
  YESTERDAY       16                        12      4       12
  MONTH TO DATE  224                       175     49      176
  SINCE JUN 1    517                       402    115      445
  SINCE JAN 1    715                       486    229      613
..................................................................


WIND (MPH)
  HIGHEST WIND SPEED    12   HIGHEST WIND DIRECTION    SE (120)
  HIGHEST GUST SPEED    15   HIGHEST GUST DIRECTION    NW (330)
  AVERAGE WIND SPEED     4.2


SKY COVER
  POSSIBLE SUNSHINE  MM
  AVERAGE SKY COVER 0.1


WEATHER CONDITIONS
 THE FOLLOWING WEATHER WAS RECORDED YESTERDAY.
  NO SIGNIFICANT WEATHER WAS OBSERVED.


RELATIVE HUMIDITY (PERCENT)
 HIGHEST    90           300 AM
 LOWEST     36           600 PM
 AVERAGE    63

..........................................................


THE SALISBURY MD CLIMATE NORMALS FOR TODAY
                         NORMAL    RECORD    YEAR
 MAXIMUM TEMPERATURE (F)   87        99      1915
 MINIMUM TEMPERATURE (F)   67        55      2004
                                             2001
                                             1960


SUNRISE AND SUNSET
JULY 16 2019..........SUNRISE   551 AM EDT   SUNSET   825 PM EDT
JULY 17 2019..........SUNRISE   552 AM EDT   SUNSET   824 PM EDT


-  INDICATES NEGATIVE NUMBERS.
R  INDICATES RECORD WAS SET OR TIED.
MM INDICATES DATA IS MISSING.
T  INDICATES TRACE AMOUNT.




$$
