817
CDUS46 KSTO 190842
CLISCK


CLIMATE REPORT
NATIONAL WEATHER SERVICE SACRAMENTO, CA
142 AM PDT FRI OCT 19 2018


...................................

...THE STOCKTON AIRPORT CA CLIMATE SUMMARY FOR OCTOBER 18 2018...

CLIMATE NORMAL PERIOD 1981 TO 2010
CLIMATE RECORD PERIOD 1948 TO 2018


WEATHER ITEM   OBSERVED TIME   RECORD YEAR NORMAL DEPARTURE LAST
                VALUE   (LST)  VALUE       VALUE  FROM      YEAR
                                                  NORMAL
..................................................................
TEMPERATURE (F)
 YESTERDAY
  MAXIMUM         82    356 PM  92    1961  77      5       84
  MINIMUM         47    642 AM  40    1998  49     -2       43
                                      1971
  AVERAGE         65

PRECIPITATION (IN)
  YESTERDAY        0.00          0.23 1953   0.03  -0.03     0.00
  MONTH TO DATE    1.28                      0.35   0.93     0.00
  SINCE OCT 1      1.28                      0.35   0.93     0.00
  SINCE JAN 1      9.54                      9.68  -0.14    15.63

SNOWFALL (IN)
  YESTERDAY        0.0           0.0  2002
                                      2001
  MONTH TO DATE    0.0
  SINCE SEP 1      0.0
  SINCE JUL 1      0.0
  SNOW DEPTH       0

DEGREE DAYS
 HEATING
  YESTERDAY        0                         3     -3        1
  MONTH TO DATE    5                        30    -25       17
  SINCE SEP 1      5                        36    -31       20
  SINCE JUL 1      5                        36    -31       20

 COOLING
  YESTERDAY        0                         1     -1        0
  MONTH TO DATE   51                        47      4       22
  SINCE SEP 1    267                       269     -2      337
  SINCE JAN 1   1525                      1313    212     1768
..................................................................


WIND (MPH)
  RESULTANT WIND SPEED   2   RESULTANT WIND DIRECTION  NW (310)
  HIGHEST WIND SPEED     9   HIGHEST WIND DIRECTION    NW (320)
  HIGHEST GUST SPEED    15   HIGHEST GUST DIRECTION     W (280)


SKY COVER
  POSSIBLE SUNSHINE  MM
  AVERAGE SKY COVER 0.0


WEATHER CONDITIONS
 THE FOLLOWING WEATHER WAS RECORDED YESTERDAY.
  FOG
  HAZE


RELATIVE HUMIDITY (PERCENT)
 HIGHEST    86           600 AM
 LOWEST     20           400 PM
 AVERAGE    53

..........................................................


THE STOCKTON AIRPORT CA CLIMATE NORMALS FOR TODAY
                         NORMAL    RECORD    YEAR
 MAXIMUM TEMPERATURE (F)   77        90      1995
 MINIMUM TEMPERATURE (F)   49        40      1949


SUNRISE AND SUNSET
OCTOBER 19 2018.......SUNRISE   717 AM PDT   SUNSET   622 PM PDT
OCTOBER 20 2018.......SUNRISE   718 AM PDT   SUNSET   620 PM PDT


-  INDICATES NEGATIVE NUMBERS.
R  INDICATES RECORD WAS SET OR TIED.
MM INDICATES DATA IS MISSING.
T  INDICATES TRACE AMOUNT.




$$
