000
CDUS46 KSTO 240043
CLISCK


CLIMATE REPORT
NATIONAL WEATHER SERVICE SACRAMENTO, CA
541 PM PDT WED MAY 23 2018


...................................

...THE STOCKTON AIRPORT CA CLIMATE SUMMARY FOR MAY 23 2018...
VALID TODAY AS OF 0500 PM LOCAL TIME.

CLIMATE NORMAL PERIOD 1981 TO 2010
CLIMATE RECORD PERIOD 1948 TO 2018


WEATHER ITEM   OBSERVED TIME   RECORD YEAR NORMAL DEPARTURE LAST
                VALUE   (LST)  VALUE       VALUE  FROM      YEAR
                                                  NORMAL
..................................................................
TEMPERATURE (F)
 TODAY
  MAXIMUM         79    302 PM 102    1982  83     -4      101
  MINIMUM         55    450 AM  44    1960  53      2       62
  AVERAGE         67

PRECIPITATION (IN)
  TODAY            0.00          0.36 1990   0.02  -0.02     0.00
  MONTH TO DATE    T                         0.43  -0.43      T
  SINCE OCT 1      9.09                     13.58  -4.49    21.68
  SINCE JAN 1      8.13                      8.85  -0.72    15.52

SNOWFALL (IN)
  TODAY            0.0          MM      MM
  MONTH TO DATE    0.0
  SINCE MAR 1      0.0
  SINCE JUL 1      0.0

DEGREE DAYS
 HEATING
  TODAY            0                         1     -1        0
  MONTH TO DATE    3                        51    -48       24
  SINCE MAR 1    432                       565   -133      399
  SINCE JUL 1   2017                      2627   -610     2108

 COOLING
  TODAY            2                         4     -2       17
  MONTH TO DATE   75                        65     10      125
  SINCE MAR 1     93                        82     11      127
  SINCE JAN 1     93                        82     11      127
..................................................................


WIND (MPH)
  RESULTANT WIND SPEED  10   RESULTANT WIND DIRECTION   W (280)
  HIGHEST WIND SPEED    18   HIGHEST WIND DIRECTION     W (290)
  HIGHEST GUST SPEED    23   HIGHEST GUST DIRECTION    NW (300)


SKY COVER
  POSSIBLE SUNSHINE  MM
  AVERAGE SKY COVER 0.2


WEATHER CONDITIONS
 THE FOLLOWING WEATHER WAS RECORDED TODAY.
  LIGHT RAIN


RELATIVE HUMIDITY (PERCENT)
 HIGHEST    83           200 AM
 LOWEST     39           100 PM
 AVERAGE    61

..........................................................


THE STOCKTON AIRPORT CA CLIMATE NORMALS FOR TOMORROW
                         NORMAL    RECORD    YEAR
 MAXIMUM TEMPERATURE (F)   83       104      1982
 MINIMUM TEMPERATURE (F)   53        41      1953


SUNRISE AND SUNSET
MAY 23 2018...........SUNRISE   549 AM PDT   SUNSET   815 PM PDT
MAY 24 2018...........SUNRISE   548 AM PDT   SUNSET   816 PM PDT


-  INDICATES NEGATIVE NUMBERS.
R  INDICATES RECORD WAS SET OR TIED.
MM INDICATES DATA IS MISSING.
T  INDICATES TRACE AMOUNT.




$$
