000
CDUS46 KSTO 270915
CLISCK


CLIMATE REPORT
NATIONAL WEATHER SERVICE SACRAMENTO, CA
214 AM PDT SUN MAY 27 2018


...................................

...THE STOCKTON AIRPORT CA CLIMATE SUMMARY FOR MAY 26 2018...

CLIMATE NORMAL PERIOD 1981 TO 2010
CLIMATE RECORD PERIOD 1948 TO 2018


WEATHER ITEM   OBSERVED TIME   RECORD YEAR NORMAL DEPARTURE LAST
                VALUE   (LST)  VALUE       VALUE  FROM      YEAR
                                                  NORMAL
..................................................................
TEMPERATURE (F)
 YESTERDAY
  MAXIMUM         80    351 PM 101    1974  84     -4       74
  MINIMUM         52    441 AM  43    2011  53     -1       51
                                      1998
  AVERAGE         66

PRECIPITATION (IN)
  YESTERDAY        0.00          0.14 1962   0.01  -0.01     0.00
  MONTH TO DATE    0.13                      0.47  -0.34      T
  SINCE OCT 1      9.22                     13.62  -4.40    21.68
  SINCE JAN 1      8.26                      8.89  -0.63    15.52

SNOWFALL (IN)
  YESTERDAY        0.0          MM      MM
  MONTH TO DATE    0.0
  SINCE MAR 1      0.0
  SINCE JUL 1      0.0
  SNOW DEPTH       0

DEGREE DAYS
 HEATING
  YESTERDAY        0                         1     -1        2
  MONTH TO DATE    7                        54    -47       26
  SINCE MAR 1    436                       568   -132      401
  SINCE JUL 1   2021                      2630   -609     2110

 COOLING
  YESTERDAY        1                         4     -3        0
  MONTH TO DATE   78                        77      1      135
  SINCE MAR 1     96                        94      2      137
  SINCE JAN 1     96                        94      2      137
..................................................................


WIND (MPH)
  RESULTANT WIND SPEED  10   RESULTANT WIND DIRECTION   W (290)
  HIGHEST WIND SPEED    17   HIGHEST WIND DIRECTION    NW (300)
  HIGHEST GUST SPEED    23   HIGHEST GUST DIRECTION    NW (310)


SKY COVER
  POSSIBLE SUNSHINE  MM
  AVERAGE SKY COVER 0.5


WEATHER CONDITIONS
 THE FOLLOWING WEATHER WAS RECORDED YESTERDAY.
  NO SIGNIFICANT WEATHER WAS OBSERVED.


RELATIVE HUMIDITY (PERCENT)
 HIGHEST    89          1200 AM
 LOWEST     39           400 PM
 AVERAGE    64

..........................................................


THE STOCKTON AIRPORT CA CLIMATE NORMALS FOR TODAY
                         NORMAL    RECORD    YEAR
 MAXIMUM TEMPERATURE (F)   84       102      1984
 MINIMUM TEMPERATURE (F)   54        43      1998


SUNRISE AND SUNSET
MAY 27 2018...........SUNRISE   547 AM PDT   SUNSET   818 PM PDT
MAY 28 2018...........SUNRISE   546 AM PDT   SUNSET   819 PM PDT


-  INDICATES NEGATIVE NUMBERS.
R  INDICATES RECORD WAS SET OR TIED.
MM INDICATES DATA IS MISSING.
T  INDICATES TRACE AMOUNT.




$$
