200
CDUS46 KSTO 140843
CLISCK


CLIMATE REPORT
NATIONAL WEATHER SERVICE SACRAMENTO, CA
143 AM PDT MON OCT 14 2019


...................................

...THE STOCKTON AIRPORT CA CLIMATE SUMMARY FOR OCTOBER 13 2019...

CLIMATE NORMAL PERIOD 1981 TO 2010
CLIMATE RECORD PERIOD 1948 TO 2019


WEATHER ITEM   OBSERVED TIME   RECORD YEAR NORMAL DEPARTURE LAST
                VALUE   (LST)  VALUE       VALUE  FROM      YEAR
                                                  NORMAL
..................................................................
TEMPERATURE (F)
 YESTERDAY
  MAXIMUM         81    345 PM  98    2015  79      2       85
  MINIMUM         43    554 AM  37    2008  51     -8       49
  AVERAGE         62

PRECIPITATION (IN)
  YESTERDAY        0.00          1.46 2009   0.02  -0.02     0.00
  MONTH TO DATE    0.00                      0.21  -0.21     1.28
  SINCE OCT 1      0.00                      0.21  -0.21     1.28
  SINCE JAN 1     12.72                      9.54   3.18     9.54

SNOWFALL (IN)
  YESTERDAY        0.0           0.0  2002
                                      2001
  MONTH TO DATE    0.0
  SINCE SEP 1      0.0
  SINCE JUL 1      0.0
  SNOW DEPTH       0

DEGREE DAYS
 HEATING
  YESTERDAY        3                         2      1        0
  MONTH TO DATE   19                        17      2        2
  SINCE SEP 1     28                        23      5        2
  SINCE JUL 1     28                        23      5        2

 COOLING
  YESTERDAY        0                         2     -2        2
  MONTH TO DATE   20                        40    -20       49
  SINCE SEP 1    297                       262     35      265
  SINCE JAN 1   1665                      1306    359     1523
..................................................................


WIND (MPH)
  RESULTANT WIND SPEED   3   RESULTANT WIND DIRECTION  NW (300)
  HIGHEST WIND SPEED    12   HIGHEST WIND DIRECTION     W (290)
  HIGHEST GUST SPEED    14   HIGHEST GUST DIRECTION     W (270)


SKY COVER
  POSSIBLE SUNSHINE  MM
  AVERAGE SKY COVER 0.0


WEATHER CONDITIONS
 THE FOLLOWING WEATHER WAS RECORDED YESTERDAY.
  HAZE


RELATIVE HUMIDITY (PERCENT)
 HIGHEST    76           400 AM
 LOWEST     17           300 PM
 AVERAGE    47

..........................................................


THE STOCKTON AIRPORT CA CLIMATE NORMALS FOR TODAY
                         NORMAL    RECORD    YEAR
 MAXIMUM TEMPERATURE (F)   79        96      1961
 MINIMUM TEMPERATURE (F)   50        39      1966


SUNRISE AND SUNSET
OCTOBER 14 2019.......SUNRISE   712 AM PDT   SUNSET   629 PM PDT
OCTOBER 15 2019.......SUNRISE   713 AM PDT   SUNSET   628 PM PDT


-  INDICATES NEGATIVE NUMBERS.
R  INDICATES RECORD WAS SET OR TIED.
MM INDICATES DATA IS MISSING.
T  INDICATES TRACE AMOUNT.




$$
