000
CDUS46 KSTO 260846
CLISCK


CLIMATE REPORT
NATIONAL WEATHER SERVICE SACRAMENTO, CA
146 AM PDT MON OCT 26 2020


...................................

...THE STOCKTON AIRPORT CA CLIMATE SUMMARY FOR OCTOBER 25 2020...

CLIMATE NORMAL PERIOD 1981 TO 2010
CLIMATE RECORD PERIOD 1948 TO 2020


WEATHER ITEM   OBSERVED TIME   RECORD YEAR NORMAL DEPARTURE LAST
                VALUE   (LST)  VALUE       VALUE  FROM      YEAR
                                                  NORMAL
..................................................................
TEMPERATURE (F)
 YESTERDAY
  MAXIMUM         72    320 PM  90    2017  74     -2       87
                                      1959
  MINIMUM         49    613 AM  36    1956  47      2       47
                                      1954
                                      1949
  AVERAGE         61

PRECIPITATION (IN)
  YESTERDAY        0.00          0.92 1982   0.03  -0.03     0.00
  MONTH TO DATE    0.00                      0.56  -0.56     0.00
  SINCE OCT 1      0.00                      0.56  -0.56     0.00
  SINCE JAN 1      4.03                      9.89  -5.86    12.72

SNOWFALL (IN)
  YESTERDAY        0.0           0.0  2001
  MONTH TO DATE    0.0
  SINCE SEP 1      0.0
  SINCE JUL 1      0.0
  SNOW DEPTH       0

DEGREE DAYS
 HEATING
  YESTERDAY        4                         5     -1        0
  MONTH TO DATE    7                        57    -50       28
  SINCE SEP 1      7                        63    -56       37
  SINCE JUL 1      7                        63    -56       37

 COOLING
  YESTERDAY        0                         0      0        2
  MONTH TO DATE  184                        52    132       39
  SINCE SEP 1    557                       274    283      316
  SINCE JAN 1   2083                      1318    765     1684
..................................................................


WIND (MPH)
  RESULTANT WIND SPEED   8   RESULTANT WIND DIRECTION  NW (330)
  HIGHEST WIND SPEED    29   HIGHEST WIND DIRECTION     N (350)
  HIGHEST GUST SPEED    34   HIGHEST GUST DIRECTION     N (340)


SKY COVER
  POSSIBLE SUNSHINE  MM
  AVERAGE SKY COVER 0.1


WEATHER CONDITIONS
 THE FOLLOWING WEATHER WAS RECORDED YESTERDAY.
  FOG


RELATIVE HUMIDITY (PERCENT)
 HIGHEST    96           300 AM
 LOWEST     14          1100 PM
 AVERAGE    55

..........................................................


THE STOCKTON AIRPORT CA CLIMATE NORMALS FOR TODAY
                         NORMAL    RECORD    YEAR
 MAXIMUM TEMPERATURE (F)   74        89      2017
 MINIMUM TEMPERATURE (F)   47        34      1954


SUNRISE AND SUNSET
OCTOBER 26 2020.......SUNRISE   725 AM PDT   SUNSET   612 PM PDT
OCTOBER 27 2020.......SUNRISE   726 AM PDT   SUNSET   611 PM PDT


-  INDICATES NEGATIVE NUMBERS.
R  INDICATES RECORD WAS SET OR TIED.
MM INDICATES DATA IS MISSING.
T  INDICATES TRACE AMOUNT.




$$
