000
CDUS46 KSTO 200847
CLISCK


CLIMATE REPORT
NATIONAL WEATHER SERVICE SACRAMENTO, CA
1247 AM PST SUN JAN 20 2019


...................................

...THE STOCKTON AIRPORT CA CLIMATE SUMMARY FOR JANUARY 19 2019...

CLIMATE NORMAL PERIOD 1981 TO 2010
CLIMATE RECORD PERIOD 1948 TO 2019


WEATHER ITEM   OBSERVED TIME   RECORD YEAR NORMAL DEPARTURE LAST
                VALUE   (LST)  VALUE       VALUE  FROM      YEAR
                                                  NORMAL
..................................................................
TEMPERATURE (F)
 YESTERDAY
  MAXIMUM         69    249 PM  71    1981  54     15       60
  MINIMUM         53   1159 PM  28    2007  38     15       44
                                      1976
  AVERAGE         61

PRECIPITATION (IN)
  YESTERDAY        T             0.95 2016   0.09  -0.09      T
  MONTH TO DATE    1.81                      1.66   0.15     2.70
  SINCE OCT 1      7.69                      6.39   1.30     3.66
  SINCE JAN 1      1.81                      1.66   0.15     2.70

SNOWFALL (IN)
  YESTERDAY        0.0          MM      MM
  MONTH TO DATE    0.0
  SINCE DEC 1      0.0
  SINCE JUL 1      0.0
  SNOW DEPTH       0

DEGREE DAYS
 HEATING
  YESTERDAY        4                        19    -15       13
  MONTH TO DATE  264                       376   -112      226
  SINCE DEC 1    728                       979   -251      757
  SINCE JUL 1   1042                      1436   -394     1061

 COOLING
  YESTERDAY        0                         0      0        0
  MONTH TO DATE    0                         0      0        0
  SINCE DEC 1      0                         0      0        0
  SINCE JAN 1      0                         0      0        0
..................................................................


WIND (MPH)
  RESULTANT WIND SPEED   3   RESULTANT WIND DIRECTION  SE (120)
  HIGHEST WIND SPEED     9   HIGHEST WIND DIRECTION    SE (150)
  HIGHEST GUST SPEED    11   HIGHEST GUST DIRECTION    SE (130)


SKY COVER
  POSSIBLE SUNSHINE  MM
  AVERAGE SKY COVER 0.5


WEATHER CONDITIONS
 THE FOLLOWING WEATHER WAS RECORDED YESTERDAY.
  LIGHT RAIN
  FOG


RELATIVE HUMIDITY (PERCENT)
 HIGHEST    93           400 AM
 LOWEST     49           300 PM
 AVERAGE    71

..........................................................


THE STOCKTON AIRPORT CA CLIMATE NORMALS FOR TODAY
                         NORMAL    RECORD    YEAR
 MAXIMUM TEMPERATURE (F)   54        68      2009
 MINIMUM TEMPERATURE (F)   38        26      1963


SUNRISE AND SUNSET
JANUARY 20 2019.......SUNRISE   717 AM PST   SUNSET   515 PM PST
JANUARY 21 2019.......SUNRISE   717 AM PST   SUNSET   516 PM PST


-  INDICATES NEGATIVE NUMBERS.
R  INDICATES RECORD WAS SET OR TIED.
MM INDICATES DATA IS MISSING.
T  INDICATES TRACE AMOUNT.




$$
