000
CDUS46 KSTO 220044
CLISCK


CLIMATE REPORT
NATIONAL WEATHER SERVICE SACRAMENTO, CA
443 PM PST FRI FEB 21 2020


...................................

...THE STOCKTON AIRPORT CA CLIMATE SUMMARY FOR FEBRUARY 21 2020...
VALID TODAY AS OF 0400 PM LOCAL TIME.

CLIMATE NORMAL PERIOD 1981 TO 2010
CLIMATE RECORD PERIOD 1948 TO 2020


WEATHER ITEM   OBSERVED TIME   RECORD YEAR NORMAL DEPARTURE LAST
                VALUE   (LST)  VALUE       VALUE  FROM      YEAR
                                                  NORMAL
..................................................................
TEMPERATURE (F)
 TODAY
  MAXIMUM         73R   236 PM  73    1995  62     11       58
                                      1985
  MINIMUM         43    719 AM  27    1953  41      2       39
  AVERAGE         58

PRECIPITATION (IN)
  TODAY            0.00          0.68 1959   0.09  -0.09     0.02
  MONTH TO DATE    0.00                      1.94  -1.94     3.61
  SINCE OCT 1      5.27                      9.41  -4.14    11.53
  SINCE JAN 1      0.95                      4.68  -3.73     5.65

SNOWFALL (IN)
  TODAY            0.0          MM      MM
  MONTH TO DATE    0.0
  SINCE DEC 1      0.0
  SINCE JUL 1      0.0

DEGREE DAYS
 HEATING
  TODAY            7                        13     -6       16
  MONTH TO DATE  269                       319    -50      350
  SINCE DEC 1   1137                      1517   -380     1223
  SINCE JUL 1   1471                      1974   -503     1537

 COOLING
  TODAY            0                         0      0        0
  MONTH TO DATE    0                         0      0        0
  SINCE DEC 1      0                         0      0        0
  SINCE JAN 1      0                         0      0        0
..................................................................


WIND (MPH)
  RESULTANT WIND SPEED   6   RESULTANT WIND DIRECTION   W (290)
  HIGHEST WIND SPEED    10   HIGHEST WIND DIRECTION    NW (310)
  HIGHEST GUST SPEED    13   HIGHEST GUST DIRECTION    NW (300)


SKY COVER
  POSSIBLE SUNSHINE  MM
  AVERAGE SKY COVER 0.0


WEATHER CONDITIONS
 THE FOLLOWING WEATHER WAS RECORDED TODAY.
  HAZE


RELATIVE HUMIDITY (PERCENT)
 HIGHEST    82           700 AM
 LOWEST     37           200 PM
 AVERAGE    60

..........................................................


THE STOCKTON AIRPORT CA CLIMATE NORMALS FOR TOMORROW
                         NORMAL    RECORD    YEAR
 MAXIMUM TEMPERATURE (F)   63        74      1985
 MINIMUM TEMPERATURE (F)   41        28      1951


SUNRISE AND SUNSET
FEBRUARY 21 2020......SUNRISE   648 AM PST   SUNSET   550 PM PST
FEBRUARY 22 2020......SUNRISE   647 AM PST   SUNSET   551 PM PST


-  INDICATES NEGATIVE NUMBERS.
R  INDICATES RECORD WAS SET OR TIED.
MM INDICATES DATA IS MISSING.
T  INDICATES TRACE AMOUNT.




$$
