639
CDUS46 KSTO 290835
CLISCK

CLIMATE REPORT
NATIONAL WEATHER SERVICE SACRAMENTO
135 AM PDT WED MAY 29 2024

...................................

...THE STOCKTON AIRPORT CA CLIMATE SUMMARY FOR MAY 28 2024...

CLIMATE NORMAL PERIOD: 1991 TO 2020
CLIMATE RECORD PERIOD: 1948 TO 2024


WEATHER ITEM   OBSERVED TIME   RECORD YEAR NORMAL DEPARTURE LAST
                VALUE   (LST)  VALUE       VALUE  FROM      YEAR
                                                  NORMAL
...................................................................
TEMPERATURE (F)
 YESTERDAY
  MAXIMUM         88   2:38 PM 107    1984  86      2       79
  MINIMUM         54   5:17 AM  42    2010  55     -1       56
  AVERAGE         71                        70      1       68

PRECIPITATION (IN)
  YESTERDAY        0.00          0.72 1998   0.01  -0.01     0.00
  MONTH TO DATE    0.48                      0.53  -0.05     0.34
  SINCE OCT 1     14.35                     13.22   1.13    23.21
  SINCE JAN 1     10.91                      8.72   2.19    13.47

DEGREE DAYS
 HEATING
  YESTERDAY        0                         1     -1        0
  MONTH TO DATE   40                        41     -1       77
  SINCE MAR 1    455                       457     -2      677
  SINCE JUL 1   1949                      2256   -307     2669

 COOLING
  YESTERDAY        6                         6      0        3
  MONTH TO DATE   94                       106    -12       90
  SINCE MAR 1    109                       131    -22      122
  SINCE JAN 1    109                       131    -22      122
...................................................................


WIND (MPH)
  RESULTANT WIND SPEED   6   RESULTANT WIND DIRECTION   W (270)
  HIGHEST WIND SPEED    23   HIGHEST WIND DIRECTION     W (260)
  HIGHEST GUST SPEED    29   HIGHEST GUST DIRECTION     W (260)
  AVERAGE WIND SPEED     8.7


WEATHER CONDITIONS
THE FOLLOWING WEATHER WAS RECORDED YESTERDAY.
  NO SIGNIFICANT WEATHER WAS OBSERVED.


RELATIVE HUMIDITY (PERCENT)
 HIGHEST    83           5:00 AM
 LOWEST     27           4:00 PM
 AVERAGE    55

..........................................................


THE STOCKTON AIRPORT CA CLIMATE NORMALS FOR TODAY
                         NORMAL    RECORD    YEAR
 MAXIMUM TEMPERATURE (F)   86       103      1973
 MINIMUM TEMPERATURE (F)   55        40      1898


SUNRISE AND SUNSET
MAY 29 2024...........SUNRISE   5:45 AM PDT   SUNSET   8:20 PM PDT
MAY 30 2024...........SUNRISE   5:45 AM PDT   SUNSET   8:21 PM PDT


-  INDICATES NEGATIVE NUMBERS.
R  INDICATES RECORD WAS SET OR TIED.
MM INDICATES DATA IS MISSING.
T  INDICATES TRACE AMOUNT.




$$