000
CDUS46 KLOX 210112
CLISDB


CLIMATE REPORT
NATIONAL WEATHER SERVICE LOS ANGELES/OXNARD CA
611 PM PDT SUN OCT 20 2019


...................................

...THE SANDBERG CA CLIMATE SUMMARY FOR OCTOBER 20 2019...
VALID TODAY AS OF 0600 PM LOCAL TIME.

CLIMATE NORMAL PERIOD 1981 TO 2010
CLIMATE RECORD PERIOD 1934 TO 2019


WEATHER ITEM   OBSERVED TIME   RECORD YEAR NORMAL DEPARTURE LAST
                VALUE   (LST)  VALUE       VALUE  FROM      YEAR
                                                  NORMAL
..................................................................
TEMPERATURE (F)
 TODAY
  MAXIMUM         61   1206 PM  87    2003  66     -5       74
  MINIMUM         47    640 AM  31    1949  50     -3       56
  AVERAGE         54                        58     -4       65

PRECIPITATION (IN)
  TODAY            0.00          0.11 1957   0.02  -0.02     0.00
  MONTH TO DATE    0.00                      0.33  -0.33     0.05
  SINCE OCT 1      0.00                      0.33  -0.33     0.05
  SINCE JAN 1     14.94                      9.03   5.91     6.95

DEGREE DAYS
 HEATING
  TODAY           11                         8      3        0
  MONTH TO DATE  118                       119     -1       86
  SINCE SEP 1    203                       180     23       86
  SINCE JUL 1    203                       197      6       86

 COOLING
  TODAY            0                         1     -1        0
  MONTH TO DATE   29                        42    -13        7
  SINCE SEP 1    218                       231    -13      304
  SINCE JAN 1   1115                       988    127     1401
..................................................................


WIND (MPH)
  HIGHEST WIND SPEED    43   HIGHEST WIND DIRECTION    NW (320)
  HIGHEST GUST SPEED    52   HIGHEST GUST DIRECTION    NW (330)
  AVERAGE WIND SPEED    22.5


SKY COVER
  POSSIBLE SUNSHINE  MM
  AVERAGE SKY COVER 0.3


WEATHER CONDITIONS
 THE FOLLOWING WEATHER WAS RECORDED TODAY.
  NO SIGNIFICANT WEATHER WAS OBSERVED.


RELATIVE HUMIDITY (PERCENT)
 HIGHEST    86           600 AM
 LOWEST     46           300 PM
 AVERAGE    66

..........................................................


THE SANDBERG CA CLIMATE NORMALS FOR TOMORROW
                         NORMAL    RECORD    YEAR
 MAXIMUM TEMPERATURE (F)   66        85      2003
 MINIMUM TEMPERATURE (F)   50        33      1957


SUNRISE AND SUNSET
OCTOBER 20 2019.......SUNRISE   705 AM PDT   SUNSET   614 PM PDT
OCTOBER 21 2019.......SUNRISE   706 AM PDT   SUNSET   613 PM PDT


-  INDICATES NEGATIVE NUMBERS.
R  INDICATES RECORD WAS SET OR TIED.
MM INDICATES DATA IS MISSING.
T  INDICATES TRACE AMOUNT.




$$
