116
CDUS46 KLOX 210907
CLISDB


CLIMATE REPORT
NATIONAL WEATHER SERVICE LOS ANGELES/OXNARD CA
207 AM PDT FRI SEP 21 2018


...................................

...THE SANDBERG CA CLIMATE SUMMARY FOR SEPTEMBER 20 2018...

CLIMATE NORMAL PERIOD 1981 TO 2010
CLIMATE RECORD PERIOD 1934 TO 2018


WEATHER ITEM   OBSERVED TIME   RECORD YEAR NORMAL DEPARTURE LAST
                VALUE   (LST)  VALUE       VALUE  FROM      YEAR
                                                  NORMAL
..................................................................
TEMPERATURE (F)
 YESTERDAY
  MAXIMUM         88    151 PM  93    2015  78     10       75
  MINIMUM         59    121 AM  37    1968  59      0       51
  AVERAGE         74                        68      6       63

PRECIPITATION (IN)
  YESTERDAY        0.00          0.28 2005   0.01  -0.01     0.00
  MONTH TO DATE    0.00                      0.09  -0.09     0.18
  SINCE OCT 1      6.95                     12.25  -5.30    13.85
  SINCE JAN 1      6.90                      8.62  -1.72    10.01

DEGREE DAYS
 HEATING
  YESTERDAY        0                         2     -2        2
  MONTH TO DATE    0                        28    -28       15
  SINCE SEP 1      0                        28    -28       15
  SINCE JUL 1      0                        45    -45       16

 COOLING
  YESTERDAY        9                         6      3        0
  MONTH TO DATE  198                       142     56      171
  SINCE SEP 1    198                       142     56      171
  SINCE JAN 1   1295                       899    396     1643
..................................................................


WIND (MPH)
  HIGHEST WIND SPEED    21   HIGHEST WIND DIRECTION     N (350)
  HIGHEST GUST SPEED    26   HIGHEST GUST DIRECTION     N (340)
  AVERAGE WIND SPEED    11.4


SKY COVER
  POSSIBLE SUNSHINE  MM
  AVERAGE SKY COVER 0.0


WEATHER CONDITIONS
 THE FOLLOWING WEATHER WAS RECORDED YESTERDAY.
  NO SIGNIFICANT WEATHER WAS OBSERVED.


RELATIVE HUMIDITY (PERCENT)
 HIGHEST    52           900 PM
 LOWEST      7           200 PM
 AVERAGE    30

..........................................................


THE SANDBERG CA CLIMATE NORMALS FOR TODAY
                         NORMAL    RECORD    YEAR
 MAXIMUM TEMPERATURE (F)   77        90      2011
                                             2002
 MINIMUM TEMPERATURE (F)   59        40      1968


SUNRISE AND SUNSET
SEPTEMBER 21 2018.....SUNRISE   642 AM PDT   SUNSET   653 PM PDT
SEPTEMBER 22 2018.....SUNRISE   643 AM PDT   SUNSET   652 PM PDT


-  INDICATES NEGATIVE NUMBERS.
R  INDICATES RECORD WAS SET OR TIED.
MM INDICATES DATA IS MISSING.
T  INDICATES TRACE AMOUNT.




$$
