000
CDUS46 KLOX 190858
CLISDB


CLIMATE REPORT
NATIONAL WEATHER SERVICE LOS ANGELES/OXNARD CA
158 AM PDT TUE JUN 19 2018


...................................

...THE SANDBERG CA CLIMATE SUMMARY FOR JUNE 18 2018...

CLIMATE NORMAL PERIOD 1981 TO 2010
CLIMATE RECORD PERIOD 1934 TO 2018


WEATHER ITEM   OBSERVED TIME   RECORD YEAR NORMAL DEPARTURE LAST
                VALUE   (LST)  VALUE       VALUE  FROM      YEAR
                                                  NORMAL
..................................................................
TEMPERATURE (F)
 YESTERDAY
  MAXIMUM         74    110 PM  99    2017  78     -4       99
  MINIMUM         57    718 AM  40    2005  57      0       71
  AVERAGE         66                        67     -1       85

PRECIPITATION (IN)
  YESTERDAY        0.00          T    1953   0.00   0.00     0.00
  MONTH TO DATE    0.00                      0.05  -0.05      T
  SINCE OCT 1      6.95                     12.10  -5.15    12.79
  SINCE JAN 1      6.90                      8.47  -1.57     8.95

DEGREE DAYS
 HEATING
  YESTERDAY        0                         2     -2        0
  MONTH TO DATE   54                        66    -12       40
  SINCE JUN 1     54                        66    -12       40
  SINCE JUL 1   2841                      4094  -1253     3088

 COOLING
  YESTERDAY        1                         5     -4       20
  MONTH TO DATE   87                        62     25      132
  SINCE JUN 1     87                        62     25      132
  SINCE JAN 1    112                       107      5      277
..................................................................


WIND (MPH)
  HIGHEST WIND SPEED    30   HIGHEST WIND DIRECTION    NW (330)
  HIGHEST GUST SPEED    35   HIGHEST GUST DIRECTION     N (340)
  AVERAGE WIND SPEED    17.4


SKY COVER
  POSSIBLE SUNSHINE  MM
  AVERAGE SKY COVER 0.0


WEATHER CONDITIONS
 THE FOLLOWING WEATHER WAS RECORDED YESTERDAY.
  NO SIGNIFICANT WEATHER WAS OBSERVED.


RELATIVE HUMIDITY (PERCENT)
 HIGHEST    80           300 AM
 LOWEST     25          1200 PM
 AVERAGE    53

..........................................................


THE SANDBERG CA CLIMATE NORMALS FOR TODAY
                         NORMAL    RECORD    YEAR
 MAXIMUM TEMPERATURE (F)   78       101      2017
                                             2016
 MINIMUM TEMPERATURE (F)   57        42      1949


SUNRISE AND SUNSET
JUNE 19 2018..........SUNRISE   542 AM PDT   SUNSET   811 PM PDT
JUNE 20 2018..........SUNRISE   542 AM PDT   SUNSET   811 PM PDT


-  INDICATES NEGATIVE NUMBERS.
R  INDICATES RECORD WAS SET OR TIED.
MM INDICATES DATA IS MISSING.
T  INDICATES TRACE AMOUNT.




$$
