000
CDUS46 KLOX 260917
CLISDB


CLIMATE REPORT
NATIONAL WEATHER SERVICE LOS ANGELES/OXNARD CA
216 AM PDT TUE MAY 26 2020


...................................

...THE SANDBERG CA CLIMATE SUMMARY FOR MAY 25 2020...

CLIMATE NORMAL PERIOD 1981 TO 2010
CLIMATE RECORD PERIOD 1934 TO 2020


WEATHER ITEM   OBSERVED TIME   RECORD YEAR NORMAL DEPARTURE LAST
                VALUE   (LST)  VALUE       VALUE  FROM      YEAR
                                                  NORMAL
..................................................................
TEMPERATURE (F)
 YESTERDAY
  MAXIMUM         87    359 PM  94    1951  70     17       63
  MINIMUM         62    326 AM  32    1953  51     11       44
  AVERAGE         75                        60     15       54

PRECIPITATION (IN)
  YESTERDAY        0.00          0.38 1941   0.01  -0.01     0.21
  MONTH TO DATE    0.03                      0.37  -0.34     2.06
  SINCE OCT 1     15.40                     12.01   3.39    17.46
  SINCE JAN 1      8.35                      8.38  -0.03    14.92

DEGREE DAYS
 HEATING
  YESTERDAY        0                         6     -6       11
  MONTH TO DATE  137                       218    -81      295
  SINCE MAR 1   1139                      1234    -95     1169
  SINCE JUL 1   3446                      3993   -547     3536

 COOLING
  YESTERDAY       10                         2      8        0
  MONTH TO DATE   39                        26     13        2
  SINCE MAR 1     58                        34     24       25
  SINCE JAN 1     58                        34     24       25
..................................................................


WIND (MPH)
  HIGHEST WIND SPEED    22   HIGHEST WIND DIRECTION    NW (330)
  HIGHEST GUST SPEED    27   HIGHEST GUST DIRECTION     E (80)
  AVERAGE WIND SPEED    12.0


SKY COVER
  POSSIBLE SUNSHINE  MM
  AVERAGE SKY COVER 0.0


WEATHER CONDITIONS
 THE FOLLOWING WEATHER WAS RECORDED YESTERDAY.
  NO SIGNIFICANT WEATHER WAS OBSERVED.


RELATIVE HUMIDITY (PERCENT)
 HIGHEST    34          1200 AM
 LOWEST     13           100 PM
 AVERAGE    24

..........................................................


THE SANDBERG CA CLIMATE NORMALS FOR TODAY
                         NORMAL    RECORD    YEAR
 MAXIMUM TEMPERATURE (F)   70        90      1974
 MINIMUM TEMPERATURE (F)   51        30      1953


SUNRISE AND SUNSET
MAY 26 2020...........SUNRISE   545 AM PDT   SUNSET   800 PM PDT
MAY 27 2020...........SUNRISE   544 AM PDT   SUNSET   800 PM PDT


-  INDICATES NEGATIVE NUMBERS.
R  INDICATES RECORD WAS SET OR TIED.
MM INDICATES DATA IS MISSING.
T  INDICATES TRACE AMOUNT.




$$
