000
CDUS46 KLOX 160919
CLISDB


CLIMATE REPORT
NATIONAL WEATHER SERVICE LOS ANGELES/OXNARD CA
118 AM PST SUN DEC 16 2018


...................................

...THE SANDBERG CA CLIMATE SUMMARY FOR DECEMBER 15 2018...

CLIMATE NORMAL PERIOD 1981 TO 2010
CLIMATE RECORD PERIOD 1934 TO 2018


WEATHER ITEM   OBSERVED TIME   RECORD YEAR NORMAL DEPARTURE LAST
                VALUE   (LST)  VALUE       VALUE  FROM      YEAR
                                                  NORMAL
..................................................................
TEMPERATURE (F)
 YESTERDAY
  MAXIMUM         57    232 PM  75    2017  48      9       75
  MINIMUM         41    725 AM  14    1967  36      5       50
  AVERAGE         49                        42      7       63

PRECIPITATION (IN)
  YESTERDAY        0.00          2.88 1957   0.08  -0.08     0.00
  MONTH TO DATE    1.87                      0.85   1.02     0.00
  SINCE OCT 1      2.47                      2.23   0.24     0.05
  SINCE JAN 1      9.37                     10.93  -1.56    10.10

DEGREE DAYS
 HEATING
  YESTERDAY       16                        23     -7        2
  MONTH TO DATE  304                       333    -29      152
  SINCE DEC 1    304                       333    -29      152
  SINCE JUL 1    719                      1112   -393      510

 COOLING
  YESTERDAY        0                         0      0        0
  MONTH TO DATE    0                         0      0        0
  SINCE DEC 1      0                         0      0        0
  SINCE JAN 1   1448                       998    450     1817
..................................................................


WIND (MPH)
  HIGHEST WIND SPEED    13   HIGHEST WIND DIRECTION     E (70)
  HIGHEST GUST SPEED    17   HIGHEST GUST DIRECTION     E (70)
  AVERAGE WIND SPEED     7.6


SKY COVER
  POSSIBLE SUNSHINE  MM
  AVERAGE SKY COVER 0.0


WEATHER CONDITIONS
 THE FOLLOWING WEATHER WAS RECORDED YESTERDAY.
  NO SIGNIFICANT WEATHER WAS OBSERVED.


RELATIVE HUMIDITY (PERCENT)
 HIGHEST    34           900 PM
 LOWEST     13           300 AM
 AVERAGE    24

..........................................................


THE SANDBERG CA CLIMATE NORMALS FOR TODAY
                         NORMAL    RECORD    YEAR
 MAXIMUM TEMPERATURE (F)   47        66      1998
 MINIMUM TEMPERATURE (F)   36        21      1987


SUNRISE AND SUNSET
DECEMBER 16 2018......SUNRISE   656 AM PST   SUNSET   446 PM PST
DECEMBER 17 2018......SUNRISE   656 AM PST   SUNSET   446 PM PST


-  INDICATES NEGATIVE NUMBERS.
R  INDICATES RECORD WAS SET OR TIED.
MM INDICATES DATA IS MISSING.
T  INDICATES TRACE AMOUNT.




$$
