000
CDUS46 KLOX 220915
CLISDB


CLIMATE REPORT
NATIONAL WEATHER SERVICE LOS ANGELES/OXNARD CA
215 AM PDT THU OCT 22 2020


...................................

...THE SANDBERG CA CLIMATE SUMMARY FOR OCTOBER 21 2020...

CLIMATE NORMAL PERIOD 1981 TO 2010
CLIMATE RECORD PERIOD 1934 TO 2020


WEATHER ITEM   OBSERVED TIME   RECORD YEAR NORMAL DEPARTURE LAST
                VALUE   (LST)  VALUE       VALUE  FROM      YEAR
                                                  NORMAL
..................................................................
TEMPERATURE (F)
 YESTERDAY
  MAXIMUM         84   1249 PM  85    2003  66     18       75
  MINIMUM         59   1155 PM  33    1957  50      9       54
  AVERAGE         72                        58     14       65

PRECIPITATION (IN)
  YESTERDAY        0.00          0.48 1941   0.02  -0.02     0.00
  MONTH TO DATE    0.00                      0.35  -0.35     0.00
  SINCE OCT 1      0.00                      0.35  -0.35     0.00
  SINCE JAN 1      8.37                      9.05  -0.68    14.94

DEGREE DAYS
 HEATING
  YESTERDAY        0                         8     -8        0
  MONTH TO DATE    3                       127   -124      118
  SINCE SEP 1      3                       188   -185      203
  SINCE JUL 1      3                       205   -202      203

 COOLING
  YESTERDAY        7                         1      6        0
  MONTH TO DATE  213                        43    170       29
  SINCE SEP 1    602                       232    370      218
  SINCE JAN 1   1643                       989    654     1115
..................................................................


WIND (MPH)
  HIGHEST WIND SPEED    16   HIGHEST WIND DIRECTION    SE (140)
  HIGHEST GUST SPEED    23   HIGHEST GUST DIRECTION    SE (140)
  AVERAGE WIND SPEED     8.7


SKY COVER
  POSSIBLE SUNSHINE  MM
  AVERAGE SKY COVER 0.0


WEATHER CONDITIONS
 THE FOLLOWING WEATHER WAS RECORDED YESTERDAY.
  NO SIGNIFICANT WEATHER WAS OBSERVED.


RELATIVE HUMIDITY (PERCENT)
 HIGHEST    48          1000 PM
 LOWEST     13          1200 PM
 AVERAGE    31

..........................................................


THE SANDBERG CA CLIMATE NORMALS FOR TODAY
                         NORMAL    RECORD    YEAR
 MAXIMUM TEMPERATURE (F)   65        84      2019
                                             2003
 MINIMUM TEMPERATURE (F)   50        35      1985


SUNRISE AND SUNSET
OCTOBER 22 2020.......SUNRISE   707 AM PDT   SUNSET   611 PM PDT
OCTOBER 23 2020.......SUNRISE   708 AM PDT   SUNSET   610 PM PDT


-  INDICATES NEGATIVE NUMBERS.
R  INDICATES RECORD WAS SET OR TIED.
MM INDICATES DATA IS MISSING.
T  INDICATES TRACE AMOUNT.




$$
