000
CDUS43 KLMK 230630
CLISDF


CLIMATE REPORT
NATIONAL WEATHER SERVICE LOUISVILLE KY
128 AM EST WED JAN 23 2019


...................................

...THE LOUISVILLE KY CLIMATE SUMMARY FOR JANUARY 22 2019...

CLIMATE NORMAL PERIOD 1981 TO 2010
CLIMATE RECORD PERIOD 1871 TO 2019


WEATHER ITEM   OBSERVED TIME   RECORD YEAR NORMAL DEPARTURE LAST
                VALUE   (LST)  VALUE       VALUE  FROM      YEAR
                                                  NORMAL
..................................................................
TEMPERATURE (F)
 YESTERDAY
  MAXIMUM         49   1159 PM  69    1999  43      6       61
                                      1933
  MINIMUM         20    816 AM  -9    1936  27     -7       50
  AVERAGE         35                        35      0       56

PRECIPITATION (IN)
  YESTERDAY        0.00          2.50 1898   0.10  -0.10     0.14
  MONTH TO DATE    2.27                      2.29  -0.02     1.30
  SINCE DEC 1      8.17                      6.12   2.05     4.03
  SINCE JAN 1      2.27                      2.29  -0.02     1.30

SNOWFALL (IN)
  YESTERDAY        0.0           5.8  1966   0.1   -0.1      0.0
  MONTH TO DATE    5.2                       2.4    2.8      5.0
  SINCE DEC 1      5.2                       5.0    0.2      5.2
  SINCE JUL 1      5.7                       5.2    0.5      5.2
  SNOW DEPTH       1

DEGREE DAYS
 HEATING
  YESTERDAY       30                        30      0        9
  MONTH TO DATE  584                       660    -76      781
  SINCE DEC 1   1259                      1501   -242     1644
  SINCE JUL 1   2155                      2236    -81     2310

 COOLING
  YESTERDAY        0                         0      0        0
  MONTH TO DATE    0                         0      0        0
  SINCE DEC 1      0                         1     -1        0
  SINCE JAN 1      0                         0      0        0
..................................................................


WIND (MPH)
  HIGHEST WIND SPEED    21   HIGHEST WIND DIRECTION     S (170)
  HIGHEST GUST SPEED    28   HIGHEST GUST DIRECTION     S (160)
  AVERAGE WIND SPEED    10.4


SKY COVER
  POSSIBLE SUNSHINE  MM
  AVERAGE SKY COVER 0.9


WEATHER CONDITIONS
 THE FOLLOWING WEATHER WAS RECORDED YESTERDAY.
  NO SIGNIFICANT WEATHER WAS OBSERVED.


RELATIVE HUMIDITY (PERCENT)
 HIGHEST    67           800 AM
 LOWEST     39           100 PM
 AVERAGE    53

..........................................................


THE LOUISVILLE KY CLIMATE NORMALS FOR TODAY
                         NORMAL    RECORD    YEAR
 MAXIMUM TEMPERATURE (F)   43        71      1967
 MINIMUM TEMPERATURE (F)   27       -13      1963


SUNRISE AND SUNSET
JANUARY 23 2019.......SUNRISE   754 AM EST   SUNSET   555 PM EST
JANUARY 24 2019.......SUNRISE   754 AM EST   SUNSET   556 PM EST


-  INDICATES NEGATIVE NUMBERS.
R  INDICATES RECORD WAS SET OR TIED.
MM INDICATES DATA IS MISSING.
T  INDICATES TRACE AMOUNT.

$$

SCHOETTMER
