000
CDUS43 KLMK 152030
CLISDF


CLIMATE REPORT
NATIONAL WEATHER SERVICE LOUISVILLE KY
430 PM EDT MON OCT 15 2018


...................................

...THE LOUISVILLE KY CLIMATE SUMMARY FOR OCTOBER 15 2018...
VALID TODAY AS OF 0400 PM LOCAL TIME.

CLIMATE NORMAL PERIOD 1981 TO 2010
CLIMATE RECORD PERIOD 1871 TO 2018


WEATHER ITEM   OBSERVED TIME   RECORD YEAR NORMAL DEPARTURE LAST
                VALUE   (LST)  VALUE       VALUE  FROM      YEAR
                                                  NORMAL
..................................................................
TEMPERATURE (F)
 TODAY
  MAXIMUM         61    518 AM  91    1897  70     -9       80
  MINIMUM         55    321 PM  28    1876  49      6       55
  AVERAGE         58                        60     -2       68

PRECIPITATION (IN)
  TODAY            0.19          2.64 1880   0.10   0.09     0.01
  MONTH TO DATE    1.04                      1.58  -0.54     2.92
  SINCE SEP 1     11.95                      4.63   7.32     8.39
  SINCE JAN 1     56.42                     35.85  20.57    37.80

SNOWFALL (IN)
  TODAY            0.0           0.0    MM   0.0    0.0      0.0
  MONTH TO DATE    0.0                       0.0    0.0      0.0
  SINCE SEP 1      0.0                       0.0    0.0      0.0
  SINCE JUL 1      T                         0.0    0.0      0.0
  SNOW DEPTH       0

DEGREE DAYS
 HEATING
  TODAY            7                         6      1        0
  MONTH TO DATE   53                        74    -21        2
  SINCE SEP 1     61                       104    -43       15
  SINCE JUL 1     61                       104    -43       15

 COOLING
  TODAY            0                         1     -1        3
  MONTH TO DATE  143                        30    113       73
  SINCE SEP 1    455                       240    215      283
  SINCE JAN 1   2188                      1597    591     1777
..................................................................


WIND (MPH)
  HIGHEST WIND SPEED    16   HIGHEST WIND DIRECTION    NW (320)
  HIGHEST GUST SPEED    22   HIGHEST GUST DIRECTION    NW (310)
  AVERAGE WIND SPEED     8.2


SKY COVER
  POSSIBLE SUNSHINE  MM
  AVERAGE SKY COVER 0.8


WEATHER CONDITIONS
 THE FOLLOWING WEATHER WAS RECORDED TODAY.
  HEAVY RAIN
  RAIN
  LIGHT RAIN
  FOG


RELATIVE HUMIDITY (PERCENT)
 HIGHEST    97           400 AM
 LOWEST     77           300 PM
 AVERAGE    87

..........................................................


THE LOUISVILLE KY CLIMATE NORMALS FOR TOMORROW
                         NORMAL    RECORD    YEAR
 MAXIMUM TEMPERATURE (F)   70        89      1947
 MINIMUM TEMPERATURE (F)   49        30      1876


SUNRISE AND SUNSET
OCTOBER 15 2018.......SUNRISE   752 AM EDT   SUNSET   705 PM EDT
OCTOBER 16 2018.......SUNRISE   753 AM EDT   SUNSET   704 PM EDT


-  INDICATES NEGATIVE NUMBERS.
R  INDICATES RECORD WAS SET OR TIED.
MM INDICATES DATA IS MISSING.
T  INDICATES TRACE AMOUNT.




$$
