000
CDUS43 KLMK 210627
CLISDF


CLIMATE REPORT
NATIONAL WEATHER SERVICE LOUISVILLE KY
227 AM EDT MON OCT 21 2019


...................................

...THE LOUISVILLE KY CLIMATE SUMMARY FOR OCTOBER 20 2019...

CLIMATE NORMAL PERIOD 1981 TO 2010
CLIMATE RECORD PERIOD 1871 TO 2019


WEATHER ITEM   OBSERVED TIME   RECORD YEAR NORMAL DEPARTURE LAST
                VALUE   (LST)  VALUE       VALUE  FROM      YEAR
                                                  NORMAL
..................................................................
TEMPERATURE (F)
 YESTERDAY
  MAXIMUM         76    315 PM  86    1963  69      7       66
                                      1953
  MINIMUM         60   1159 PM  30    1972  48     12       41
                                      1895
  AVERAGE         68                        58     10       54

PRECIPITATION (IN)
  YESTERDAY        T             1.44 1985   0.10  -0.10      T
  MONTH TO DATE    2.43                      2.10   0.33     1.23
  SINCE SEP 1      2.47                      5.15  -2.68    12.14
  SINCE JAN 1     40.85                     36.37   4.48    56.61

SNOWFALL (IN)
  YESTERDAY        0.0           T    1989   0.0    0.0      0.0
                                      1913
  MONTH TO DATE    0.0                       0.0    0.0      0.0
  SINCE SEP 1      0.0                       0.0    0.0      0.0
  SINCE JUL 1      0.0                       0.0    0.0       T
  SNOW DEPTH       0

DEGREE DAYS
 HEATING
  YESTERDAY        0                         8     -8       11
  MONTH TO DATE   89                       110    -21      122
  SINCE SEP 1     89                       140    -51      130
  SINCE JUL 1     89                       140    -51      130

 COOLING
  YESTERDAY        3                         1      2        0
  MONTH TO DATE   78                        35     43      143
  SINCE SEP 1    527                       245    282      455
  SINCE JAN 1   2110                      1602    508     2188
..................................................................


WIND (MPH)
  HIGHEST WIND SPEED    10   HIGHEST WIND DIRECTION     S (190)
  HIGHEST GUST SPEED    15   HIGHEST GUST DIRECTION     W (250)
  AVERAGE WIND SPEED     4.6


SKY COVER
  POSSIBLE SUNSHINE  MM
  AVERAGE SKY COVER 0.4


WEATHER CONDITIONS
 THE FOLLOWING WEATHER WAS RECORDED YESTERDAY.
  LIGHT RAIN


RELATIVE HUMIDITY (PERCENT)
 HIGHEST    90           300 AM
 LOWEST     43           200 PM
 AVERAGE    67

..........................................................


THE LOUISVILLE KY CLIMATE NORMALS FOR TODAY
                         NORMAL    RECORD    YEAR
 MAXIMUM TEMPERATURE (F)   68        88      1953
 MINIMUM TEMPERATURE (F)   47        24      1952


SUNRISE AND SUNSET
OCTOBER 21 2019.......SUNRISE   757 AM EDT   SUNSET   657 PM EDT
OCTOBER 22 2019.......SUNRISE   758 AM EDT   SUNSET   656 PM EDT


-  INDICATES NEGATIVE NUMBERS.
R  INDICATES RECORD WAS SET OR TIED.
MM INDICATES DATA IS MISSING.
T  INDICATES TRACE AMOUNT.




$$
