000
CDUS46 KSGX 140017
CLISDM


CLIMATE REPORT
NATIONAL WEATHER SERVICE SAN DIEGO, CA
516 PM PDT SUN OCT 13 2019


...................................

...THE SAN DIEGO/BROWN CLIMATE SUMMARY FOR OCTOBER 13 2019...
VALID TODAY AS OF 0500 PM LOCAL TIME.

CLIMATE NORMAL PERIOD 1981 TO 2010
CLIMATE RECORD PERIOD 1943 TO 2019


WEATHER ITEM   OBSERVED RECORD YEAR NORMAL DEPARTURE
                VALUE   VALUE       VALUE  FROM
                                           NORMAL
........................................................
TEMPERATURE (F)
 TODAY
  MAXIMUM         73     95    2011  76
  MINIMUM         54     49    2008  56
                               1960
  AVERAGE         64

PRECIPITATION (IN)
  TODAY            0.00   0.36 2006   0.02  -0.02
  MONTH TO DATE    0.00               0.14  -0.14
  SINCE OCT 1      0.00               0.14  -0.14
  SINCE JAN 1      9.12               8.95   0.17

SNOWFALL (IN)
  TODAY            0.0   MM      MM  MM
  MONTH TO DATE    0.0               MM
  SINCE SEP 1      0.0               MM
  SINCE JUL 1      0.0               MM

DEGREE DAYS
 HEATING
  TODAY            1

 COOLING
  TODAY            0
........................................................







THE SAN DIEGO/BROWN CLIMATE NORMALS FOR TOMORROW
                         NORMAL    RECORD    YEAR
 MAXIMUM TEMPERATURE (F)   76        89      1959
 MINIMUM TEMPERATURE (F)   56        45      2013


SUNRISE AND SUNSET
OCTOBER 13 2019.......SUNRISE   650 AM PDT   SUNSET   618 PM PDT
OCTOBER 14 2019.......SUNRISE   651 AM PDT   SUNSET   616 PM PDT


-  INDICATES NEGATIVE NUMBERS.
R  INDICATES RECORD WAS SET OR TIED.
MM INDICATES DATA IS MISSING.
T  INDICATES TRACE AMOUNT.




$$
