147
CDUS46 KSGX 151121
CLISDM


CLIMATE REPORT
NATIONAL WEATHER SERVICE SAN DIEGO, CA
421 AM PDT WED AUG 15 2018


...................................

...THE SAN DIEGO/BROWN CLIMATE SUMMARY FOR AUGUST 14 2018...

CLIMATE NORMAL PERIOD 1981 TO 2010
CLIMATE RECORD PERIOD 1943 TO 2018


WEATHER ITEM   OBSERVED TIME   RECORD YEAR NORMAL DEPARTURE LAST
                VALUE   (LST)  VALUE       VALUE  FROM      YEAR
                                                  NORMAL
..................................................................
TEMPERATURE (F)
 YESTERDAY
  MAXIMUM         82   1154 AM  88    2015  80      2       79
  MINIMUM         69   1116 PM  59    2010  62      7       62
                                      1959
  AVERAGE         76                        71      5       71

PRECIPITATION (IN)
  YESTERDAY        0.00          0.22 1958   0.00   0.00     0.00
  MONTH TO DATE    0.00                      0.03  -0.03      T
  SINCE OCT 1      4.14                     12.07  -7.93    14.70
  SINCE JAN 1      3.74                      8.51  -4.77     9.57

DEGREE DAYS
 HEATING
  YESTERDAY        0                         0      0        0
  MONTH TO DATE    0                         0      0        0
  SINCE JUN 1      3                        34    -31       10
  SINCE JUL 1      0                         3     -3        0

 COOLING
  YESTERDAY       11                         6      5        6
  MONTH TO DATE  189                        79    110      119
  SINCE JUN 1    570                       250    320      451
  SINCE JAN 1    621                       292    329      503
..................................................................


WIND (MPH)
  RESULTANT WIND SPEED   5   RESULTANT WIND DIRECTION   W (280)
  HIGHEST WIND SPEED    13   HIGHEST WIND DIRECTION     W (290)
  HIGHEST GUST SPEED    20   HIGHEST GUST DIRECTION    NW (300)
  AVERAGE WIND SPEED     4.9


SKY COVER
  POSSIBLE SUNSHINE  MM
  AVERAGE SKY COVER 0.2


WEATHER CONDITIONS
 THE FOLLOWING WEATHER WAS RECORDED YESTERDAY.
  NO SIGNIFICANT WEATHER WAS OBSERVED.


RELATIVE HUMIDITY (PERCENT)
 HIGHEST    84           800 PM
 LOWEST     58          1000 AM
 AVERAGE    71

..........................................................


THE SAN DIEGO/BROWN CLIMATE NORMALS FOR TODAY
                         NORMAL    RECORD    YEAR
 MAXIMUM TEMPERATURE (F)   80        95      2016
 MINIMUM TEMPERATURE (F)   62        57      2011


SUNRISE AND SUNSET
AUGUST 15 2018........SUNRISE   612 AM PDT   SUNSET   732 PM PDT
AUGUST 16 2018........SUNRISE   612 AM PDT   SUNSET   731 PM PDT


-  INDICATES NEGATIVE NUMBERS.
R  INDICATES RECORD WAS SET OR TIED.
MM INDICATES DATA IS MISSING.
T  INDICATES TRACE AMOUNT.




$$
