000
CDUS46 KSGX 250935
CLISDM


CLIMATE REPORT
NATIONAL WEATHER SERVICE SAN DIEGO, CA
135 AM PST TUE FEB 25 2020


...................................

...THE SAN DIEGO/BROWN CLIMATE SUMMARY FOR FEBRUARY 24 2020...

CLIMATE NORMAL PERIOD 1981 TO 2010
CLIMATE RECORD PERIOD 1943 TO 2020


WEATHER ITEM   OBSERVED TIME   RECORD YEAR NORMAL DEPARTURE LAST
                VALUE   (LST)  VALUE       VALUE  FROM      YEAR
                                                  NORMAL
..................................................................
TEMPERATURE (F)
 YESTERDAY
  MAXIMUM         67   1158 AM  83    2016  66      1       63
  MINIMUM         47   1139 PM  33    2018  46      1       38
  AVERAGE         57                        56      1       51

PRECIPITATION (IN)
  YESTERDAY        0.00          0.14 2008   0.09  -0.09     0.00
  MONTH TO DATE    0.79                      1.83  -1.04     4.58
  SINCE OCT 1     10.46                      7.87   2.59     9.91
  SINCE JAN 1      1.10                      4.31  -3.21     6.64

DEGREE DAYS
 HEATING
  YESTERDAY        8                         9     -1       14
  MONTH TO DATE  243                       229     14      327
  SINCE DEC 1    826                       864    -38      879
  SINCE JUL 1    981                      1133   -152      960

 COOLING
  YESTERDAY        0                         0      0        0
  MONTH TO DATE    0                         0      0        0
  SINCE DEC 1      0                         4     -4        0
  SINCE JAN 1      0                         3     -3        0
..................................................................


WIND (MPH)
  RESULTANT WIND SPEED   1   RESULTANT WIND DIRECTION  SW (230)
  HIGHEST WIND SPEED    13   HIGHEST WIND DIRECTION     W (270)
  HIGHEST GUST SPEED    16   HIGHEST GUST DIRECTION     W (270)
  AVERAGE WIND SPEED     3.9


SKY COVER
  POSSIBLE SUNSHINE  MM
  AVERAGE SKY COVER 0.3


WEATHER CONDITIONS
 THE FOLLOWING WEATHER WAS RECORDED YESTERDAY.
  FOG
  HAZE


RELATIVE HUMIDITY (PERCENT)
 HIGHEST    93          1200 AM
 LOWEST     63          1100 AM
 AVERAGE    78

..........................................................


THE SAN DIEGO/BROWN CLIMATE NORMALS FOR TODAY
                         NORMAL    RECORD    YEAR
 MAXIMUM TEMPERATURE (F)   66        82      2016
 MINIMUM TEMPERATURE (F)   46        34      1960


SUNRISE AND SUNSET
FEBRUARY 25 2020......SUNRISE   621 AM PST   SUNSET   542 PM PST
FEBRUARY 26 2020......SUNRISE   619 AM PST   SUNSET   543 PM PST


-  INDICATES NEGATIVE NUMBERS.
R  INDICATES RECORD WAS SET OR TIED.
MM INDICATES DATA IS MISSING.
T  INDICATES TRACE AMOUNT.




$$
