000
CDUS46 KSGX 210026
CLISDM


CLIMATE REPORT
NATIONAL WEATHER SERVICE SAN DIEGO, CA
425 PM PST SUN JAN 20 2019


...................................

...THE SAN DIEGO/BROWN CLIMATE SUMMARY FOR JANUARY 20 2019...
VALID TODAY AS OF 0400 PM LOCAL TIME.

CLIMATE NORMAL PERIOD 1981 TO 2010
CLIMATE RECORD PERIOD 1943 TO 2019


WEATHER ITEM   OBSERVED RECORD YEAR NORMAL DEPARTURE
                VALUE   VALUE       VALUE  FROM
                                           NORMAL
........................................................
TEMPERATURE (F)
 TODAY
  MAXIMUM         74     81    2009  66
  MINIMUM         48     36    2002  44
  AVERAGE         61

PRECIPITATION (IN)
  TODAY            0.00   0.79 2017   0.07  -0.07
  MONTH TO DATE    1.64               1.84  -0.20
  SINCE OCT 1      4.91               5.40  -0.49
  SINCE JAN 1      1.64               1.84  -0.20

SNOWFALL (IN)
  TODAY            0.0   MM      MM  MM
  MONTH TO DATE    0.0               MM
  SINCE DEC 1      0.0               MM
  SINCE JUL 1      0.0               MM

DEGREE DAYS
 HEATING
  TODAY            4

 COOLING
  TODAY            0
........................................................







THE SAN DIEGO/BROWN CLIMATE NORMALS FOR TOMORROW
                         NORMAL    RECORD    YEAR
 MAXIMUM TEMPERATURE (F)   66        81      2014
 MINIMUM TEMPERATURE (F)   44        35      1958


SUNRISE AND SUNSET
JANUARY 20 2019.......SUNRISE   649 AM PST   SUNSET   510 PM PST
JANUARY 21 2019.......SUNRISE   648 AM PST   SUNSET   510 PM PST


-  INDICATES NEGATIVE NUMBERS.
R  INDICATES RECORD WAS SET OR TIED.
MM INDICATES DATA IS MISSING.
T  INDICATES TRACE AMOUNT.




$$
