000
CDUS46 KSGX 210930
CLISDM


CLIMATE REPORT
NATIONAL WEATHER SERVICE SAN DIEGO, CA
230 AM PDT WED OCT 21 2020


...................................

...THE SAN DIEGO/BROWN CLIMATE SUMMARY FOR OCTOBER 20 2020...

CLIMATE NORMAL PERIOD 1981 TO 2010
CLIMATE RECORD PERIOD 1943 TO 2020


WEATHER ITEM   OBSERVED TIME   RECORD YEAR NORMAL DEPARTURE LAST
                VALUE   (LST)  VALUE       VALUE  FROM      YEAR
                                                  NORMAL
..................................................................
TEMPERATURE (F)
 YESTERDAY
  MAXIMUM         75    118 PM  97    1999  75      0       77
  MINIMUM         61    623 AM  47    2019  54      7       47
  AVERAGE         68                        65      3       62

PRECIPITATION (IN)
  YESTERDAY        0.00          1.21 2004   0.02  -0.02     0.00
  MONTH TO DATE    0.00                      0.27  -0.27     0.00
  SINCE OCT 1      0.00                      0.27  -0.27     0.00
  SINCE JAN 1      8.15                      9.08  -0.93     9.12

DEGREE DAYS
 HEATING
  YESTERDAY        0                         2     -2        3
  MONTH TO DATE    0                        24    -24       16
  SINCE SEP 1      0                        30    -30       24
  SINCE JUL 1      0                        34    -34       24

 COOLING
  YESTERDAY        3                         2      1        0
  MONTH TO DATE  180                        47    133       23
  SINCE SEP 1    464                       195    269      229
  SINCE JAN 1   1129                       592    537      584
..................................................................


WIND (MPH)
  RESULTANT WIND SPEED   1   RESULTANT WIND DIRECTION  NW (330)
  HIGHEST WIND SPEED    12   HIGHEST WIND DIRECTION     W (280)
  HIGHEST GUST SPEED    16   HIGHEST GUST DIRECTION     W (270)
  AVERAGE WIND SPEED     3.5


SKY COVER
  POSSIBLE SUNSHINE  MM
  AVERAGE SKY COVER 0.6


WEATHER CONDITIONS
 THE FOLLOWING WEATHER WAS RECORDED YESTERDAY.
  FOG
  HAZE


RELATIVE HUMIDITY (PERCENT)
 HIGHEST    93          1200 AM
 LOWEST     60          1100 AM
 AVERAGE    77

..........................................................


THE SAN DIEGO/BROWN CLIMATE NORMALS FOR TODAY
                         NORMAL    RECORD    YEAR
 MAXIMUM TEMPERATURE (F)   75        92      1999
 MINIMUM TEMPERATURE (F)   54        49      2006


SUNRISE AND SUNSET
OCTOBER 21 2020.......SUNRISE   657 AM PDT   SUNSET   608 PM PDT
OCTOBER 22 2020.......SUNRISE   658 AM PDT   SUNSET   606 PM PDT


-  INDICATES NEGATIVE NUMBERS.
R  INDICATES RECORD WAS SET OR TIED.
MM INDICATES DATA IS MISSING.
T  INDICATES TRACE AMOUNT.




$$
