775
CDUS46 KSGX 240022
CLISDM


CLIMATE REPORT
NATIONAL WEATHER SERVICE SAN DIEGO, CA
522 PM PDT WED MAY 23 2018


...................................

...THE SAN DIEGO/BROWN CLIMATE SUMMARY FOR MAY 23 2018...
VALID TODAY AS OF 0500 PM LOCAL TIME.

CLIMATE NORMAL PERIOD 1981 TO 2010
CLIMATE RECORD PERIOD 1943 TO 2018


WEATHER ITEM   OBSERVED RECORD YEAR NORMAL DEPARTURE
                VALUE   VALUE       VALUE  FROM
                                           NORMAL
........................................................
TEMPERATURE (F)
 TODAY
  MAXIMUM         68     80    2001  72
  MINIMUM         58     48    1960  55
  AVERAGE         63

PRECIPITATION (IN)
  TODAY            0.00   T    2007   0.01  -0.01
                               2007
                               2010
  MONTH TO DATE    0.13               0.20  -0.07
  SINCE OCT 1      4.14              11.79  -7.65
  SINCE JAN 1      3.74               8.23  -4.49

SNOWFALL (IN)
  TODAY            0.0   MM      MM  MM
  MONTH TO DATE    0.0               MM
  SINCE MAR 1      0.0               MM
  SINCE JUL 1      0.0               MM

DEGREE DAYS
 HEATING
  TODAY            2

 COOLING
  TODAY            0
........................................................







THE SAN DIEGO/BROWN CLIMATE NORMALS FOR TOMORROW
                         NORMAL    RECORD    YEAR
 MAXIMUM TEMPERATURE (F)   72        82      2006
 MINIMUM TEMPERATURE (F)   55        46      2010


SUNRISE AND SUNSET
MAY 23 2018...........SUNRISE   545 AM PDT   SUNSET   745 PM PDT
MAY 24 2018...........SUNRISE   544 AM PDT   SUNSET   746 PM PDT


-  INDICATES NEGATIVE NUMBERS.
R  INDICATES RECORD WAS SET OR TIED.
MM INDICATES DATA IS MISSING.
T  INDICATES TRACE AMOUNT.




$$
