000
CDUS46 KSGX 241232
CLISDM


CLIMATE REPORT
NATIONAL WEATHER SERVICE SAN DIEGO, CA
432 AM PST SAT FEB 24 2018


...................................

...THE SAN DIEGO/BROWN CLIMATE SUMMARY FOR FEBRUARY 23 2018...

CLIMATE NORMAL PERIOD 1981 TO 2010
CLIMATE RECORD PERIOD 1943 TO 2018


WEATHER ITEM   OBSERVED TIME   RECORD YEAR NORMAL DEPARTURE LAST
                VALUE   (LST)  VALUE       VALUE  FROM      YEAR
                                                  NORMAL
..................................................................
TEMPERATURE (F)
 YESTERDAY
  MAXIMUM         56    236 PM  85    2016  66    -10       59
  MINIMUM         38   1050 PM  34    1955  46     -8       40
  AVERAGE         47                        56     -9       50

PRECIPITATION (IN)
  YESTERDAY        0.02          0.73 2001   0.09  -0.07     0.00
  MONTH TO DATE    0.17                      1.74  -1.57     1.84
  SINCE OCT 1      2.15                      7.78  -5.63    10.94
  SINCE JAN 1      1.75                      4.22  -2.47     5.81

DEGREE DAYS
 HEATING
  YESTERDAY       18                         9      9       15
  MONTH TO DATE  157                       220    -63      168
  SINCE DEC 1    491                       855   -364      701
  SINCE JUL 1    581                      1124   -543      802

 COOLING
  YESTERDAY        0                         0      0        0
  MONTH TO DATE    3                         0      3        1
  SINCE DEC 1     40                         4     36       10
  SINCE JAN 1     27                         3     24        2
..................................................................


WIND (MPH)
  RESULTANT WIND SPEED   7   RESULTANT WIND DIRECTION   W (290)
  HIGHEST WIND SPEED    21   HIGHEST WIND DIRECTION     W (270)
  HIGHEST GUST SPEED    27   HIGHEST GUST DIRECTION     W (290)
  AVERAGE WIND SPEED     9.0


SKY COVER
  POSSIBLE SUNSHINE  MM
  AVERAGE SKY COVER 0.4


WEATHER CONDITIONS
 THE FOLLOWING WEATHER WAS RECORDED YESTERDAY.
  LIGHT RAIN


RELATIVE HUMIDITY (PERCENT)
 HIGHEST    71          1200 AM
 LOWEST     43           100 PM
 AVERAGE    57

..........................................................


THE SAN DIEGO/BROWN CLIMATE NORMALS FOR TODAY
                         NORMAL    RECORD    YEAR
 MAXIMUM TEMPERATURE (F)   66        83      2016
 MINIMUM TEMPERATURE (F)   46        38      2017


SUNRISE AND SUNSET
FEBRUARY 24 2018......SUNRISE   621 AM PST   SUNSET   541 PM PST
FEBRUARY 25 2018......SUNRISE   620 AM PST   SUNSET   542 PM PST


-  INDICATES NEGATIVE NUMBERS.
R  INDICATES RECORD WAS SET OR TIED.
MM INDICATES DATA IS MISSING.
T  INDICATES TRACE AMOUNT.




$$
