000
CDUS46 KSGX 220021
CLISDM


CLIMATE REPORT
NATIONAL WEATHER SERVICE SAN DIEGO, CA
521 PM PDT SUN OCT 21 2018


...................................

...THE SAN DIEGO/BROWN CLIMATE SUMMARY FOR OCTOBER 21 2018...
VALID TODAY AS OF 0500 PM LOCAL TIME.

CLIMATE NORMAL PERIOD 1981 TO 2010
CLIMATE RECORD PERIOD 1943 TO 2018


WEATHER ITEM   OBSERVED RECORD YEAR NORMAL DEPARTURE
                VALUE   VALUE       VALUE  FROM
                                           NORMAL
........................................................
TEMPERATURE (F)
 TODAY
  MAXIMUM         78     92    1999  75
  MINIMUM         54     49    2006  54
  AVERAGE         66

PRECIPITATION (IN)
  TODAY            0.00   0.28 1957   0.02  -0.02
  MONTH TO DATE    0.11               0.29  -0.18
  SINCE OCT 1      0.11               0.29  -0.18
  SINCE JAN 1      3.85               9.10  -5.25

SNOWFALL (IN)
  TODAY            0.0   MM      MM  MM
  MONTH TO DATE    0.0               MM
  SINCE SEP 1      0.0               MM
  SINCE JUL 1      0.0               MM

DEGREE DAYS
 HEATING
  TODAY            0

 COOLING
  TODAY            1
........................................................







THE SAN DIEGO/BROWN CLIMATE NORMALS FOR TOMORROW
                         NORMAL    RECORD    YEAR
 MAXIMUM TEMPERATURE (F)   75        94      2008
 MINIMUM TEMPERATURE (F)   54        48      1957


SUNRISE AND SUNSET
OCTOBER 21 2018.......SUNRISE   656 AM PDT   SUNSET   608 PM PDT
OCTOBER 22 2018.......SUNRISE   657 AM PDT   SUNSET   607 PM PDT


-  INDICATES NEGATIVE NUMBERS.
R  INDICATES RECORD WAS SET OR TIED.
MM INDICATES DATA IS MISSING.
T  INDICATES TRACE AMOUNT.




$$
