000
CDUS46 KSEW 190119
CLISEW


CLIMATE REPORT
NATIONAL WEATHER SERVICE SEATTLE WA
618 PM PDT THU OCT 18 2018


...................................

...THE SEATTLE WA WFO CLIMATE SUMMARY FOR OCTOBER 18 2018...
VALID TODAY AS OF 0500 PM LOCAL TIME.

CLIMATE NORMAL PERIOD 1981 TO 2010
CLIMATE RECORD PERIOD 1986 TO 2018


WEATHER ITEM   OBSERVED TIME   RECORD YEAR     LAST
                VALUE   (LST)  VALUE           YEAR
....................................................
TEMPERATURE (F)
 TODAY
  MAXIMUM         68R       MM  68    2003    64
  MINIMUM         43        MM  41    2008    48
  AVERAGE         56                          56

PRECIPITATION (IN)
  TODAY            0.00          1.10 2017     1.10
  MONTH TO DATE    1.24                        2.44
  SINCE OCT 1      1.24                        2.44
  SINCE JAN 1     25.11                       30.40

SNOWFALL (IN)
  TODAY            0.0                         0.0
  MONTH TO DATE    0.0                         0.0
  SINCE OCT 1      0.0                         0.0
  SINCE JUL 1      0.0                         0.0
  SNOW DEPTH       0

DEGREE DAYS
 HEATING
  TODAY            9                           9
  MONTH TO DATE  192                         206
  SINCE SEP 1    279                         277
  SINCE JUL 1    300                         280

 COOLING
  TODAY            0                           0
  MONTH TO DATE    0                           0
  SINCE SEP 1     13                          73
  SINCE JAN 1    346                         345
....................................................


WIND (MPH)
  HIGHEST WIND SPEED    MM   HIGHEST WIND DIRECTION    MM
  HIGHEST GUST SPEED    MM   HIGHEST GUST DIRECTION    MM
  AVERAGE WIND SPEED    MM



WEATHER CONDITIONS
 THE FOLLOWING WEATHER WAS RECORDED TODAY.
  NO SIGNIFICANT WEATHER WAS OBSERVED.






-  INDICATES NEGATIVE NUMBERS.
R  INDICATES RECORD WAS SET OR TIED.
MM INDICATES DATA IS MISSING.
T  INDICATES TRACE AMOUNT.




$$
