000
CDUS46 KSEW 230123
CLISEW


CLIMATE REPORT
NATIONAL WEATHER SERVICE SEATTLE WA
623 PM PDT THU OCT 22 2020


...................................

...THE SEATTLE WA WFO CLIMATE SUMMARY FOR OCTOBER 22 2020...
VALID TODAY AS OF 0500 PM LOCAL TIME.

CLIMATE NORMAL PERIOD 1981 TO 2010
CLIMATE RECORD PERIOD 1986 TO 2020


WEATHER ITEM   OBSERVED TIME   RECORD YEAR     LAST
                VALUE   (LST)  VALUE           YEAR
....................................................
TEMPERATURE (F)
 TODAY
  MAXIMUM         55        MM  71    2005    59
  MINIMUM         42        MM  39    2000    45
  AVERAGE         49                          52

PRECIPITATION (IN)
  TODAY            0.00          1.39 2014     0.13
  MONTH TO DATE    2.89                        2.14
  SINCE OCT 1      2.89                        2.14
  SINCE JAN 1     33.14                       21.72

SNOWFALL (IN)
  TODAY            0.0                         0.0
  MONTH TO DATE    0.0                         0.0
  SINCE OCT 1      0.0                         0.0
  SINCE JUL 1      0.0                         0.0
  SNOW DEPTH      MM

DEGREE DAYS
 HEATING
  TODAY           16                          13
  MONTH TO DATE  174                         269
  SINCE SEP 1    216                         371
  SINCE JUL 1    271                         395

 COOLING
  TODAY            0                           0
  MONTH TO DATE    0                           0
  SINCE SEP 1     62                          30
  SINCE JAN 1    248                         215
....................................................





WEATHER CONDITIONS
 THE FOLLOWING WEATHER WAS RECORDED TODAY.
  NO SIGNIFICANT WEATHER WAS OBSERVED.






-  INDICATES NEGATIVE NUMBERS.
R  INDICATES RECORD WAS SET OR TIED.
MM INDICATES DATA IS MISSING.
T  INDICATES TRACE AMOUNT.




$$
