000
CDUS46 KMTR 200032
CLISFD

CLIMATE REPORT
NATIONAL WEATHER SERVICE SAN FRANCISCO BAY AREA
532 PM PDT MON OCT 19 2020

...................................

...THE SAN FRANCISCO DWTN CA CLIMATE SUMMARY FOR OCTOBER 19 2020...
VALID TODAY AS OF 0500 PM LOCAL TIME.

CLIMATE NORMAL PERIOD: 1981 TO 2010
CLIMATE RECORD PERIOD: 1850 TO 2020


WEATHER ITEM   OBSERVED TIME   RECORD YEAR NORMAL DEPARTURE LAST
                VALUE   (LST)  VALUE       VALUE  FROM      YEAR
                                                  NORMAL
...................................................................
TEMPERATURE (F)
 TODAY
  MAXIMUM         69   1:43 PM  90    1913  69      0       65
  MINIMUM         55   7:43 AM  47    2013  54      1       54
  AVERAGE         62                        61      1       60

PRECIPITATION (IN)
  TODAY            0.00          1.09 2004   0.04  -0.04     0.00
  MONTH TO DATE    0.01                      0.47  -0.46     0.01
  SINCE OCT 1      0.01                      0.47  -0.46     0.01
  SINCE JAN 1      5.25                     15.28 -10.03    19.90

DEGREE DAYS
 HEATING
  TODAY            3                        MM     MM        5
  MONTH TO DATE   42                        56    -14       76
  SINCE SEP 1     97                       135    -38      136
  SINCE JUL 1    326                       389    -63      311

 COOLING
  TODAY            0                        MM     MM        0
  MONTH TO DATE   88                         0     88       20
  SINCE SEP 1    167                         0    167       89
  SINCE JAN 1    240                         0    240      177
...................................................................


THE SAN FRANCISCO DWTN CA CLIMATE NORMALS FOR TOMORROW
                         NORMAL    RECORD    YEAR
 MAXIMUM TEMPERATURE (F)   69        89      1991
 MINIMUM TEMPERATURE (F)   54        45      1949


SUNRISE AND SUNSET
OCTOBER 19 2020.......SUNRISE   7:23 AM PDT   SUNSET   6:26 PM PDT
OCTOBER 20 2020.......SUNRISE   7:24 AM PDT   SUNSET   6:25 PM PDT


-  INDICATES NEGATIVE NUMBERS.
R  INDICATES RECORD WAS SET OR TIED.
MM INDICATES DATA IS MISSING.
T  INDICATES TRACE AMOUNT.




$$
