000
CDUS46 KMTR 190845
CLISFD


CLIMATE REPORT
NATIONAL WEATHER SERVICE SAN FRANCISCO BAY AREA
144 AM PDT TUE JUN 19 2018


...................................

...THE SAN FRANCISCO DWTN CA CLIMATE SUMMARY FOR JUNE 18 2018...

CLIMATE NORMAL PERIOD 1981 TO 2010
CLIMATE RECORD PERIOD 1850 TO 2018


WEATHER ITEM   OBSERVED TIME   RECORD YEAR NORMAL DEPARTURE LAST
                VALUE   (LST)  VALUE       VALUE  FROM      YEAR
                                                  NORMAL
..................................................................
TEMPERATURE (F)
 YESTERDAY
  MAXIMUM         63   1243 PM  88    2017  67     -4       88
  MINIMUM         54   1043 PM  47    1908  53      1       61
  AVERAGE         59                        60     -1       75

PRECIPITATION (IN)
  YESTERDAY        0.00          0.10 1974   0.00   0.00     0.00
  MONTH TO DATE    0.01                      0.13  -0.12     0.10
  SINCE OCT 1     17.42                     23.35  -5.93    32.33
  SINCE JAN 1     14.13                     14.51  -0.38    23.30

DEGREE DAYS
 HEATING
  YESTERDAY        6                        MM     MM        0
  MONTH TO DATE   95                        MM     MM       91
  SINCE JUN 1     95                        MM     MM       91
  SINCE JUL 1   2354                        MM     MM     2604

 COOLING
  YESTERDAY        0                        MM     MM       10
  MONTH TO DATE    1                         0      1       13
  SINCE JUN 1      1                         0      1       13
  SINCE JAN 1     10                         0     10       21
..................................................................







THE SAN FRANCISCO DWTN CA CLIMATE NORMALS FOR TODAY
                         NORMAL    RECORD    YEAR
 MAXIMUM TEMPERATURE (F)   67        92      1920
 MINIMUM TEMPERATURE (F)   53        47      1893


SUNRISE AND SUNSET
JUNE 19 2018..........SUNRISE   548 AM PDT   SUNSET   835 PM PDT
JUNE 20 2018..........SUNRISE   548 AM PDT   SUNSET   835 PM PDT


-  INDICATES NEGATIVE NUMBERS.
R  INDICATES RECORD WAS SET OR TIED.
MM INDICATES DATA IS MISSING.
T  INDICATES TRACE AMOUNT.




$$
