831
CDUS46 KMTR 190836
CLISFD


CLIMATE REPORT
NATIONAL WEATHER SERVICE SAN FRANCISCO BAY AREA
136 AM PDT SAT OCT 19 2019


...................................

...THE SAN FRANCISCO DWTN CA CLIMATE SUMMARY FOR OCTOBER 18 2019...

CLIMATE NORMAL PERIOD 1981 TO 2010
CLIMATE RECORD PERIOD 1850 TO 2019


WEATHER ITEM   OBSERVED TIME   RECORD YEAR NORMAL DEPARTURE LAST
                VALUE   (LST)  VALUE       VALUE  FROM      YEAR
                                                  NORMAL
..................................................................
TEMPERATURE (F)
 YESTERDAY
  MAXIMUM         64    143 PM  88    1933  69     -5       65
  MINIMUM         54    643 AM  47    1949  54      0       53
  AVERAGE         59                        62     -3       59

PRECIPITATION (IN)
  YESTERDAY        0.00          1.33 1889   0.04  -0.04     0.00
  MONTH TO DATE    0.01                      0.43  -0.42     0.21
  SINCE OCT 1      0.01                      0.43  -0.42     0.21
  SINCE JAN 1     19.90                     15.24   4.66    14.34

DEGREE DAYS
 HEATING
  YESTERDAY        6                        MM     MM        6
  MONTH TO DATE   71                        MM     MM       45
  SINCE SEP 1    131                        MM     MM      181
  SINCE JUL 1    306                        MM     MM      447

 COOLING
  YESTERDAY        0                        MM     MM        0
  MONTH TO DATE   20                         0     20       22
  SINCE SEP 1     89                         0     89       28
  SINCE JAN 1    177                         0    177       43
..................................................................







THE SAN FRANCISCO DWTN CA CLIMATE NORMALS FOR TODAY
                         NORMAL    RECORD    YEAR
 MAXIMUM TEMPERATURE (F)   69        90      1913
 MINIMUM TEMPERATURE (F)   54        47      2013


SUNRISE AND SUNSET
OCTOBER 19 2019.......SUNRISE   722 AM PDT   SUNSET   627 PM PDT
OCTOBER 20 2019.......SUNRISE   723 AM PDT   SUNSET   626 PM PDT


-  INDICATES NEGATIVE NUMBERS.
R  INDICATES RECORD WAS SET OR TIED.
MM INDICATES DATA IS MISSING.
T  INDICATES TRACE AMOUNT.




$$
