000
CDUS46 KMTR 280028
CLISFD

CLIMATE REPORT
NATIONAL WEATHER SERVICE SAN FRANCISCO BAY AREA
528 PM PDT WED MAY 27 2020

...................................

...THE SAN FRANCISCO DWTN CA CLIMATE SUMMARY FOR MAY 27 2020...
VALID TODAY AS OF 0500 PM LOCAL TIME.

CLIMATE NORMAL PERIOD: 1981 TO 2010
CLIMATE RECORD PERIOD: 1850 TO 2020


WEATHER ITEM   OBSERVED TIME   RECORD YEAR NORMAL DEPARTURE LAST
                VALUE   (LST)  VALUE       VALUE  FROM      YEAR
                                                  NORMAL
...................................................................
TEMPERATURE (F)
 TODAY
  MAXIMUM         72  11:43 AM  93    1984  65      7       60
  MINIMUM         60   4:43 AM  47    1893  52      8       50
  AVERAGE         66                        58      8       55

PRECIPITATION (IN)
  TODAY            0.00          1.42 1990   0.02  -0.02     0.00
  MONTH TO DATE    0.24                      0.64  -0.40     1.94
  SINCE OCT 1     11.23                     23.16 -11.93    25.72
  SINCE JAN 1      4.85                     14.32  -9.47    19.77

DEGREE DAYS
 HEATING
  TODAY            0                        MM     MM       10
  MONTH TO DATE  124                       200    -76      228
  SINCE MAR 1    688                       776    -88      731
  SINCE JUL 1   2226                      2808   -582     2449

 COOLING
  TODAY            1                        MM     MM        0
  MONTH TO DATE    8                         0      8        0
  SINCE MAR 1      8                         0      8        4
  SINCE JAN 1      8                         0      8        4
...................................................................


THE SAN FRANCISCO DWTN CA CLIMATE NORMALS FOR TOMORROW
                         NORMAL    RECORD    YEAR
 MAXIMUM TEMPERATURE (F)   65        97      1887
 MINIMUM TEMPERATURE (F)   52        47      1893


SUNRISE AND SUNSET
MAY 27 2020...........SUNRISE   5:51 AM PDT   SUNSET   8:23 PM PDT
MAY 28 2020...........SUNRISE   5:51 AM PDT   SUNSET   8:24 PM PDT


-  INDICATES NEGATIVE NUMBERS.
R  INDICATES RECORD WAS SET OR TIED.
MM INDICATES DATA IS MISSING.
T  INDICATES TRACE AMOUNT.




$$
