000
CDUS46 KOTX 210841
CLISFF

CLIMATE REPORT
NATIONAL WEATHER SERVICE SPOKANE WA
141 AM PDT WED OCT 21 2020

...................................

...THE SPOKANE WA FELTS AIRPORT CLIMATE SUMMARY FOR OCTOBER 20 2020...

CLIMATE NORMAL PERIOD 1981 TO 2010
CLIMATE RECORD PERIOD 9999 TO 9999


WEATHER ITEM   OBSERVED TIME   RECORD YEAR NORMAL DEPARTURE LAST
                VALUE   (LST)  VALUE       VALUE  FROM      YEAR
                                                  NORMAL
...................................................................
TEMPERATURE (F)
 YESTERDAY
  MAXIMUM         56    328 PM  MM      MM  57     -1       49
  MINIMUM         36    631 AM  MM      MM  36      0       40
  AVERAGE         46                        46      0       45

PRECIPITATION (IN)
  YESTERDAY        0.00         MM      MM   0.05  -0.05     0.15
  MONTH TO DATE    1.00                      0.78   0.22     1.07
  SINCE OCT 1      1.00                      0.78   0.22     1.07
  SINCE JAN 1     11.38                     12.36  -0.98    12.80

SNOWFALL (IN)
  YESTERDAY       MM

DEGREE DAYS
 HEATING
  YESTERDAY       19                        19      0       20
  MONTH TO DATE  172                       296   -124      376
  SINCE SEP 1    257                       461   -204      542
  SINCE JUL 1    272                       507   -235      547

 COOLING
  YESTERDAY        0                         0      0        0
  MONTH TO DATE    0                         0      0        0
  SINCE SEP 1     58                        30     28       40
  SINCE JAN 1    553                       406    147      522
...................................................................


WIND (MPH)
  HIGHEST WIND SPEED    17   HIGHEST WIND DIRECTION    SW (220)
  HIGHEST GUST SPEED    20   HIGHEST GUST DIRECTION    SW (220)
  AVERAGE WIND SPEED     1.6


SKY COVER
  POSSIBLE SUNSHINE  MM
  AVERAGE SKY COVER 0.3


WEATHER CONDITIONS
THE FOLLOWING WEATHER WAS RECORDED YESTERDAY.
  NO SIGNIFICANT WEATHER WAS OBSERVED.


RELATIVE HUMIDITY (PERCENT)
 HIGHEST    92           700 AM
 LOWEST     43           300 PM
 AVERAGE    68

..........................................................


THE SPOKANE WA FELTS AIRPORT CLIMATE NORMALS FOR TODAY
                         NORMAL    RECORD    YEAR
 MAXIMUM TEMPERATURE (F)   57        MM        MM
 MINIMUM TEMPERATURE (F)   35        MM        MM


SUNRISE AND SUNSET
OCTOBER 21 2020.......SUNRISE   718 AM PDT   SUNSET   549 PM PDT
OCTOBER 22 2020.......SUNRISE   719 AM PDT   SUNSET   547 PM PDT


-  INDICATES NEGATIVE NUMBERS.
R  INDICATES RECORD WAS SET OR TIED.
MM INDICATES DATA IS MISSING.
T  INDICATES TRACE AMOUNT.




$$
