000
CDUS46 KOTX 210853
CLISFF


CLIMATE REPORT
NATIONAL WEATHER SERVICE SPOKANE, WA
1251 AM PST THU FEB 21 2019


...................................

...THE SPOKANE WA FELTS AIRPORT CLIMATE SUMMARY FOR FEBRUARY 20 2019...

CLIMATE NORMAL PERIOD 1981 TO 2010
CLIMATE RECORD PERIOD 9999 TO 9999


WEATHER ITEM   OBSERVED TIME   RECORD YEAR NORMAL DEPARTURE LAST
                VALUE   (LST)  VALUE       VALUE  FROM      YEAR
                                                  NORMAL
..................................................................
TEMPERATURE (F)
 YESTERDAY
  MAXIMUM         33    321 PM  MM      MM  44    -11       24
  MINIMUM         17   1145 PM  MM      MM  26     -9       10
  AVERAGE         25                        35    -10       17

PRECIPITATION (IN)
  YESTERDAY        0.01         MM      MM   0.04  -0.03     0.00
  MONTH TO DATE    1.45                      1.06   0.39     1.54
  SINCE OCT 1      9.20                      9.21  -0.01    10.59
  SINCE JAN 1      2.97                      3.01  -0.04     3.69

SNOWFALL (IN)
  YESTERDAY       MM

DEGREE DAYS
 HEATING
  YESTERDAY       40                        30     10       48
  MONTH TO DATE  799                       626    173      605
  SINCE DEC 1   2722                      2764    -42     2613
  SINCE JUL 1   4161                      4338   -177     4018

 COOLING
  YESTERDAY        0                         0      0        0
  MONTH TO DATE    0                         0      0        0
  SINCE DEC 1      0                         0      0        0
  SINCE JAN 1      0                         0      0        0
..................................................................


WIND (MPH)
  HIGHEST WIND SPEED     8   HIGHEST WIND DIRECTION     N (340)
  HIGHEST GUST SPEED    11   HIGHEST GUST DIRECTION     N (350)
  AVERAGE WIND SPEED     0.7


SKY COVER
  POSSIBLE SUNSHINE  MM
  AVERAGE SKY COVER 0.8


WEATHER CONDITIONS
 THE FOLLOWING WEATHER WAS RECORDED YESTERDAY.
  LIGHT SNOW
  FOG
  HAZE


RELATIVE HUMIDITY (PERCENT)
 HIGHEST    91          1100 PM
 LOWEST     63           400 PM
 AVERAGE    77

..........................................................


THE SPOKANE WA FELTS AIRPORT CLIMATE NORMALS FOR TODAY
                         NORMAL    RECORD    YEAR
 MAXIMUM TEMPERATURE (F)   44        MM        MM
 MINIMUM TEMPERATURE (F)   26        MM        MM


SUNRISE AND SUNSET
FEBRUARY 21 2019......SUNRISE   645 AM PST   SUNSET   522 PM PST
FEBRUARY 22 2019......SUNRISE   643 AM PST   SUNSET   523 PM PST


-  INDICATES NEGATIVE NUMBERS.
R  INDICATES RECORD WAS SET OR TIED.
MM INDICATES DATA IS MISSING.
T  INDICATES TRACE AMOUNT.




$$
