000
CDUS46 KOTX 140934
CLISFF


CLIMATE REPORT
NATIONAL WEATHER SERVICE SPOKANE, WA
234 AM PDT TUE AUG 14 2018


...................................

...THE SPOKANE WA FELTS AIRPORT CLIMATE SUMMARY FOR AUGUST 13 2018...

CLIMATE NORMAL PERIOD 1981 TO 2010
CLIMATE RECORD PERIOD 9999 TO 9999


WEATHER ITEM   OBSERVED TIME   RECORD YEAR NORMAL DEPARTURE LAST
                VALUE   (LST)  VALUE       VALUE  FROM      YEAR
                                                  NORMAL
..................................................................
TEMPERATURE (F)
 YESTERDAY
  MAXIMUM         84    412 PM  MM      MM  85     -1       76
  MINIMUM         53    524 AM  MM      MM  55     -2       62
  AVERAGE         69                        70     -1       69

PRECIPITATION (IN)
  YESTERDAY        0.00         MM      MM   0.03  -0.03     0.03
  MONTH TO DATE    0.00                      0.24  -0.24     0.03
  SINCE OCT 1     16.20                     16.48  -0.28    22.03
  SINCE JAN 1      9.30                     10.28  -0.98    12.94

SNOWFALL (IN)
  YESTERDAY       MM

DEGREE DAYS
 HEATING
  YESTERDAY        0                         0      0        0
  MONTH TO DATE    0                         0      0        0
  SINCE JUN 1     84                       139    -55       70
  SINCE JUL 1     10                        21    -11        0

 COOLING
  YESTERDAY        4                         6     -2        4
  MONTH TO DATE  141                        84     57      151
  SINCE JUN 1    451                       295    156      536
  SINCE JAN 1    486                       302    184      564
..................................................................


WIND (MPH)
  HIGHEST WIND SPEED    10   HIGHEST WIND DIRECTION     W (290)
  HIGHEST GUST SPEED    15   HIGHEST GUST DIRECTION     N (340)
  AVERAGE WIND SPEED     2.0


SKY COVER
  POSSIBLE SUNSHINE  MM
  AVERAGE SKY COVER 0.4


WEATHER CONDITIONS
 THE FOLLOWING WEATHER WAS RECORDED YESTERDAY.
  HAZE


RELATIVE HUMIDITY (PERCENT)
 HIGHEST    77           400 AM
 LOWEST     20           500 PM
 AVERAGE    49

..........................................................


THE SPOKANE WA FELTS AIRPORT CLIMATE NORMALS FOR TODAY
                         NORMAL    RECORD    YEAR
 MAXIMUM TEMPERATURE (F)   85        MM        MM
 MINIMUM TEMPERATURE (F)   55        MM        MM


SUNRISE AND SUNSET
AUGUST 14 2018........SUNRISE   544 AM PDT   SUNSET   803 PM PDT
AUGUST 15 2018........SUNRISE   545 AM PDT   SUNSET   801 PM PDT


-  INDICATES NEGATIVE NUMBERS.
R  INDICATES RECORD WAS SET OR TIED.
MM INDICATES DATA IS MISSING.
T  INDICATES TRACE AMOUNT.




$$
