142
CDUS43 KSGF 162226
CLISGF


CLIMATE REPORT
NATIONAL WEATHER SERVICE SPRINGFIELD MO
526 PM CDT WED OCT 16 2019


...................................

...THE SPRINGFIELD MO CLIMATE SUMMARY FOR OCTOBER 16 2019...
VALID TODAY AS OF 0500 PM LOCAL TIME.

CLIMATE NORMAL PERIOD 1981 TO 2010
CLIMATE RECORD PERIOD 1888 TO 2019


WEATHER ITEM   OBSERVED TIME   RECORD YEAR NORMAL DEPARTURE LAST
                VALUE   (LST)  VALUE       VALUE  FROM      YEAR
                                                  NORMAL
..................................................................
TEMPERATURE (F)
 TODAY
  MAXIMUM         57    354 PM  87    2016  69    -12       59
  MINIMUM         37    631 AM  28    1966  47    -10       35
                                      1943
  AVERAGE         47                        58    -11       47

PRECIPITATION (IN)
  TODAY            0.00          1.42 1899   0.11  -0.11     0.00
  MONTH TO DATE    4.31                      1.83   2.48     2.73
  SINCE SEP 1      5.92                      6.44  -0.52     6.82
  SINCE JAN 1     46.00                     36.55   9.45    37.12

SNOWFALL (IN)
  TODAY            0.0
  MONTH TO DATE    0.0
  SINCE SEP 1      0.0
  SINCE JUL 1      0.0
  SNOW DEPTH       0

DEGREE DAYS
 HEATING
  TODAY           18                         8     10       18
  MONTH TO DATE  113                       100     13      115
  SINCE SEP 1    113                       153    -40      134
  SINCE JUL 1    113                       155    -42      134

 COOLING
  TODAY            0                         1     -1        0
  MONTH TO DATE   37                        22     15       88
  SINCE SEP 1    444                       195    249      342
  SINCE JAN 1   1687                      1381    306     1976
..................................................................


WIND (MPH)
  HIGHEST WIND SPEED    16   HIGHEST WIND DIRECTION     N (350)
  HIGHEST GUST SPEED    21   HIGHEST GUST DIRECTION     N (340)


SKY COVER
  AVERAGE SKY COVER 0.1


WEATHER CONDITIONS
 THE FOLLOWING WEATHER WAS RECORDED TODAY.
  HAZE


RELATIVE HUMIDITY (PERCENT)
 HIGHEST    85           600 AM
 LOWEST     51           300 PM
 AVERAGE    68

..........................................................


THE SPRINGFIELD MO CLIMATE NORMALS FOR TOMORROW
                         NORMAL    RECORD    YEAR
 MAXIMUM TEMPERATURE (F)   69        89      1964
 MINIMUM TEMPERATURE (F)   46        25      1976


SUNRISE AND SUNSET
OCTOBER 16 2019.......SUNRISE   722 AM CDT   SUNSET   635 PM CDT
OCTOBER 17 2019.......SUNRISE   723 AM CDT   SUNSET   634 PM CDT


-  INDICATES NEGATIVE NUMBERS.
R  INDICATES RECORD WAS SET OR TIED.
MM INDICATES DATA IS MISSING.
T  INDICATES TRACE AMOUNT.




$$
