000
CDUS43 KSGF 150626
CLISGF

CLIMATE REPORT
NATIONAL WEATHER SERVICE
126 AM CDT TUE JUN 15 2021

...................................

...THE SPRINGFIELD MO CLIMATE SUMMARY FOR JUNE 14 2021...

CLIMATE NORMAL PERIOD: 1991 TO 2020
CLIMATE RECORD PERIOD: 1888 TO 2021


WEATHER ITEM   OBSERVED TIME   RECORD YEAR NORMAL DEPARTURE LAST
                VALUE   (LST)  VALUE       VALUE  FROM      YEAR
                                                  NORMAL
...................................................................
TEMPERATURE (F)
 YESTERDAY
  MAXIMUM         91   3:50 PM 100    1963  85      6       90
  MINIMUM         59   5:06 AM  44    1942  64     -5       65
  AVERAGE         75

PRECIPITATION (IN)
  YESTERDAY        0.00          2.90 1937   0.15  -0.15     0.00
  MONTH TO DATE    1.23                      2.13  -0.90     3.10
  SINCE JUN 1      1.23                      2.13  -0.90     3.10
  SINCE JAN 1     28.44                     20.85   7.59    35.48

SNOWFALL (IN)
  YESTERDAY        0.0                                       0.0
  MONTH TO DATE    0.0                                       0.0
  SINCE JUN 1      0.0                                       0.0
  SINCE JUL 1     16.6                                        T
  SNOW DEPTH       0

DEGREE DAYS
 HEATING
  YESTERDAY        0                         0               0
  MONTH TO DATE   10                         3               0
  SINCE JUN 1     10                         3               0
  SINCE JUL 1   4495                      4274            4260

 COOLING
  YESTERDAY       10                        10              13
  MONTH TO DATE  122                       116             146
  SINCE JUN 1    122                       116             146
  SINCE JAN 1    209                       265             227
...................................................................


WIND (MPH)
  RESULTANT WIND SPEED   1   RESULTANT WIND DIRECTION   N (10)
  HIGHEST WIND SPEED     9   HIGHEST WIND DIRECTION     N (340)
  HIGHEST GUST SPEED    12   HIGHEST GUST DIRECTION     N (360)
  AVERAGE WIND SPEED     2.3


SKY COVER
  AVERAGE SKY COVER 0.0


WEATHER CONDITIONS
THE FOLLOWING WEATHER WAS RECORDED YESTERDAY.
  NO SIGNIFICANT WEATHER WAS OBSERVED.


RELATIVE HUMIDITY (PERCENT)
 HIGHEST    93
 LOWEST     33
 AVERAGE    63

..........................................................


THE SPRINGFIELD MO CLIMATE NORMALS FOR TODAY
                         NORMAL    RECORD    YEAR
 MAXIMUM TEMPERATURE (F)   85       101      1953
 MINIMUM TEMPERATURE (F)   65        47      1989


SUNRISE AND SUNSET
JUNE 15 2021..........SUNRISE   5:53 AM CDT   SUNSET   8:36 PM CDT
JUNE 16 2021..........SUNRISE   5:53 AM CDT   SUNSET   8:36 PM CDT


-  INDICATES NEGATIVE NUMBERS.
R  INDICATES RECORD WAS SET OR TIED.
MM INDICATES DATA IS MISSING.
T  INDICATES TRACE AMOUNT.




$$
