744
CDUS43 KSGF 172228
CLISGF


CLIMATE REPORT
NATIONAL WEATHER SERVICE SPRINGFIELD MO
527 PM CDT FRI AUG 17 2018


...................................

...THE SPRINGFIELD MO CLIMATE SUMMARY FOR AUGUST 17 2018...
VALID TODAY AS OF 0500 PM LOCAL TIME.

CLIMATE NORMAL PERIOD 1981 TO 2010
CLIMATE RECORD PERIOD 1888 TO 2018


WEATHER ITEM   OBSERVED TIME   RECORD YEAR NORMAL DEPARTURE LAST
                VALUE   (LST)  VALUE       VALUE  FROM      YEAR
                                                  NORMAL
..................................................................
TEMPERATURE (F)
 TODAY
  MAXIMUM         85    354 PM 103    1956  89     -4       84
  MINIMUM         69    554 AM  50    1992  67      2       64
  AVERAGE         77                        78     -1       74

PRECIPITATION (IN)
  TODAY            0.01          1.97 1915   0.11  -0.10     0.01
  MONTH TO DATE    2.10                      1.80   0.30     5.67
  SINCE JUN 1      7.46                     10.33  -2.87    12.44
  SINCE JAN 1     25.69                     28.36  -2.67    41.14

SNOWFALL (IN)
  TODAY            0.0
  MONTH TO DATE    0.0
  SINCE JUN 1      0.0
  SINCE JUL 1      0.0
  SNOW DEPTH       0

DEGREE DAYS
 HEATING
  TODAY            0                         0      0        0
  MONTH TO DATE    0                         0      0        0
  SINCE JUN 1      0                         9     -9        0
  SINCE JUL 1      0                         0      0        0

 COOLING
  TODAY           12                        13     -1        9
  MONTH TO DATE  254                       234     20      153
  SINCE JUN 1   1195                       907    288      888
  SINCE JAN 1   1481                      1022    459     1036
..................................................................


WIND (MPH)
  HIGHEST WIND SPEED    13   HIGHEST WIND DIRECTION    SW (220)
  HIGHEST GUST SPEED    18   HIGHEST GUST DIRECTION    SW (230)


SKY COVER
  AVERAGE SKY COVER 0.3


WEATHER CONDITIONS
 THE FOLLOWING WEATHER WAS RECORDED TODAY.
  LIGHT RAIN
  FOG


RELATIVE HUMIDITY (PERCENT)
 HIGHEST    97           400 AM
 LOWEST     59           300 PM
 AVERAGE    78

..........................................................


THE SPRINGFIELD MO CLIMATE NORMALS FOR TOMORROW
                         NORMAL    RECORD    YEAR
 MAXIMUM TEMPERATURE (F)   89       103      1984
 MINIMUM TEMPERATURE (F)   67        50      1943


SUNRISE AND SUNSET
AUGUST 17 2018........SUNRISE   632 AM CDT   SUNSET   803 PM CDT
AUGUST 18 2018........SUNRISE   633 AM CDT   SUNSET   802 PM CDT


-  INDICATES NEGATIVE NUMBERS.
R  INDICATES RECORD WAS SET OR TIED.
MM INDICATES DATA IS MISSING.
T  INDICATES TRACE AMOUNT.




$$
