000
CDUS43 KSGF 160641
CLISGF


CLIMATE REPORT
NATIONAL WEATHER SERVICE SPRINGFIELD MO
140 AM CDT TUE OCT 16 2018


...................................

...THE SPRINGFIELD MO CLIMATE SUMMARY FOR OCTOBER 15 2018...

CLIMATE NORMAL PERIOD 1981 TO 2010
CLIMATE RECORD PERIOD 1888 TO 2018


WEATHER ITEM   OBSERVED TIME   RECORD YEAR NORMAL DEPARTURE LAST
                VALUE   (LST)  VALUE       VALUE  FROM      YEAR
                                                  NORMAL
..................................................................
TEMPERATURE (F)
 YESTERDAY
  MAXIMUM         47    416 PM  86    1963  69    -22       68
                                      1938
  MINIMUM         35    733 AM  31    1986  47    -12       43
  AVERAGE         41                        58    -17       56

PRECIPITATION (IN)
  YESTERDAY        T             1.68 1967   0.11  -0.11     0.57
  MONTH TO DATE    2.73                      1.72   1.01     1.04
  SINCE SEP 1      6.82                      6.33   0.49     1.63
  SINCE JAN 1     37.12                     36.44   0.68    44.21

SNOWFALL (IN)
  YESTERDAY        0.0
  MONTH TO DATE    0.0
  SINCE SEP 1      0.0
  SINCE JUL 1      0.0
  SNOW DEPTH       0

DEGREE DAYS
 HEATING
  YESTERDAY       24                         8     16        9
  MONTH TO DATE   97                        92      5       37
  SINCE SEP 1    116                       145    -29       45
  SINCE JUL 1    116                       147    -31       45

 COOLING
  YESTERDAY        0                         1     -1        0
  MONTH TO DATE   88                        21     67       82
  SINCE SEP 1    342                       194    148      300
  SINCE JAN 1   1976                      1380    596     1458
..................................................................


WIND (MPH)
  HIGHEST WIND SPEED    22   HIGHEST WIND DIRECTION     N (340)
  HIGHEST GUST SPEED    29   HIGHEST GUST DIRECTION     N (340)
  AVERAGE WIND SPEED    10.7


SKY COVER
  AVERAGE SKY COVER 0.6


WEATHER CONDITIONS
 THE FOLLOWING WEATHER WAS RECORDED YESTERDAY.
  LIGHT RAIN
  FOG


RELATIVE HUMIDITY (PERCENT)
 HIGHEST    92           300 AM
 LOWEST     60           400 PM
 AVERAGE    76

..........................................................


THE SPRINGFIELD MO CLIMATE NORMALS FOR TODAY
                         NORMAL    RECORD    YEAR
 MAXIMUM TEMPERATURE (F)   69        87      2016
 MINIMUM TEMPERATURE (F)   47        28      1966
                                             1943


SUNRISE AND SUNSET
OCTOBER 16 2018.......SUNRISE   722 AM CDT   SUNSET   635 PM CDT
OCTOBER 17 2018.......SUNRISE   723 AM CDT   SUNSET   634 PM CDT


-  INDICATES NEGATIVE NUMBERS.
R  INDICATES RECORD WAS SET OR TIED.
MM INDICATES DATA IS MISSING.
T  INDICATES TRACE AMOUNT.




$$
