000
CDUS43 KSGF 230644
CLISGF


CLIMATE REPORT
NATIONAL WEATHER SERVICE SPRINGFIELD MO
1242 AM CST WED JAN 23 2019


...................................

...THE SPRINGFIELD MO CLIMATE SUMMARY FOR JANUARY 22 2019...

CLIMATE NORMAL PERIOD 1981 TO 2010
CLIMATE RECORD PERIOD 1888 TO 2019


WEATHER ITEM   OBSERVED TIME   RECORD YEAR NORMAL DEPARTURE LAST
                VALUE   (LST)  VALUE       VALUE  FROM      YEAR
                                                  NORMAL
..................................................................
TEMPERATURE (F)
 YESTERDAY
  MAXIMUM         47   1001 PM  74    1967  43      4       56
  MINIMUM         33   1159 PM -11    1930  22     11       33
  AVERAGE         40                        33      7       45

PRECIPITATION (IN)
  YESTERDAY        0.22          0.97 1937   0.08   0.14     0.13
  MONTH TO DATE    2.47                      1.81   0.66     1.87
  SINCE DEC 1      6.71                      4.85   1.86     3.39
  SINCE JAN 1      2.47                      1.81   0.66     1.87

SNOWFALL (IN)
  YESTERDAY        0.0
  MONTH TO DATE    0.6
  SINCE DEC 1      0.6
  SINCE JUL 1      2.3
  SNOW DEPTH       0

DEGREE DAYS
 HEATING
  YESTERDAY       25                        32     -7       20
  MONTH TO DATE  608                       719   -111      806
  SINCE DEC 1   1400                      1650   -250     1676
  SINCE JUL 1   2456                      2529    -73     2360

 COOLING
  YESTERDAY        0                         0      0        0
  MONTH TO DATE    0                         0      0        0
  SINCE DEC 1      0                         0      0        0
  SINCE JAN 1      0                         0      0        0
..................................................................


WIND (MPH)
  HIGHEST WIND SPEED    26   HIGHEST WIND DIRECTION    SE (150)
  HIGHEST GUST SPEED    40   HIGHEST GUST DIRECTION     S (160)
  AVERAGE WIND SPEED    18.0


SKY COVER
  AVERAGE SKY COVER 0.9


WEATHER CONDITIONS
 THE FOLLOWING WEATHER WAS RECORDED YESTERDAY.
  RAIN
  LIGHT RAIN
  FOG


RELATIVE HUMIDITY (PERCENT)
 HIGHEST    93           700 PM
 LOWEST     64           200 AM
 AVERAGE    79

..........................................................


THE SPRINGFIELD MO CLIMATE NORMALS FOR TODAY
                         NORMAL    RECORD    YEAR
 MAXIMUM TEMPERATURE (F)   43        75      1909
 MINIMUM TEMPERATURE (F)   22       -10      1963


SUNRISE AND SUNSET
JANUARY 23 2019.......SUNRISE   723 AM CST   SUNSET   528 PM CST
JANUARY 24 2019.......SUNRISE   722 AM CST   SUNSET   529 PM CST


-  INDICATES NEGATIVE NUMBERS.
R  INDICATES RECORD WAS SET OR TIED.
MM INDICATES DATA IS MISSING.
T  INDICATES TRACE AMOUNT.




$$
