000
CDUS45 KBYZ 150721
CLISHR


CLIMATE REPORT
NATIONAL WEATHER SERVICE BILLINGS MT
121 AM MDT SUN JUL 15 2018


...................................

...THE SHERIDAN WY CLIMATE SUMMARY FOR JULY 14 2018...

CLIMATE NORMAL PERIOD 1981 TO 2010
CLIMATE RECORD PERIOD 1907 TO 2018


WEATHER ITEM   OBSERVED TIME   RECORD YEAR NORMAL DEPARTURE LAST
                VALUE   (LST)  VALUE       VALUE  FROM      YEAR
                                                  NORMAL
..................................................................
TEMPERATURE (F)
 YESTERDAY
  MAXIMUM         92   1103 AM 107    2002  87      5       98
  MINIMUM         56    451 AM  41    1943  53      3       56
  AVERAGE         74                        70      4       77

PRECIPITATION (IN)
  YESTERDAY        0.00          1.13 1948   0.04  -0.04     0.00
  MONTH TO DATE    0.01                      0.56  -0.55     0.22
  SINCE OCT 1     13.49                     11.39   2.10    17.03
  SINCE JAN 1     10.50                      8.71   1.79    13.30

DEGREE DAYS
 HEATING
  YESTERDAY        0                         1     -1        0
  MONTH TO DATE    9                        18     -9        0
  SINCE JUN 1    115                       167    -52       78
  SINCE JUL 1      9                        18     -9        0

 COOLING
  YESTERDAY        9                         6      3       12
  MONTH TO DATE  106                        69     37      135
  SINCE JUN 1    142                       115     27      169
  SINCE JAN 1    147                       119     28      169
..................................................................


WIND (MPH)
  HIGHEST WIND SPEED    23   HIGHEST WIND DIRECTION    NW (330)
  HIGHEST GUST SPEED    36   HIGHEST GUST DIRECTION     E (90)
  AVERAGE WIND SPEED     9.0


SKY COVER
  POSSIBLE SUNSHINE  MM
  AVERAGE SKY COVER 0.2


WEATHER CONDITIONS
 THE FOLLOWING WEATHER WAS RECORDED YESTERDAY.
  THUNDERSTORM


RELATIVE HUMIDITY (PERCENT)
 HIGHEST    86           300 AM
 LOWEST     25          1000 AM
 AVERAGE    56

..........................................................


THE SHERIDAN WY CLIMATE NORMALS FOR TODAY
                         NORMAL    RECORD    YEAR
 MAXIMUM TEMPERATURE (F)   88       105      2006
 MINIMUM TEMPERATURE (F)   53        39      1970


SUNRISE AND SUNSET
JULY 15 2018..........SUNRISE   536 AM MDT   SUNSET   851 PM MDT
JULY 16 2018..........SUNRISE   537 AM MDT   SUNSET   850 PM MDT


-  INDICATES NEGATIVE NUMBERS.
R  INDICATES RECORD WAS SET OR TIED.
MM INDICATES DATA IS MISSING.
T  INDICATES TRACE AMOUNT.




$$
