000
CDUS45 KBYZ 200718
CLISHR


CLIMATE REPORT
NATIONAL WEATHER SERVICE BILLINGS MT
1218 AM MST TUE FEB 20 2018


...................................

...THE SHERIDAN WY CLIMATE SUMMARY FOR FEBRUARY 19 2018...

CLIMATE NORMAL PERIOD 1981 TO 2010
CLIMATE RECORD PERIOD 1907 TO 2018


WEATHER ITEM   OBSERVED TIME   RECORD YEAR NORMAL DEPARTURE LAST
                VALUE   (LST)  VALUE       VALUE  FROM      YEAR
                                                  NORMAL
..................................................................
TEMPERATURE (F)
 YESTERDAY
  MAXIMUM          3    246 PM  66    1981  40    -37       48
  MINIMUM         -2   1159 PM -23    1929  15    -17       29
  AVERAGE          1                        27    -26       39

PRECIPITATION (IN)
  YESTERDAY        0.09          0.24 1983   0.02   0.07     0.07
  MONTH TO DATE    1.53                      0.36   1.17     0.50
  SINCE OCT 1      5.15                      3.60   1.55     5.27
  SINCE JAN 1      2.16                      0.92   1.24     1.54

DEGREE DAYS
 HEATING
  YESTERDAY       64                        38     26       26
  MONTH TO DATE  965                       747    218      699
  SINCE DEC 1   3473                      3329    144     3743
  SINCE JUL 1   5263                      5207     56     5220

 COOLING
  YESTERDAY        0                         0      0        0
  MONTH TO DATE    0                         0      0        0
  SINCE DEC 1      0                         0      0        0
  SINCE JAN 1      0                         0      0        0
..................................................................


WIND (MPH)
  HIGHEST WIND SPEED    15   HIGHEST WIND DIRECTION    NW (310)
  HIGHEST GUST SPEED    17   HIGHEST GUST DIRECTION    NW (310)
  AVERAGE WIND SPEED     6.3


SKY COVER
  POSSIBLE SUNSHINE  MM
  AVERAGE SKY COVER 0.9


WEATHER CONDITIONS
 THE FOLLOWING WEATHER WAS RECORDED YESTERDAY.
  LIGHT SNOW
  FOG
  HAZE


RELATIVE HUMIDITY (PERCENT)
 HIGHEST    91           400 AM
 LOWEST     79           600 AM
 AVERAGE    85

..........................................................


THE SHERIDAN WY CLIMATE NORMALS FOR TODAY
                         NORMAL    RECORD    YEAR
 MAXIMUM TEMPERATURE (F)   40        68      1982
 MINIMUM TEMPERATURE (F)   15       -19      1918


SUNRISE AND SUNSET
FEBRUARY 20 2018......SUNRISE   700 AM MST   SUNSET   543 PM MST
FEBRUARY 21 2018......SUNRISE   659 AM MST   SUNSET   545 PM MST


-  INDICATES NEGATIVE NUMBERS.
R  INDICATES RECORD WAS SET OR TIED.
MM INDICATES DATA IS MISSING.
T  INDICATES TRACE AMOUNT.




$$
