000
CDUS45 KBYZ 120940
CLISHR

CLIMATE REPORT
NATIONAL WEATHER SERVICE BILLINGS MT
340 AM MDT WED AUG 12 2020

...................................

...THE SHERIDAN WY CLIMATE SUMMARY FOR AUGUST 11 2020...

CLIMATE NORMAL PERIOD 1981 TO 2010
CLIMATE RECORD PERIOD 1907 TO 2020


WEATHER ITEM   OBSERVED TIME   RECORD YEAR NORMAL DEPARTURE LAST
                VALUE   (LST)  VALUE       VALUE  FROM      YEAR
                                                  NORMAL
...................................................................
TEMPERATURE (F)
 YESTERDAY
  MAXIMUM         97    308 PM 104    1983  88      9       86
                                      2018
  MINIMUM         53    523 AM  37    1907  53      0       59
  AVERAGE         75                        70      5       73

PRECIPITATION (IN)
  YESTERDAY        0.00          0.23 1966   0.02  -0.02      T
  MONTH TO DATE    0.32                      0.27   0.05     0.16
  SINCE OCT 1      9.25                     12.28  -3.03    15.46
  SINCE JAN 1      6.30                      9.60  -3.30    12.62

DEGREE DAYS
 HEATING
  YESTERDAY        0                         1     -1        0
  MONTH TO DATE    0                         5     -5        0
  SINCE JUN 1     71                       178   -107      156
  SINCE JUL 1      1                        29    -28       18

 COOLING
  YESTERDAY       10                         6      4        8
  MONTH TO DATE   91                        73     18       96
  SINCE JUN 1    390                       301     89      290
  SINCE JAN 1    404                       305     99      290
...................................................................


WIND (MPH)
  HIGHEST WIND SPEED    10   HIGHEST WIND DIRECTION    NW (310)
  HIGHEST GUST SPEED    14   HIGHEST GUST DIRECTION    NW (300)
  AVERAGE WIND SPEED     2.6


SKY COVER
  POSSIBLE SUNSHINE  MM
  AVERAGE SKY COVER 0.0


WEATHER CONDITIONS
THE FOLLOWING WEATHER WAS RECORDED YESTERDAY.
  NO SIGNIFICANT WEATHER WAS OBSERVED.


RELATIVE HUMIDITY (PERCENT)
 HIGHEST    71           400 AM
 LOWEST     14           500 PM
 AVERAGE    43

..........................................................


THE SHERIDAN WY CLIMATE NORMALS FOR TODAY
                         NORMAL    RECORD    YEAR
 MAXIMUM TEMPERATURE (F)   88       104      2018
 MINIMUM TEMPERATURE (F)   53        39      1917


SUNRISE AND SUNSET
AUGUST 12 2020........SUNRISE   607 AM MDT   SUNSET   817 PM MDT
AUGUST 13 2020........SUNRISE   608 AM MDT   SUNSET   816 PM MDT


-  INDICATES NEGATIVE NUMBERS.
R  INDICATES RECORD WAS SET OR TIED.
MM INDICATES DATA IS MISSING.
T  INDICATES TRACE AMOUNT.




$$
