000
CDUS45 KBYZ 260721
CLISHR


CLIMATE REPORT
NATIONAL WEATHER SERVICE BILLINGS MT
121 AM MDT THU APR 26 2018


...................................

...THE SHERIDAN WY CLIMATE SUMMARY FOR APRIL 25 2018...

CLIMATE NORMAL PERIOD 1981 TO 2010
CLIMATE RECORD PERIOD 1907 TO 2018


WEATHER ITEM   OBSERVED TIME   RECORD YEAR NORMAL DEPARTURE LAST
                VALUE   (LST)  VALUE       VALUE  FROM      YEAR
                                                  NORMAL
..................................................................
TEMPERATURE (F)
 YESTERDAY
  MAXIMUM         74   1259 PM  81    1952  60     14       39
                                      1910
  MINIMUM         21    525 AM  14    1988  32    -11       32
                                      1958
                                      1950
  AVERAGE         48                        46      2       36

PRECIPITATION (IN)
  YESTERDAY        0.00          1.71 2017   0.07  -0.07     1.71
  MONTH TO DATE    1.31                      1.24   0.07     3.23
  SINCE OCT 1      7.96                      6.00   1.96    12.09
  SINCE JAN 1      4.97                      3.32   1.65     8.36

DEGREE DAYS
 HEATING
  YESTERDAY       17                        19     -2       29
  MONTH TO DATE  642                       552     90      463
  SINCE MAR 1   1646                      1476    170     1198
  SINCE JUL 1   7386                      7011    375     6720

 COOLING
  YESTERDAY        0                         0      0        0
  MONTH TO DATE    0                         0      0        0
  SINCE MAR 1      0                         0      0        0
  SINCE JAN 1      0                         0      0        0
..................................................................


WIND (MPH)
  HIGHEST WIND SPEED    33   HIGHEST WIND DIRECTION    NW (320)
  HIGHEST GUST SPEED    39   HIGHEST GUST DIRECTION    NW (320)
  AVERAGE WIND SPEED     9.9


SKY COVER
  POSSIBLE SUNSHINE  MM
  AVERAGE SKY COVER 0.1


WEATHER CONDITIONS
 THE FOLLOWING WEATHER WAS RECORDED YESTERDAY.
  NO SIGNIFICANT WEATHER WAS OBSERVED.


RELATIVE HUMIDITY (PERCENT)
 HIGHEST    85          1200 AM
 LOWEST     17           200 PM
 AVERAGE    51

..........................................................


THE SHERIDAN WY CLIMATE NORMALS FOR TODAY
                         NORMAL    RECORD    YEAR
 MAXIMUM TEMPERATURE (F)   61        87      1946
 MINIMUM TEMPERATURE (F)   32        11      1988


SUNRISE AND SUNSET
APRIL 26 2018.........SUNRISE   605 AM MDT   SUNSET   807 PM MDT
APRIL 27 2018.........SUNRISE   604 AM MDT   SUNSET   808 PM MDT


-  INDICATES NEGATIVE NUMBERS.
R  INDICATES RECORD WAS SET OR TIED.
MM INDICATES DATA IS MISSING.
T  INDICATES TRACE AMOUNT.




$$
