133
CDUS45 KBYZ 230721
CLISHR


CLIMATE REPORT
NATIONAL WEATHER SERVICE BILLINGS MT
1221 AM MST WED JAN 23 2019


...................................

...THE SHERIDAN WY CLIMATE SUMMARY FOR JANUARY 22 2019...

CLIMATE NORMAL PERIOD 1981 TO 2010
CLIMATE RECORD PERIOD 1907 TO 2019


WEATHER ITEM   OBSERVED TIME   RECORD YEAR NORMAL DEPARTURE LAST
                VALUE   (LST)  VALUE       VALUE  FROM      YEAR
                                                  NORMAL
..................................................................
TEMPERATURE (F)
 YESTERDAY
  MAXIMUM         31    309 PM  68    1981  37     -6       36
  MINIMUM          6   1021 PM -28    1927  12     -6        5
  AVERAGE         19                        24     -5       21

PRECIPITATION (IN)
  YESTERDAY        T             0.88 1948   0.02  -0.02     0.00
  MONTH TO DATE    0.30                      0.38  -0.08     0.48
  SINCE OCT 1      3.14                      3.06   0.08     3.47
  SINCE JAN 1      0.30                      0.38  -0.08     0.48

DEGREE DAYS
 HEATING
  YESTERDAY       46                        41      5       44
  MONTH TO DATE  810                       911   -101      920
  SINCE DEC 1   1950                      2216   -266     2193
  SINCE JUL 1   3840                      4094   -254     3983

 COOLING
  YESTERDAY        0                         0      0        0
  MONTH TO DATE    0                         0      0        0
  SINCE DEC 1      0                         0      0        0
  SINCE JAN 1      0                         0      0        0
..................................................................


WIND (MPH)
  HIGHEST WIND SPEED    29   HIGHEST WIND DIRECTION    NW (310)
  HIGHEST GUST SPEED    33   HIGHEST GUST DIRECTION    NW (310)
  AVERAGE WIND SPEED     8.1


SKY COVER
  POSSIBLE SUNSHINE  MM
  AVERAGE SKY COVER 0.3


WEATHER CONDITIONS
 THE FOLLOWING WEATHER WAS RECORDED YESTERDAY.
  LIGHT SNOW
  FOG


RELATIVE HUMIDITY (PERCENT)
 HIGHEST    88           400 AM
 LOWEST     53           200 PM
 AVERAGE    71

..........................................................


THE SHERIDAN WY CLIMATE NORMALS FOR TODAY
                         NORMAL    RECORD    YEAR
 MAXIMUM TEMPERATURE (F)   37        65      2005
 MINIMUM TEMPERATURE (F)   12       -27      1929


SUNRISE AND SUNSET
JANUARY 23 2019.......SUNRISE   736 AM MST   SUNSET   504 PM MST
JANUARY 24 2019.......SUNRISE   735 AM MST   SUNSET   505 PM MST


-  INDICATES NEGATIVE NUMBERS.
R  INDICATES RECORD WAS SET OR TIED.
MM INDICATES DATA IS MISSING.
T  INDICATES TRACE AMOUNT.




$$
