000
CDUS45 KBYZ 150721
CLISHR


CLIMATE REPORT
NATIONAL WEATHER SERVICE BILLINGS MT
121 AM MDT MON OCT 15 2018


...................................

...THE SHERIDAN WY CLIMATE SUMMARY FOR OCTOBER 14 2018...

CLIMATE NORMAL PERIOD 1981 TO 2010
CLIMATE RECORD PERIOD 1907 TO 2018


WEATHER ITEM   OBSERVED TIME   RECORD YEAR NORMAL DEPARTURE LAST
                VALUE   (LST)  VALUE       VALUE  FROM      YEAR
                                                  NORMAL
..................................................................
TEMPERATURE (F)
 YESTERDAY
  MAXIMUM         30    331 PM  84    1958  61    -31       50
  MINIMUM         15   1049 PM  11    1969  32    -17       24
  AVERAGE         23                        46    -23       37

PRECIPITATION (IN)
  YESTERDAY        T             0.48 2013   0.05  -0.05     0.00
  MONTH TO DATE    1.51                      0.76   0.75     0.14
  SINCE OCT 1      1.51                      0.76   0.75     0.14
  SINCE JAN 1     15.72                     12.24   3.48    15.92

DEGREE DAYS
 HEATING
  YESTERDAY       42                        19     23       28
  MONTH TO DATE  332                       230    102      293
  SINCE SEP 1    569                       471     98      569
  SINCE JUL 1    625                       533     92      593

 COOLING
  YESTERDAY        0                         0      0        0
  MONTH TO DATE    0                         0      0        0
  SINCE SEP 1     15                        28    -13       52
  SINCE JAN 1    399                       418    -19      481
..................................................................


WIND (MPH)
  HIGHEST WIND SPEED    21   HIGHEST WIND DIRECTION    NW (330)
  HIGHEST GUST SPEED    24   HIGHEST GUST DIRECTION    NW (320)
  AVERAGE WIND SPEED     8.6


SKY COVER
  POSSIBLE SUNSHINE  MM
  AVERAGE SKY COVER 0.4


WEATHER CONDITIONS
 THE FOLLOWING WEATHER WAS RECORDED YESTERDAY.
  LIGHT SNOW
  FOG


RELATIVE HUMIDITY (PERCENT)
 HIGHEST    88           500 AM
 LOWEST     63          1200 PM
 AVERAGE    76

..........................................................


THE SHERIDAN WY CLIMATE NORMALS FOR TODAY
                         NORMAL    RECORD    YEAR
 MAXIMUM TEMPERATURE (F)   60        85      1958
 MINIMUM TEMPERATURE (F)   31        17      1992


SUNRISE AND SUNSET
OCTOBER 15 2018.......SUNRISE   723 AM MDT   SUNSET   623 PM MDT
OCTOBER 16 2018.......SUNRISE   725 AM MDT   SUNSET   621 PM MDT


-  INDICATES NEGATIVE NUMBERS.
R  INDICATES RECORD WAS SET OR TIED.
MM INDICATES DATA IS MISSING.
T  INDICATES TRACE AMOUNT.




$$
