000
CDUS45 KBYZ 182223
CLISHR


CLIMATE REPORT
NATIONAL WEATHER SERVICE BILLINGS MT
422 PM MDT FRI OCT 18 2019


...................................

...THE SHERIDAN WY CLIMATE SUMMARY FOR OCTOBER 18 2019...
VALID TODAY AS OF 0400 PM LOCAL TIME.

CLIMATE NORMAL PERIOD 1981 TO 2010
CLIMATE RECORD PERIOD 1907 TO 2019


WEATHER ITEM   OBSERVED TIME   RECORD YEAR NORMAL DEPARTURE LAST
                VALUE   (LST)  VALUE       VALUE  FROM      YEAR
                                                  NORMAL
..................................................................
TEMPERATURE (F)
 TODAY
  MAXIMUM         61    104 PM  85    2003  59      2       72
  MINIMUM         41    648 AM   8    1925  30     11       28
  AVERAGE         51                        45      6       50

PRECIPITATION (IN)
  TODAY            0.01          0.96 1916   0.05  -0.04     0.00
  MONTH TO DATE    0.34                      0.95  -0.61     1.51
  SINCE OCT 1      0.34                      0.95  -0.61     1.51
  SINCE JAN 1     15.40                     12.43   2.97    15.72

DEGREE DAYS
 HEATING
  TODAY           14                        20     -6       15
  MONTH TO DATE  398                       309     89      413
  SINCE SEP 1    591                       550     41      650
  SINCE JUL 1    625                       610     15      706

 COOLING
  TODAY            0                         0      0        0
  MONTH TO DATE    0                         0      0        0
  SINCE SEP 1     52                        28     24       15
  SINCE JAN 1    403                       418    -15      399
..................................................................


WIND (MPH)
  HIGHEST WIND SPEED    26   HIGHEST WIND DIRECTION    NW (320)
  HIGHEST GUST SPEED    34   HIGHEST GUST DIRECTION    NW (320)
  AVERAGE WIND SPEED    12.2


SKY COVER
  POSSIBLE SUNSHINE  MM
  AVERAGE SKY COVER 0.7


WEATHER CONDITIONS
 THE FOLLOWING WEATHER WAS RECORDED TODAY.
  LIGHT RAIN


RELATIVE HUMIDITY (PERCENT)
 HIGHEST    82           600 AM
 LOWEST     22           300 PM
 AVERAGE    52

..........................................................


THE SHERIDAN WY CLIMATE NORMALS FOR TOMORROW
                         NORMAL    RECORD    YEAR
 MAXIMUM TEMPERATURE (F)   59        89      2003
 MINIMUM TEMPERATURE (F)   30         7      1925


SUNRISE AND SUNSET
OCTOBER 18 2019.......SUNRISE   727 AM MDT   SUNSET   618 PM MDT
OCTOBER 19 2019.......SUNRISE   728 AM MDT   SUNSET   617 PM MDT


-  INDICATES NEGATIVE NUMBERS.
R  INDICATES RECORD WAS SET OR TIED.
MM INDICATES DATA IS MISSING.
T  INDICATES TRACE AMOUNT.




$$
