000
CDUS44 KSHV 310731
CLISHV


CLIMATE REPORT
NATIONAL WEATHER SERVICE SHREVEPORT, LA
231 AM CDT SAT OCT 31 2020


...................................

...THE SHREVEPORT CLIMATE SUMMARY FOR OCTOBER 30 2020...

CLIMATE NORMAL PERIOD 1981 TO 2010
CLIMATE RECORD PERIOD 1874 TO 2020


WEATHER ITEM   OBSERVED TIME   RECORD YEAR NORMAL DEPARTURE LAST
                VALUE   (LST)  VALUE       VALUE  FROM      YEAR
                                                  NORMAL
..................................................................
TEMPERATURE (F)
 YESTERDAY
  MAXIMUM         67    349 PM  90    1937  74     -7       66
  MINIMUM         43   1156 PM  29    1917  50     -7       43
  AVERAGE         55                        62     -7       55

PRECIPITATION (IN)
  YESTERDAY        0.00          4.03 1941   0.17  -0.17     0.69
  MONTH TO DATE    1.78                      4.80  -3.02     6.49
  SINCE DEC 1     53.53                     46.72   6.81    51.47
  SINCE JAN 1     51.75                     41.95   9.80    40.20

SNOWFALL (IN)
  YESTERDAY        0.0
  MONTH TO DATE    0.0
  SINCE SEP 1      0.0
  SINCE JUL 1      0.0
  SNOW DEPTH       0

DEGREE DAYS
 HEATING
  YESTERDAY       10                         5      5       10
  MONTH TO DATE   72                        76     -4       84
  SINCE SEP 1     72                        82    -10       84
  SINCE JUL 1     72                        82    -10       84

 COOLING
  YESTERDAY        0                         2     -2        0
  MONTH TO DATE  128                       123      5      157
  SINCE SEP 1    515                       486     29      724
  SINCE JAN 1   2609                      2448    161     2831
..................................................................


WIND (MPH)
  HIGHEST WIND SPEED    14   HIGHEST WIND DIRECTION    NE (40)
  HIGHEST GUST SPEED    20   HIGHEST GUST DIRECTION    NE (50)
  AVERAGE WIND SPEED     6.4


SKY COVER
  POSSIBLE SUNSHINE  MM
  AVERAGE SKY COVER 0.2


WEATHER CONDITIONS
 THE FOLLOWING WEATHER WAS RECORDED YESTERDAY.
  NO SIGNIFICANT WEATHER WAS OBSERVED.


RELATIVE HUMIDITY (PERCENT)
 HIGHEST    89           600 AM
 LOWEST     32           300 PM
 AVERAGE    61

..........................................................


THE SHREVEPORT CLIMATE NORMALS FOR TODAY
                         NORMAL    RECORD    YEAR
 MAXIMUM TEMPERATURE (F)   73        88      1972
                                             1937
 MINIMUM TEMPERATURE (F)   50        28      1993


SUNRISE AND SUNSET
OCTOBER 31 2020.......SUNRISE   732 AM CDT   SUNSET   625 PM CDT
NOVEMBER  1 2020......SUNRISE   633 AM CST   SUNSET   524 PM CST


-  INDICATES NEGATIVE NUMBERS.
R  INDICATES RECORD WAS SET OR TIED.
MM INDICATES DATA IS MISSING.
T  INDICATES TRACE AMOUNT.




$$
