000
CDUS44 KSHV 180801
CLISHV


CLIMATE REPORT
NATIONAL WEATHER SERVICE SHREVEPORT, LA
249 AM CDT THU OCT 18 2018


...................................

...THE SHREVEPORT CLIMATE SUMMARY FOR OCTOBER 17 2018...

CLIMATE NORMAL PERIOD 1981 TO 2010
CLIMATE RECORD PERIOD 1874 TO 2018


WEATHER ITEM   OBSERVED TIME   RECORD YEAR NORMAL DEPARTURE LAST
                VALUE   (LST)  VALUE       VALUE  FROM      YEAR
                                                  NORMAL
..................................................................
TEMPERATURE (F)
 YESTERDAY
  MAXIMUM         64    136 PM  93    1972  78    -14       76
  MINIMUM         47    630 AM  34    1977  54     -7       45
  AVERAGE         56                        66    -10       61

PRECIPITATION (IN)
  YESTERDAY        0.05          2.82 1937   0.17  -0.12     0.00
  MONTH TO DATE    5.16                      2.52   2.64     0.03
  SINCE DEC 1     47.02                     44.44   2.58    33.27
  SINCE JAN 1     42.90                     39.67   3.23    30.13

SNOWFALL (IN)
  YESTERDAY       MM
  MONTH TO DATE    0.0
  SINCE SEP 1      0.0
  SINCE JUL 1      0.0
  SNOW DEPTH       0

DEGREE DAYS
 HEATING
  YESTERDAY        9                         3      6        4
  MONTH TO DATE   26                        26      0        5
  SINCE SEP 1     26                        32     -6        5
  SINCE JUL 1     26                        32     -6        5

 COOLING
  YESTERDAY        0                         4     -4        0
  MONTH TO DATE  160                        89     71      169
  SINCE SEP 1    612                       452    160      545
  SINCE JAN 1   3038                      2414    624     2652
..................................................................


WIND (MPH)
  HIGHEST WIND SPEED    16   HIGHEST WIND DIRECTION    NE (40)
  HIGHEST GUST SPEED    21   HIGHEST GUST DIRECTION    NE (40)
  AVERAGE WIND SPEED     9.5


SKY COVER
  POSSIBLE SUNSHINE  MM
  AVERAGE SKY COVER 1.0


WEATHER CONDITIONS
 THE FOLLOWING WEATHER WAS RECORDED YESTERDAY.
  LIGHT RAIN
  FOG


RELATIVE HUMIDITY (PERCENT)
 HIGHEST   100          1200 AM
 LOWEST     51          1200 PM
 AVERAGE    76

..........................................................


THE SHREVEPORT CLIMATE NORMALS FOR TODAY
                         NORMAL    RECORD    YEAR
 MAXIMUM TEMPERATURE (F)   78        91      2016
                                             2007
                                             2006
 MINIMUM TEMPERATURE (F)   54        37      1978
                                             1976
                                             1948


SUNRISE AND SUNSET
OCTOBER 18 2018.......SUNRISE   721 AM CDT   SUNSET   639 PM CDT
OCTOBER 19 2018.......SUNRISE   722 AM CDT   SUNSET   638 PM CDT


-  INDICATES NEGATIVE NUMBERS.
R  INDICATES RECORD WAS SET OR TIED.
MM INDICATES DATA IS MISSING.
T  INDICATES TRACE AMOUNT.




$$
