000
CDUS44 KSHV 180735
CLISHV


CLIMATE REPORT
NATIONAL WEATHER SERVICE SHREVEPORT, LA
235 AM CDT WED JUL 18 2018


...................................

...THE SHREVEPORT CLIMATE SUMMARY FOR JULY 17 2018...

CLIMATE NORMAL PERIOD 1981 TO 2010
CLIMATE RECORD PERIOD 1874 TO 2018


WEATHER ITEM   OBSERVED TIME   RECORD YEAR NORMAL DEPARTURE LAST
                VALUE   (LST)  VALUE       VALUE  FROM      YEAR
                                                  NORMAL
..................................................................
TEMPERATURE (F)
 YESTERDAY
  MAXIMUM         97    404 PM 107    1875  94      3       94
  MINIMUM         79    533 AM  64    1961  73      6       74
  AVERAGE         88                        83      5       84

PRECIPITATION (IN)
  YESTERDAY        0.00          2.33 2014   0.11  -0.11     0.00
  MONTH TO DATE    0.73                      2.16  -1.43     1.71
  SINCE DEC 1     30.33                     34.54  -4.21    25.35
  SINCE JAN 1     26.21                     29.77  -3.56    22.21

SNOWFALL (IN)
  YESTERDAY        0.0
  MONTH TO DATE    0.0
  SINCE JUN 1      0.0
  SINCE JUL 1      0.0
  SNOW DEPTH       0

DEGREE DAYS
 HEATING
  YESTERDAY        0                         0      0        0
  MONTH TO DATE    0                         0      0        0
  SINCE JUN 1      0                         0      0        0
  SINCE JUL 1      0                         0      0        0

 COOLING
  YESTERDAY       23                        18      5       19
  MONTH TO DATE  357                       301     56      310
  SINCE JUN 1    930                       745    185      758
  SINCE JAN 1   1505                      1143    362     1300
..................................................................


WIND (MPH)
  HIGHEST WIND SPEED    18   HIGHEST WIND DIRECTION     W (270)
  HIGHEST GUST SPEED    25   HIGHEST GUST DIRECTION     W (270)
  AVERAGE WIND SPEED     8.1


SKY COVER
  POSSIBLE SUNSHINE  MM
  AVERAGE SKY COVER 0.9


WEATHER CONDITIONS
 THE FOLLOWING WEATHER WAS RECORDED YESTERDAY.
  NO SIGNIFICANT WEATHER WAS OBSERVED.


RELATIVE HUMIDITY (PERCENT)
 HIGHEST    79           500 AM
 LOWEST     35           400 PM
 AVERAGE    57

..........................................................


THE SHREVEPORT CLIMATE NORMALS FOR TODAY
                         NORMAL    RECORD    YEAR
 MAXIMUM TEMPERATURE (F)   94       106      1875
 MINIMUM TEMPERATURE (F)   73        66      2014
                                             1991


SUNRISE AND SUNSET
JULY 18 2018..........SUNRISE   621 AM CDT   SUNSET   822 PM CDT
JULY 19 2018..........SUNRISE   621 AM CDT   SUNSET   822 PM CDT


-  INDICATES NEGATIVE NUMBERS.
R  INDICATES RECORD WAS SET OR TIED.
MM INDICATES DATA IS MISSING.
T  INDICATES TRACE AMOUNT.




$$
