322
CDUS44 KSHV 180754
CLISHV


CLIMATE REPORT
NATIONAL WEATHER SERVICE SHREVEPORT, LA
254 AM CDT FRI OCT 18 2019


...................................

...THE SHREVEPORT CLIMATE SUMMARY FOR OCTOBER 17 2019...

CLIMATE NORMAL PERIOD 1981 TO 2010
CLIMATE RECORD PERIOD 1874 TO 2019


WEATHER ITEM   OBSERVED TIME   RECORD YEAR NORMAL DEPARTURE LAST
                VALUE   (LST)  VALUE       VALUE  FROM      YEAR
                                                  NORMAL
..................................................................
TEMPERATURE (F)
 YESTERDAY
  MAXIMUM         67    414 PM  93    1972  78    -11       64
  MINIMUM         46    621 AM  34    1977  54     -8       47
  AVERAGE         57                        66     -9       56

PRECIPITATION (IN)
  YESTERDAY        0.00          2.82 1937   0.17  -0.17     0.05
  MONTH TO DATE    2.28                      2.52  -0.24     5.16
  SINCE DEC 1     47.26                     44.44   2.82    47.02
  SINCE JAN 1     35.99                     39.67  -3.68    42.90

SNOWFALL (IN)
  YESTERDAY        0.0
  MONTH TO DATE    0.0
  SINCE SEP 1      0.0
  SINCE JUL 1      0.0
  SNOW DEPTH       0

DEGREE DAYS
 HEATING
  YESTERDAY        8                         3      5        9
  MONTH TO DATE   30                        26      4       26
  SINCE SEP 1     30                        32     -2       26
  SINCE JUL 1     30                        32     -2       26

 COOLING
  YESTERDAY        0                         4     -4        0
  MONTH TO DATE  142                        89     53      160
  SINCE SEP 1    709                       452    257      612
  SINCE JAN 1   2816                      2414    402     3038
..................................................................


WIND (MPH)
  HIGHEST WIND SPEED    12   HIGHEST WIND DIRECTION     E (90)
  HIGHEST GUST SPEED    15   HIGHEST GUST DIRECTION     E (80)
  AVERAGE WIND SPEED     3.4


SKY COVER
  POSSIBLE SUNSHINE  MM
  AVERAGE SKY COVER 0.6


WEATHER CONDITIONS
 THE FOLLOWING WEATHER WAS RECORDED YESTERDAY.
  FOG


RELATIVE HUMIDITY (PERCENT)
 HIGHEST   100           700 AM
 LOWEST     42           300 PM
 AVERAGE    71

..........................................................


THE SHREVEPORT CLIMATE NORMALS FOR TODAY
                         NORMAL    RECORD    YEAR
 MAXIMUM TEMPERATURE (F)   78        91      2016
                                             2007
                                             2006
 MINIMUM TEMPERATURE (F)   54        37      1978
                                             1976
                                             1948


SUNRISE AND SUNSET
OCTOBER 18 2019.......SUNRISE   721 AM CDT   SUNSET   639 PM CDT
OCTOBER 19 2019.......SUNRISE   722 AM CDT   SUNSET   638 PM CDT


-  INDICATES NEGATIVE NUMBERS.
R  INDICATES RECORD WAS SET OR TIED.
MM INDICATES DATA IS MISSING.
T  INDICATES TRACE AMOUNT.




$$
