000
CDUS44 KSHV 182234
CLISHV


CLIMATE REPORT
NATIONAL WEATHER SERVICE SHREVEPORT, LA
433 PM CST FRI JAN 18 2019


...................................

...THE SHREVEPORT CLIMATE SUMMARY FOR JANUARY 18 2019...
VALID TODAY AS OF 0400 PM LOCAL TIME.

CLIMATE NORMAL PERIOD 1981 TO 2010
CLIMATE RECORD PERIOD 1874 TO 2019


WEATHER ITEM   OBSERVED TIME   RECORD YEAR NORMAL DEPARTURE LAST
                VALUE   (LST)  VALUE       VALUE  FROM      YEAR
                                                  NORMAL
..................................................................
TEMPERATURE (F)
 TODAY
  MAXIMUM         63    313 PM  78    2000  57      6       44
                                      1974
                                      1951
  MINIMUM         41    704 AM  -2    1930  36      5       12
  AVERAGE         52                        47      5       28

PRECIPITATION (IN)
  TODAY            T             2.63 1945   0.14  -0.14     0.00
  MONTH TO DATE    2.12                      2.31  -0.19     1.34
  SINCE DEC 1     13.39                      7.08   6.31     5.46
  SINCE JAN 1      2.12                      2.31  -0.19     1.34

SNOWFALL (IN)
  TODAY           MM
  MONTH TO DATE    0.0
  SINCE DEC 1      0.0
  SINCE JUL 1      T
  SNOW DEPTH       0

DEGREE DAYS
 HEATING
  TODAY           13                        18     -5       37
  MONTH TO DATE  268                       341    -73      491
  SINCE DEC 1    741                       872   -131      999
  SINCE JUL 1   1200                      1243    -43     1272

 COOLING
  TODAY            0                         0      0        0
  MONTH TO DATE    0                         0      0        0
  SINCE DEC 1      1                         7     -6        3
  SINCE JAN 1      0                         0      0        0
..................................................................


WIND (MPH)
  HIGHEST WIND SPEED    17   HIGHEST WIND DIRECTION     S (180)
  HIGHEST GUST SPEED    21   HIGHEST GUST DIRECTION     S (180)
  AVERAGE WIND SPEED     4.7


SKY COVER
  POSSIBLE SUNSHINE  MM
  AVERAGE SKY COVER 0.9


WEATHER CONDITIONS
 THE FOLLOWING WEATHER WAS RECORDED TODAY.
  LIGHT RAIN
  FOG


RELATIVE HUMIDITY (PERCENT)
 HIGHEST   100           200 AM
 LOWEST     78           100 PM
 AVERAGE    89

..........................................................


THE SHREVEPORT CLIMATE NORMALS FOR TOMORROW
                         NORMAL    RECORD    YEAR
 MAXIMUM TEMPERATURE (F)   57        80      1982
 MINIMUM TEMPERATURE (F)   36         3      1940


SUNRISE AND SUNSET
JANUARY 18 2019.......SUNRISE   716 AM CST   SUNSET   535 PM CST
JANUARY 19 2019.......SUNRISE   716 AM CST   SUNSET   536 PM CST


-  INDICATES NEGATIVE NUMBERS.
R  INDICATES RECORD WAS SET OR TIED.
MM INDICATES DATA IS MISSING.
T  INDICATES TRACE AMOUNT.




$$
