000
CDUS46 KMFR 260843
CLISIY


CLIMATE REPORT
NATIONAL WEATHER SERVICE MEDFORD, OR
143 AM PDT MON OCT 26 2020


...................................

...THE MONTAGUE CA CLIMATE SUMMARY FOR OCTOBER 25 2020...

CLIMATE NORMAL PERIOD 1981 TO 2010
CLIMATE RECORD PERIOD 1948 TO 2020


WEATHER ITEM   OBSERVED TIME   RECORD YEAR NORMAL DEPARTURE LAST
                VALUE   (LST)  VALUE       VALUE  FROM      YEAR
                                                  NORMAL
..................................................................
TEMPERATURE (F)
 YESTERDAY
  MAXIMUM         55    324 PM  82    1988  62     -7       74
  MINIMUM         33    645 AM  22    2001  34     -1       30
  AVERAGE         44                        48     -4       52

PRECIPITATION (IN)
  YESTERDAY        0.00          1.06 1979   0.06  -0.06     0.00
  MONTH TO DATE    T                         0.79  -0.79     0.36
  SINCE OCT 1      T                         0.79  -0.79     0.36
  SINCE JAN 1      7.14                     12.43  -5.29     9.71

SNOWFALL (IN)
  YESTERDAY       MM                        MM     MM       MM
  MONTH TO DATE   MM                        MM     MM       MM
  SINCE JUL 1     MM                        MM     MM       MM
  SNOW DEPTH      MM

DEGREE DAYS
 HEATING
  YESTERDAY       21                        17      4       13
  MONTH TO DATE  176                       302   -126      360
  SINCE SEP 1    189                       427   -238      494
  SINCE JUL 1    190                       444   -254      499

 COOLING
  YESTERDAY        0                         0      0        0
  MONTH TO DATE   10                         0     10        0
  SINCE SEP 1    165                        41    124       81
  SINCE JAN 1    980                       542    438      745
..................................................................


WIND (MPH)
  HIGHEST WIND SPEED    25   HIGHEST WIND DIRECTION     N (350)
  HIGHEST GUST SPEED    30   HIGHEST GUST DIRECTION     N (360)
  AVERAGE WIND SPEED    13.4


SKY COVER
  POSSIBLE SUNSHINE  MM
  AVERAGE SKY COVER 0.0


WEATHER CONDITIONS
 THE FOLLOWING WEATHER WAS RECORDED YESTERDAY.
  LIGHT RAIN


RELATIVE HUMIDITY (PERCENT)
 HIGHEST    59           500 AM
 LOWEST     12           200 PM

..........................................................


THE MONTAGUE CA CLIMATE NORMALS FOR TODAY
                         NORMAL    RECORD    YEAR
 MAXIMUM TEMPERATURE (F)   62        80      1966
 MINIMUM TEMPERATURE (F)   34        23      2011
                                             2006


SUNRISE AND SUNSET
OCTOBER 26 2020.......SUNRISE   736 AM PDT   SUNSET   611 PM PDT
OCTOBER 27 2020.......SUNRISE   737 AM PDT   SUNSET   610 PM PDT


-  INDICATES NEGATIVE NUMBERS.
R  INDICATES RECORD WAS SET OR TIED.
MM INDICATES DATA IS MISSING.
T  INDICATES TRACE AMOUNT.




$$
