000
CDUS46 KMFR 200851
CLISIY


CLIMATE REPORT
NATIONAL WEATHER SERVICE MEDFORD, OR
150 AM PDT THU SEP 20 2018


...................................

...THE MONTAGUE CA CLIMATE SUMMARY FOR SEPTEMBER 19 2018...

CLIMATE NORMAL PERIOD 1981 TO 2010
CLIMATE RECORD PERIOD 1948 TO 2018


WEATHER ITEM   OBSERVED TIME   RECORD YEAR NORMAL DEPARTURE LAST
                VALUE   (LST)  VALUE       VALUE  FROM      YEAR
                                                  NORMAL
..................................................................
TEMPERATURE (F)
 YESTERDAY
  MAXIMUM         74    349 PM  99    1952  81     -7       61
  MINIMUM         41    642 AM  32    1978  42     -1       43
  AVERAGE         58                        61     -3       52

PRECIPITATION (IN)
  YESTERDAY        0.00          0.45 1961   0.03  -0.03      T
  MONTH TO DATE    0.01                      0.30  -0.29     0.06
  SINCE OCT 1      8.51                     18.13  -9.62    15.97
  SINCE JAN 1      6.24                     11.30  -5.06     7.76

SNOWFALL (IN)
  YESTERDAY       MM                        MM     MM       MM
  MONTH TO DATE   MM                        MM     MM       MM
  SINCE JUL 1     MM                        MM     MM       MM
  SNOW DEPTH      MM

DEGREE DAYS
 HEATING
  YESTERDAY        7                         5      2       13
  MONTH TO DATE   65                        56      9       39
  SINCE SEP 1     65                        56      9       39
  SINCE JUL 1     65                        73     -8       39

 COOLING
  YESTERDAY        0                         1     -1        0
  MONTH TO DATE   43                        35      8       85
  SINCE SEP 1     43                        35      8       85
  SINCE JAN 1    700                       536    164      902
..................................................................


WIND (MPH)
  HIGHEST WIND SPEED    22   HIGHEST WIND DIRECTION     N (360)
  HIGHEST GUST SPEED    26   HIGHEST GUST DIRECTION     N (10)
  AVERAGE WIND SPEED     8.1


SKY COVER
  POSSIBLE SUNSHINE  MM
  AVERAGE SKY COVER 0.0


WEATHER CONDITIONS
 THE FOLLOWING WEATHER WAS RECORDED YESTERDAY.
  NO SIGNIFICANT WEATHER WAS OBSERVED.


RELATIVE HUMIDITY (PERCENT)
 HIGHEST    65           700 AM
 LOWEST     13           400 PM

..........................................................


THE MONTAGUE CA CLIMATE NORMALS FOR TODAY
                         NORMAL    RECORD    YEAR
 MAXIMUM TEMPERATURE (F)   80        97      1974
 MINIMUM TEMPERATURE (F)   42        32      2006
                                             1988


SUNRISE AND SUNSET
SEPTEMBER 20 2018.....SUNRISE   655 AM PDT   SUNSET   710 PM PDT
SEPTEMBER 21 2018.....SUNRISE   656 AM PDT   SUNSET   709 PM PDT


-  INDICATES NEGATIVE NUMBERS.
R  INDICATES RECORD WAS SET OR TIED.
MM INDICATES DATA IS MISSING.
T  INDICATES TRACE AMOUNT.




$$
