000
CDUS46 KMFR 190124
CLISIY


CLIMATE REPORT
NATIONAL WEATHER SERVICE MEDFORD, OR
523 PM PST TUE DEC 18 2018


...................................

...THE MONTAGUE CA CLIMATE SUMMARY FOR DECEMBER 18 2018...
VALID TODAY AS OF 0500 PM LOCAL TIME.

CLIMATE NORMAL PERIOD 1981 TO 2010
CLIMATE RECORD PERIOD 1948 TO 2018


WEATHER ITEM   OBSERVED TIME   RECORD YEAR NORMAL DEPARTURE LAST
                VALUE   (LST)  VALUE       VALUE  FROM      YEAR
                                                  NORMAL
..................................................................
TEMPERATURE (F)
 TODAY
  MAXIMUM         53R   244 PM  53    1976  44      9       46
  MINIMUM         46    554 AM  13    2008  26     20       19
                                      1965
  AVERAGE         50                        35     15       33

PRECIPITATION (IN)
  TODAY            0.03          1.16 1967   0.10  -0.07     0.00
  MONTH TO DATE    0.83                      1.53  -0.70     0.17
  SINCE OCT 1      2.66                      5.70  -3.04     2.18
  SINCE JAN 1      8.90                     17.34  -8.44     9.95

SNOWFALL (IN)
  TODAY           MM                        MM     MM       MM
  MONTH TO DATE   MM                        MM     MM       MM
  SINCE JUL 1     MM                        MM     MM       MM
  SNOW DEPTH      MM

DEGREE DAYS
 HEATING
  TODAY           15                        30    -15       32
  MONTH TO DATE  487                       538    -51      604
  SINCE DEC 1    487                       538    -51      604
  SINCE JUL 1   1561                      1844   -283     1834

 COOLING
  TODAY            0                         0      0        0
  MONTH TO DATE    0                         0      0        0
  SINCE DEC 1      0                         0      0        0
  SINCE JAN 1    704                       544    160      902
..................................................................


WIND (MPH)
  HIGHEST WIND SPEED    26   HIGHEST WIND DIRECTION     S (170)
  HIGHEST GUST SPEED    32   HIGHEST GUST DIRECTION     S (170)
  AVERAGE WIND SPEED    19.5


SKY COVER
  POSSIBLE SUNSHINE  MM
  AVERAGE SKY COVER 1.0


WEATHER CONDITIONS
 THE FOLLOWING WEATHER WAS RECORDED TODAY.
  LIGHT RAIN


RELATIVE HUMIDITY (PERCENT)
 HIGHEST    71          1200 PM
 LOWEST     60           100 AM

..........................................................


THE MONTAGUE CA CLIMATE NORMALS FOR TOMORROW
                         NORMAL    RECORD    YEAR
 MAXIMUM TEMPERATURE (F)   44        60      1953
 MINIMUM TEMPERATURE (F)   26         8      1967


SUNRISE AND SUNSET
DECEMBER 18 2018......SUNRISE   732 AM PST   SUNSET   441 PM PST
DECEMBER 19 2018......SUNRISE   733 AM PST   SUNSET   441 PM PST


-  INDICATES NEGATIVE NUMBERS.
R  INDICATES RECORD WAS SET OR TIED.
MM INDICATES DATA IS MISSING.
T  INDICATES TRACE AMOUNT.




$$
