000
CDUS46 KMFR 110836
CLISIY


CLIMATE REPORT
NATIONAL WEATHER SERVICE MEDFORD, OR
1236 AM PST WED DEC 11 2019


...................................

...THE MONTAGUE CA CLIMATE SUMMARY FOR DECEMBER 10 2019...

CLIMATE NORMAL PERIOD 1981 TO 2010
CLIMATE RECORD PERIOD 1948 TO 2019


WEATHER ITEM   OBSERVED TIME   RECORD YEAR NORMAL DEPARTURE LAST
                VALUE   (LST)  VALUE       VALUE  FROM      YEAR
                                                  NORMAL
..................................................................
TEMPERATURE (F)
 YESTERDAY
  MAXIMUM         41    355 PM  63    1950  44     -3       50
  MINIMUM         37    642 AM -10    1972  26     11       29
  AVERAGE         39                        35      4       40

PRECIPITATION (IN)
  YESTERDAY        T             0.82 1996   0.08  -0.08     0.01
  MONTH TO DATE    0.78                      0.79  -0.01     0.51
  SINCE OCT 1      1.19                      4.96  -3.77     2.34
  SINCE JAN 1     10.54                     16.60  -6.06     8.58

SNOWFALL (IN)
  YESTERDAY       MM                        MM     MM       MM
  MONTH TO DATE   MM                        MM     MM       MM
  SINCE JUL 1     MM                        MM     MM       MM
  SNOW DEPTH      MM

DEGREE DAYS
 HEATING
  YESTERDAY       26                        30     -4       25
  MONTH TO DATE  230                       298    -68      296
  SINCE DEC 1    230                       298    -68      296
  SINCE JUL 1   1541                      1604    -63     1370

 COOLING
  YESTERDAY        0                         0      0        0
  MONTH TO DATE    0                         0      0        0
  SINCE DEC 1      0                         0      0        0
  SINCE JAN 1    745                       544    201      704
..................................................................


WIND (MPH)
  HIGHEST WIND SPEED    12   HIGHEST WIND DIRECTION     N (10)
  HIGHEST GUST SPEED    13   HIGHEST GUST DIRECTION     N (20)
  AVERAGE WIND SPEED     3.0


SKY COVER
  POSSIBLE SUNSHINE  MM
  AVERAGE SKY COVER 1.0


WEATHER CONDITIONS
 THE FOLLOWING WEATHER WAS RECORDED YESTERDAY.
  HAZE


RELATIVE HUMIDITY (PERCENT)
 HIGHEST    85          1200 AM
 LOWEST     65           200 PM

..........................................................


THE MONTAGUE CA CLIMATE NORMALS FOR TODAY
                         NORMAL    RECORD    YEAR
 MAXIMUM TEMPERATURE (F)   44        60      1958
 MINIMUM TEMPERATURE (F)   26        -9      1972


SUNRISE AND SUNSET
DECEMBER 11 2019......SUNRISE   727 AM PST   SUNSET   439 PM PST
DECEMBER 12 2019......SUNRISE   728 AM PST   SUNSET   439 PM PST


-  INDICATES NEGATIVE NUMBERS.
R  INDICATES RECORD WAS SET OR TIED.
MM INDICATES DATA IS MISSING.
T  INDICATES TRACE AMOUNT.




$$
