385
CDUS46 KMFR 190836
CLISIY


CLIMATE REPORT
NATIONAL WEATHER SERVICE MEDFORD, OR
136 AM PDT TUE JUN 19 2018


...................................

...THE MONTAGUE CA CLIMATE SUMMARY FOR JUNE 18 2018...

CLIMATE NORMAL PERIOD 1981 TO 2010
CLIMATE RECORD PERIOD 1948 TO 2018


WEATHER ITEM   OBSERVED TIME   RECORD YEAR NORMAL DEPARTURE LAST
                VALUE   (LST)  VALUE       VALUE  FROM      YEAR
                                                  NORMAL
..................................................................
TEMPERATURE (F)
 YESTERDAY
  MAXIMUM         84    323 PM 104    1985  81      3       96
  MINIMUM         42    457 AM  35    1996  48     -6       52
  AVERAGE         63                        64     -1       74

PRECIPITATION (IN)
  YESTERDAY        0.00          0.28 2016   0.02  -0.02     0.00
  MONTH TO DATE    0.17                      0.56  -0.39     0.39
  SINCE OCT 1      8.15                     16.89  -8.74    15.85
  SINCE JAN 1      5.88                     10.06  -4.18     7.64

SNOWFALL (IN)
  YESTERDAY       MM                        MM     MM       MM
  MONTH TO DATE   MM                        MM     MM       MM
  SINCE JUL 1      0.0                      MM     MM       MM
  SNOW DEPTH      MM

DEGREE DAYS
 HEATING
  YESTERDAY        2                         2      0        0
  MONTH TO DATE   63                        77    -14       88
  SINCE JUN 1     63                        77    -14       88
  SINCE JUL 1   5198                      5466   -268     5415

 COOLING
  YESTERDAY        0                         2     -2        9
  MONTH TO DATE   22                        20      2       20
  SINCE JUN 1     22                        20      2       20
  SINCE JAN 1     26                        33     -7       35
..................................................................


WIND (MPH)
  HIGHEST WIND SPEED    24   HIGHEST WIND DIRECTION     N (10)
  HIGHEST GUST SPEED    31   HIGHEST GUST DIRECTION     N (20)
  AVERAGE WIND SPEED     6.6


SKY COVER
  POSSIBLE SUNSHINE  MM
  AVERAGE SKY COVER 0.1


WEATHER CONDITIONS
 THE FOLLOWING WEATHER WAS RECORDED YESTERDAY.
  NO SIGNIFICANT WEATHER WAS OBSERVED.


RELATIVE HUMIDITY (PERCENT)
 HIGHEST    96           400 AM
 LOWEST     18           300 PM

..........................................................


THE MONTAGUE CA CLIMATE NORMALS FOR TODAY
                         NORMAL    RECORD    YEAR
 MAXIMUM TEMPERATURE (F)   81       102      2017
 MINIMUM TEMPERATURE (F)   48        33      1995


SUNRISE AND SUNSET
JUNE 19 2018..........SUNRISE   535 AM PDT   SUNSET   848 PM PDT
JUNE 20 2018..........SUNRISE   535 AM PDT   SUNSET   848 PM PDT


-  INDICATES NEGATIVE NUMBERS.
R  INDICATES RECORD WAS SET OR TIED.
MM INDICATES DATA IS MISSING.
T  INDICATES TRACE AMOUNT.




$$
