268
CDUS46 KMFR 130839
CLISIY


CLIMATE REPORT
NATIONAL WEATHER SERVICE MEDFORD, OR
139 AM PDT SUN OCT 13 2019


...................................

...THE MONTAGUE CA CLIMATE SUMMARY FOR OCTOBER 12 2019...

CLIMATE NORMAL PERIOD 1981 TO 2010
CLIMATE RECORD PERIOD 1948 TO 2019


WEATHER ITEM   OBSERVED TIME   RECORD YEAR NORMAL DEPARTURE LAST
                VALUE   (LST)  VALUE       VALUE  FROM      YEAR
                                                  NORMAL
..................................................................
TEMPERATURE (F)
 YESTERDAY
  MAXIMUM         69    425 PM  90    1991  70     -1       73
  MINIMUM         23    632 AM  18    2008  37    -14       28
  AVERAGE         46                        54     -8       51

PRECIPITATION (IN)
  YESTERDAY        0.00          0.76 1963   0.04  -0.04     0.00
  MONTH TO DATE    T                         0.23  -0.23     0.52
  SINCE OCT 1      T                         0.23  -0.23     0.52
  SINCE JAN 1      9.35                     11.87  -2.52     6.76

SNOWFALL (IN)
  YESTERDAY       MM                        MM     MM       MM
  MONTH TO DATE   MM                        MM     MM       MM
  SINCE JUL 1     MM                        MM     MM       MM
  SNOW DEPTH      MM

DEGREE DAYS
 HEATING
  YESTERDAY       19                        12      7       14
  MONTH TO DATE  186                       117     69      135
  SINCE SEP 1    320                       242     78      234
  SINCE JUL 1    325                       259     66      234

 COOLING
  YESTERDAY        0                         0      0        0
  MONTH TO DATE    0                         0      0        0
  SINCE SEP 1     81                        41     40       47
  SINCE JAN 1    745                       542    203      704
..................................................................


WIND (MPH)
  HIGHEST WIND SPEED     7   HIGHEST WIND DIRECTION    NE (50)
  HIGHEST GUST SPEED     8   HIGHEST GUST DIRECTION    NE (50)
  AVERAGE WIND SPEED     1.0


SKY COVER
  POSSIBLE SUNSHINE  MM
  AVERAGE SKY COVER 0.0


WEATHER CONDITIONS
 THE FOLLOWING WEATHER WAS RECORDED YESTERDAY.
  NO SIGNIFICANT WEATHER WAS OBSERVED.


RELATIVE HUMIDITY (PERCENT)
 HIGHEST    68           700 AM
 LOWEST     14           300 PM

..........................................................


THE MONTAGUE CA CLIMATE NORMALS FOR TODAY
                         NORMAL    RECORD    YEAR
 MAXIMUM TEMPERATURE (F)   70        87      2015
 MINIMUM TEMPERATURE (F)   37        26      2002


SUNRISE AND SUNSET
OCTOBER 13 2019.......SUNRISE   720 AM PDT   SUNSET   632 PM PDT
OCTOBER 14 2019.......SUNRISE   721 AM PDT   SUNSET   630 PM PDT


-  INDICATES NEGATIVE NUMBERS.
R  INDICATES RECORD WAS SET OR TIED.
MM INDICATES DATA IS MISSING.
T  INDICATES TRACE AMOUNT.




$$
