000
CDUS46 KMTR 290845
CLISJC

CLIMATE REPORT
NATIONAL WEATHER SERVICE SAN FRANCISCO BAY AREA
145 AM PDT FRI MAY 29 2020

...................................

...THE SAN JOSE AIRPORT CLIMATE SUMMARY FOR MAY 28 2020...

CLIMATE NORMAL PERIOD: 1981 TO 2010
CLIMATE RECORD PERIOD: 1893 TO 2020


WEATHER ITEM   OBSERVED TIME   RECORD YEAR NORMAL DEPARTURE LAST
                VALUE   (LST)  VALUE       VALUE  FROM      YEAR
                                                  NORMAL
...................................................................
TEMPERATURE (F)
 YESTERDAY
  MAXIMUM         83   1:02 PM  97    1984  76      7       73
  MINIMUM         58   4:57 AM  45    1900  54      4       54
                                      2010
  AVERAGE         71                        65      6       64

PRECIPITATION (IN)
  YESTERDAY        0.00          0.65 1913   0.01  -0.01     0.00
  MONTH TO DATE    0.13                      0.48  -0.35     1.44
  SINCE OCT 1      7.21                     14.67  -7.46    16.43
  SINCE JAN 1      4.19                      9.89  -5.70    12.95

SNOWFALL (IN)
  YESTERDAY       MM                         0.0   MM        0.0
  MONTH TO DATE    0.0                       0.0    0.0      0.0
  SINCE MAR 1      0.0                       0.0    0.0      0.0
  SINCE JUL 1      0.0                       0.0    0.0      0.0

DEGREE DAYS
 HEATING
  YESTERDAY        0                         2     -2        1
  MONTH TO DATE   30                        92    -62      111
  SINCE MAR 1    503                       564    -61      542
  SINCE JUL 1   1900                      2229   -329     1991

 COOLING
  YESTERDAY        6                         2      4        0
  MONTH TO DATE   75                        40     35        1
  SINCE MAR 1     92                        57     35       20
  SINCE JAN 1     92                        57     35       20
...................................................................


WIND (MPH)
  RESULTANT WIND SPEED   7   RESULTANT WIND DIRECTION  NW (320)
  HIGHEST WIND SPEED    16   HIGHEST WIND DIRECTION    NW (310)
  HIGHEST GUST SPEED    19   HIGHEST GUST DIRECTION    NW (310)
  AVERAGE WIND SPEED     6.9


SKY COVER
  POSSIBLE SUNSHINE  MM
  AVERAGE SKY COVER 0.2


WEATHER CONDITIONS
THE FOLLOWING WEATHER WAS RECORDED YESTERDAY.
  NO SIGNIFICANT WEATHER WAS OBSERVED.


RELATIVE HUMIDITY (PERCENT)
 HIGHEST    90           4:00 AM
 LOWEST     47           4:00 PM
 AVERAGE    69

..........................................................


THE SAN JOSE AIRPORT CLIMATE NORMALS FOR TODAY
                         NORMAL    RECORD    YEAR
 MAXIMUM TEMPERATURE (F)   76        99      1950
 MINIMUM TEMPERATURE (F)   54        36      1895


SUNRISE AND SUNSET
MAY 29 2020...........SUNRISE   5:50 AM PDT   SUNSET   8:21 PM PDT
MAY 30 2020...........SUNRISE   5:49 AM PDT   SUNSET   8:22 PM PDT


-  INDICATES NEGATIVE NUMBERS.
R  INDICATES RECORD WAS SET OR TIED.
MM INDICATES DATA IS MISSING.
T  INDICATES TRACE AMOUNT.




$$
