000
CDUS46 KMTR 230828
CLISJC


CLIMATE REPORT
NATIONAL WEATHER SERVICE SAN FRANCISCO BAY AREA
127 AM PDT WED OCT 23 2019


...................................

...THE SAN JOSE AIRPORT CLIMATE SUMMARY FOR OCTOBER 22 2019...

CLIMATE NORMAL PERIOD 1981 TO 2010
CLIMATE RECORD PERIOD 1893 TO 2019


WEATHER ITEM   OBSERVED TIME   RECORD YEAR NORMAL DEPARTURE LAST
                VALUE   (LST)  VALUE       VALUE  FROM      YEAR
                                                  NORMAL
..................................................................
TEMPERATURE (F)
 YESTERDAY
  MAXIMUM         86    252 PM  90    1901  72     14       67
  MINIMUM         53    541 AM  35    1893  51      2       53
  AVERAGE         70                        62      8       60

PRECIPITATION (IN)
  YESTERDAY        0.00          0.12 1973   0.03  -0.03     0.00
  MONTH TO DATE    0.01                      0.48  -0.47     0.03
  SINCE OCT 1      0.01                      0.48  -0.47     0.03
  SINCE JAN 1     13.09                     10.60   2.49     7.57

SNOWFALL (IN)
  YESTERDAY        0.0                       0.0    0.0      0.0
  MONTH TO DATE    0.0                       0.0    0.0      0.0
  SINCE SEP 1      0.0                       0.0    0.0      0.0
  SINCE JUL 1      0.0                       0.0    0.0      0.0

DEGREE DAYS
 HEATING
  YESTERDAY        0                         4     -4        5
  MONTH TO DATE   55                        47      8       20
  SINCE SEP 1     71                        60     11       28
  SINCE JUL 1     72                        66      6       28

 COOLING
  YESTERDAY        5                         1      4        0
  MONTH TO DATE   25                        34     -9       45
  SINCE SEP 1    184                       150     34      116
  SINCE JAN 1    741                       633    108      616
..................................................................


WIND (MPH)
  RESULTANT WIND SPEED   3   RESULTANT WIND DIRECTION  NW (330)
  HIGHEST WIND SPEED    15   HIGHEST WIND DIRECTION    NW (330)
  HIGHEST GUST SPEED    20   HIGHEST GUST DIRECTION     W (290)
  AVERAGE WIND SPEED     5.1


SKY COVER
  POSSIBLE SUNSHINE  MM
  AVERAGE SKY COVER 0.1


WEATHER CONDITIONS
 THE FOLLOWING WEATHER WAS RECORDED YESTERDAY.
  NO SIGNIFICANT WEATHER WAS OBSERVED.


RELATIVE HUMIDITY (PERCENT)
 HIGHEST    83           300 AM
 LOWEST     27           400 PM
 AVERAGE    55

..........................................................


THE SAN JOSE AIRPORT CLIMATE NORMALS FOR TODAY
                         NORMAL    RECORD    YEAR
 MAXIMUM TEMPERATURE (F)   72        90      1959
 MINIMUM TEMPERATURE (F)   51        38      1893


SUNRISE AND SUNSET
OCTOBER 23 2019.......SUNRISE   723 AM PDT   SUNSET   620 PM PDT
OCTOBER 24 2019.......SUNRISE   724 AM PDT   SUNSET   619 PM PDT


-  INDICATES NEGATIVE NUMBERS.
R  INDICATES RECORD WAS SET OR TIED.
MM INDICATES DATA IS MISSING.
T  INDICATES TRACE AMOUNT.




$$
