000
CDUS46 KMTR 230041
CLISJC

CLIMATE REPORT
NATIONAL WEATHER SERVICE SAN FRANCISCO BAY AREA
541 PM PDT THU OCT 22 2020

...................................

...THE SAN JOSE AIRPORT CLIMATE SUMMARY FOR OCTOBER 22 2020...
VALID TODAY AS OF 0500 PM LOCAL TIME.

CLIMATE NORMAL PERIOD: 1981 TO 2010
CLIMATE RECORD PERIOD: 1893 TO 2020


WEATHER ITEM   OBSERVED TIME   RECORD YEAR NORMAL DEPARTURE LAST
                VALUE   (LST)  VALUE       VALUE  FROM      YEAR
                                                  NORMAL
...................................................................
TEMPERATURE (F)
 TODAY
  MAXIMUM         80   2:07 PM  90    1901  72      8       86
  MINIMUM         55   6:49 AM  35    1893  51      4       53
  AVERAGE         68                        62      6       70

PRECIPITATION (IN)
  TODAY            0.00          0.12 1973   0.03  -0.03     0.00
  MONTH TO DATE    0.00                      0.48  -0.48     0.01
  SINCE OCT 1      0.00                      0.48  -0.48     0.01
  SINCE JAN 1      4.20                     10.60  -6.40    13.09

SNOWFALL (IN)
  TODAY           MM             0.0  1947
  MONTH TO DATE   MM
  SINCE SEP 1     MM
  SINCE JUL 1     MM

DEGREE DAYS
 HEATING
  TODAY            0                         4     -4        0
  MONTH TO DATE    2                        47    -45       55
  SINCE SEP 1      5                        60    -55       71
  SINCE JUL 1      5                        66    -61       72

 COOLING
  TODAY            3                         1      2        5
  MONTH TO DATE  157                        34    123       25
  SINCE SEP 1    376                       150    226      184
  SINCE JAN 1   1069                       633    436      741
...................................................................


WIND (MPH)
  RESULTANT WIND SPEED   1   RESULTANT WIND DIRECTION  SW (220)
  HIGHEST WIND SPEED    15   HIGHEST WIND DIRECTION    NW (320)
  HIGHEST GUST SPEED    17   HIGHEST GUST DIRECTION    NW (330)
  AVERAGE WIND SPEED     5.7


SKY COVER
  POSSIBLE SUNSHINE  MM
  AVERAGE SKY COVER 0.1


WEATHER CONDITIONS
THE FOLLOWING WEATHER WAS RECORDED TODAY.
  NO SIGNIFICANT WEATHER WAS OBSERVED.


RELATIVE HUMIDITY (PERCENT)
 HIGHEST    80           7:00 AM
 LOWEST     25           1:00 PM
 AVERAGE    53

..........................................................


THE SAN JOSE AIRPORT CLIMATE NORMALS FOR TOMORROW
                         NORMAL    RECORD    YEAR
 MAXIMUM TEMPERATURE (F)   72        90      1959
 MINIMUM TEMPERATURE (F)   51        38      1893


SUNRISE AND SUNSET
OCTOBER 22 2020.......SUNRISE   7:23 AM PDT   SUNSET   6:21 PM PDT
OCTOBER 23 2020.......SUNRISE   7:24 AM PDT   SUNSET   6:19 PM PDT


-  INDICATES NEGATIVE NUMBERS.
R  INDICATES RECORD WAS SET OR TIED.
MM INDICATES DATA IS MISSING.
T  INDICATES TRACE AMOUNT.




$$
