000
CDUS46 KMTR 230037
CLISJC


CLIMATE REPORT
NATIONAL WEATHER SERVICE SAN FRANCISCO BAY AREA
537 PM PDT FRI JUN 22 2018


...................................

...THE SAN JOSE CA CLIMATE SUMMARY FOR JUNE 22 2018...
VALID TODAY AS OF 0500 PM LOCAL TIME.

CLIMATE NORMAL PERIOD 1981 TO 2010
CLIMATE RECORD PERIOD 1893 TO 2018


WEATHER ITEM   OBSERVED TIME   RECORD YEAR NORMAL DEPARTURE LAST
                VALUE   (LST)  VALUE       VALUE  FROM      YEAR
                                                  NORMAL
..................................................................
TEMPERATURE (F)
 TODAY
  MAXIMUM         89    332 PM 101    1989  80      9       96
  MINIMUM         57    434 AM  45    1897  57      0       67
  AVERAGE         73                        68      5       82

PRECIPITATION (IN)
  TODAY            0.00          0.00 1947   0.00   0.00     0.00
  MONTH TO DATE    0.00                      0.09  -0.09     0.02
  SINCE OCT 1      9.11                     15.59  -6.48    18.42
  SINCE JAN 1      7.54                     10.50  -2.96    14.04

SNOWFALL (IN)
  TODAY            0.0           0.0  1947
  MONTH TO DATE    0.0
  SINCE JUN 1      0.0
  SINCE JUL 1      0.0

DEGREE DAYS
 HEATING
  TODAY            0                         1     -1        0
  MONTH TO DATE    9                        24    -15       13
  SINCE JUN 1      9                        24    -15       13
  SINCE JUL 1   1737                      2258   -521     1865

 COOLING
  TODAY            8                         4      4       17
  MONTH TO DATE   64                        66     -2      111
  SINCE JUN 1     64                        66     -2      111
  SINCE JAN 1     97                       129    -32      184
..................................................................


WIND (MPH)
  RESULTANT WIND SPEED   3   RESULTANT WIND DIRECTION  NW (300)
  HIGHEST WIND SPEED    15   HIGHEST WIND DIRECTION    NW (300)
  HIGHEST GUST SPEED    19   HIGHEST GUST DIRECTION    NW (320)
  AVERAGE WIND SPEED     4.2


SKY COVER
  POSSIBLE SUNSHINE  MM
  AVERAGE SKY COVER 0.1


WEATHER CONDITIONS
 THE FOLLOWING WEATHER WAS RECORDED TODAY.
  NO SIGNIFICANT WEATHER WAS OBSERVED.


RELATIVE HUMIDITY (PERCENT)
 HIGHEST    86           500 AM
 LOWEST     24           100 PM
 AVERAGE    55

..........................................................


THE SAN JOSE CA CLIMATE NORMALS FOR TOMORROW
                         NORMAL    RECORD    YEAR
 MAXIMUM TEMPERATURE (F)   80        98      1976
 MINIMUM TEMPERATURE (F)   57        38      1893


SUNRISE AND SUNSET
JUNE 22 2018..........SUNRISE   548 AM PDT   SUNSET   832 PM PDT
JUNE 23 2018..........SUNRISE   548 AM PDT   SUNSET   832 PM PDT


-  INDICATES NEGATIVE NUMBERS.
R  INDICATES RECORD WAS SET OR TIED.
MM INDICATES DATA IS MISSING.
T  INDICATES TRACE AMOUNT.




$$
