000
CDUS44 KSJT 260726
CLISJT

CLIMATE REPORT
NATIONAL WEATHER SERVICE SAN ANGELO TX
226 AM CDT MON OCT 26 2020

...................................

...THE SAN ANGELO CLIMATE SUMMARY FOR OCTOBER 25 2020...

CLIMATE NORMAL PERIOD: 1981 TO 2010
CLIMATE RECORD PERIOD: 1907 TO 2020


WEATHER ITEM   OBSERVED TIME   RECORD YEAR NORMAL DEPARTURE LAST
                VALUE   (LST)  VALUE       VALUE  FROM      YEAR
                                                  NORMAL
...................................................................
TEMPERATURE (F)
 YESTERDAY
  MAXIMUM         89   1:54 PM  91    1933  76     13       63
                                      1950
  MINIMUM         54  11:59 PM  29    1917  51      3       34
  AVERAGE         72                        64      8       49

PRECIPITATION (IN)
  YESTERDAY        0.00          2.76 1940   0.08  -0.08     0.00
  MONTH TO DATE    T                         2.29  -2.29     0.53
  SINCE SEP 1      4.87                      4.75   0.12     0.80
  SINCE JAN 1     18.47                     18.82  -0.35    15.29

SNOWFALL (IN)
  YESTERDAY        0.0           0.0  2002   0.0    0.0      0.0
  MONTH TO DATE    0.0                       0.0    0.0      0.0
  SINCE SEP 1      0.0                       0.0    0.0      0.0
  SINCE JUL 1      0.0                       0.0    0.0      0.0
  SNOW DEPTH       0

DEGREE DAYS
 HEATING
  YESTERDAY        0                         4     -4       16
  MONTH TO DATE   13                        52    -39       63
  SINCE SEP 1     40                        61    -21       63
  SINCE JUL 1     40                        61    -21       63

 COOLING
  YESTERDAY        7                         2      5        0
  MONTH TO DATE  139                       106     33      176
  SINCE SEP 1    421                       435    -14      737
  SINCE JAN 1   2953                      2471    482     2917
...................................................................


WIND (MPH)
  HIGHEST WIND SPEED    21   HIGHEST WIND DIRECTION    NE (40)
  HIGHEST GUST SPEED    30   HIGHEST GUST DIRECTION    SW (210)
  AVERAGE WIND SPEED    10.8


SKY COVER
  POSSIBLE SUNSHINE  MM
  AVERAGE SKY COVER 0.1


WEATHER CONDITIONS
THE FOLLOWING WEATHER WAS RECORDED YESTERDAY.
  NO SIGNIFICANT WEATHER WAS OBSERVED.


RELATIVE HUMIDITY (PERCENT)
 HIGHEST    86          11:00 PM
 LOWEST     36           2:00 PM
 AVERAGE    61

..........................................................


THE SAN ANGELO CLIMATE NORMALS FOR TODAY
                         NORMAL    RECORD    YEAR
 MAXIMUM TEMPERATURE (F)   76        91      1992
 MINIMUM TEMPERATURE (F)   51        30      1924


SUNRISE AND SUNSET
OCTOBER 26 2020.......SUNRISE   7:53 AM CDT   SUNSET   6:58 PM CDT
OCTOBER 27 2020.......SUNRISE   7:54 AM CDT   SUNSET   6:57 PM CDT


-  INDICATES NEGATIVE NUMBERS.
R  INDICATES RECORD WAS SET OR TIED.
MM INDICATES DATA IS MISSING.
T  INDICATES TRACE AMOUNT.




$$
