000
CDUS44 KSJT 142230
CLISJT


CLIMATE REPORT
NATIONAL WEATHER SERVICE SAN ANGELO TX
530 PM CDT MON OCT 14 2019


...................................

...THE SAN ANGELO CLIMATE SUMMARY FOR OCTOBER 14 2019...
VALID TODAY AS OF 0500 PM LOCAL TIME.

CLIMATE NORMAL PERIOD 1981 TO 2010
CLIMATE RECORD PERIOD 1907 TO 2019


WEATHER ITEM   OBSERVED TIME   RECORD YEAR NORMAL DEPARTURE LAST
                VALUE   (LST)  VALUE       VALUE  FROM      YEAR
                                                  NORMAL
..................................................................
TEMPERATURE (F)
 TODAY
  MAXIMUM         78    359 PM  95    2015  80     -2       87
                                      1962
  MINIMUM         63    552 AM  37    1997  54      9       44
  AVERAGE         71                        67      4       66

PRECIPITATION (IN)
  TODAY            0.01          1.48 1926   0.10  -0.09     0.01
  MONTH TO DATE    0.51                      1.25  -0.74     3.03
  SINCE SEP 1      0.78                      3.71  -2.93     9.69
  SINCE JAN 1     15.27                     17.78  -2.51    23.22

SNOWFALL (IN)
  TODAY            0.0           0.0  2002   0.0    0.0      0.0
  MONTH TO DATE    0.0                       0.0    0.0      0.0
  SINCE NOV 1      T                         2.2   -2.2       T
  SINCE JUL 1      0.0                       0.0    0.0      0.0

DEGREE DAYS
 HEATING
  TODAY            0                         2     -2        0
  MONTH TO DATE   22                        20      2        0
  SINCE SEP 1     22                        29     -7        1
  SINCE JUL 1     22                        29     -7        1

 COOLING
  TODAY            6                         4      2        1
  MONTH TO DATE  143                        73     70      115
  SINCE SEP 1    704                       402    302      421
  SINCE JAN 1   2884                      2438    446     3019
..................................................................


WIND (MPH)
  HIGHEST WIND SPEED    12   HIGHEST WIND DIRECTION    SW (220)
  HIGHEST GUST SPEED    16   HIGHEST GUST DIRECTION     S (200)
  AVERAGE WIND SPEED     3.3


SKY COVER
  POSSIBLE SUNSHINE  MM
  AVERAGE SKY COVER 0.5


WEATHER CONDITIONS
 THE FOLLOWING WEATHER WAS RECORDED TODAY.
  LIGHT RAIN


RELATIVE HUMIDITY (PERCENT)
 HIGHEST    73          1100 AM
 LOWEST     42          1200 AM
 AVERAGE    58

..........................................................


THE SAN ANGELO CLIMATE NORMALS FOR TOMORROW
                         NORMAL    RECORD    YEAR
 MAXIMUM TEMPERATURE (F)   79        98      1962
 MINIMUM TEMPERATURE (F)   54        35      1914


SUNRISE AND SUNSET
OCTOBER 14 2019.......SUNRISE   744 AM CDT   SUNSET   711 PM CDT
OCTOBER 15 2019.......SUNRISE   745 AM CDT   SUNSET   710 PM CDT


-  INDICATES NEGATIVE NUMBERS.
R  INDICATES RECORD WAS SET OR TIED.
MM INDICATES DATA IS MISSING.
T  INDICATES TRACE AMOUNT.




$$
