000
CDUS44 KSJT 252326
CLISJT


CLIMATE REPORT
NATIONAL WEATHER SERVICE SAN ANGELO TX
526 PM CST SUN FEB 25 2018


...................................

...THE SAN ANGELO CLIMATE SUMMARY FOR FEBRUARY 25 2018...
VALID TODAY AS OF 0500 PM LOCAL TIME.

CLIMATE NORMAL PERIOD 1981 TO 2010
CLIMATE RECORD PERIOD 1907 TO 2018


WEATHER ITEM   OBSERVED TIME   RECORD YEAR NORMAL DEPARTURE LAST
                VALUE   (LST)  VALUE       VALUE  FROM      YEAR
                                                  NORMAL
..................................................................
TEMPERATURE (F)
 TODAY
  MAXIMUM         78    333 PM  94    1918  66     12       63
  MINIMUM         35    454 AM  11    1960  40     -5       33
  AVERAGE         57                        53      4       48

PRECIPITATION (IN)
  TODAY            0.00          1.50 1924   0.06  -0.06     0.00
  MONTH TO DATE    1.21                      1.19   0.02     1.23
  SINCE DEC 1      2.35                      2.97  -0.62     3.45
  SINCE JAN 1      1.22                      2.12  -0.90     2.71

SNOWFALL (IN)
  TODAY            0.0           5.0  1924   0.0    0.0      0.0
                                      1992
  MONTH TO DATE    T                         0.3   -0.3      0.0
  SINCE NOV 1      T                         2.1   -2.1       T
  SINCE JUL 1      T                         2.1   -2.1       T

DEGREE DAYS
 HEATING
  TODAY            8                        13     -5       17
  MONTH TO DATE  342                       380    -38      197
  SINCE DEC 1   1526                      1524      2     1146
  SINCE JUL 1   1826                      1924    -98     1314

 COOLING
  TODAY            0                         0      0        0
  MONTH TO DATE   16                         0     16       15
  SINCE DEC 1     19                         2     17       17
  SINCE JAN 1     16                         1     15       16
..................................................................


WIND (MPH)
  HIGHEST WIND SPEED    22   HIGHEST WIND DIRECTION     W (260)
  HIGHEST GUST SPEED    27   HIGHEST GUST DIRECTION     W (250)
  AVERAGE WIND SPEED     5.8


SKY COVER
  POSSIBLE SUNSHINE  MM
  AVERAGE SKY COVER 0.2


WEATHER CONDITIONS
 THE FOLLOWING WEATHER WAS RECORDED TODAY.
  NO SIGNIFICANT WEATHER WAS OBSERVED.


RELATIVE HUMIDITY (PERCENT)
 HIGHEST    75           400 AM
 LOWEST      5           500 PM
 AVERAGE    40

..........................................................


THE SAN ANGELO CLIMATE NORMALS FOR TOMORROW
                         NORMAL    RECORD    YEAR
 MAXIMUM TEMPERATURE (F)   66        96      2009
 MINIMUM TEMPERATURE (F)   40        18      1934


SUNRISE AND SUNSET
FEBRUARY 25 2018......SUNRISE   713 AM CST   SUNSET   637 PM CST
FEBRUARY 26 2018......SUNRISE   712 AM CST   SUNSET   638 PM CST


-  INDICATES NEGATIVE NUMBERS.
R  INDICATES RECORD WAS SET OR TIED.
MM INDICATES DATA IS MISSING.
T  INDICATES TRACE AMOUNT.




$$
