000
CDUS44 KSJT 160737
CLISJT


CLIMATE REPORT
NATIONAL WEATHER SERVICE SAN ANGELO TX
137 AM CST SAT FEB 16 2019


...................................

...THE SAN ANGELO CLIMATE SUMMARY FOR FEBRUARY 15 2019...

CLIMATE NORMAL PERIOD 1981 TO 2010
CLIMATE RECORD PERIOD 1907 TO 2019


WEATHER ITEM   OBSERVED TIME   RECORD YEAR NORMAL DEPARTURE LAST
                VALUE   (LST)  VALUE       VALUE  FROM      YEAR
                                                  NORMAL
..................................................................
TEMPERATURE (F)
 YESTERDAY
  MAXIMUM         84    256 PM  87    2000  63     21       80
  MINIMUM         47   1159 PM  16    1909  37     10       61
  AVERAGE         66                        50     16       71

PRECIPITATION (IN)
  YESTERDAY        0.00          0.74 1989   0.05  -0.05     0.00
  MONTH TO DATE    0.27                      0.68  -0.41     0.04
  SINCE DEC 1      3.06                      2.46   0.60     1.18
  SINCE JAN 1      0.59                      1.61  -1.02     0.05

SNOWFALL (IN)
  YESTERDAY        0.0           0.0    MM   0.0    0.0      0.0
  MONTH TO DATE    T                         0.2   -0.2       T
  SINCE NOV 1      T                         2.0   -2.0       T
  SINCE JUL 1      T                         2.0   -2.0       T
  SNOW DEPTH       0

DEGREE DAYS
 HEATING
  YESTERDAY        0                        15    -15        0
  MONTH TO DATE  160                       243    -83      233
  SINCE DEC 1   1239                      1387   -148     1417
  SINCE JUL 1   1760                      1787    -27     1717

 COOLING
  YESTERDAY        1                         0      1        6
  MONTH TO DATE    8                         0      8        9
  SINCE DEC 1      8                         2      6       12
  SINCE JAN 1      8                         1      7        9
..................................................................


WIND (MPH)
  HIGHEST WIND SPEED    32   HIGHEST WIND DIRECTION     W (270)
  HIGHEST GUST SPEED    42   HIGHEST GUST DIRECTION     W (250)
  AVERAGE WIND SPEED    13.2


SKY COVER
  POSSIBLE SUNSHINE  MM
  AVERAGE SKY COVER 0.0


WEATHER CONDITIONS
 THE FOLLOWING WEATHER WAS RECORDED YESTERDAY.
  NO SIGNIFICANT WEATHER WAS OBSERVED.


RELATIVE HUMIDITY (PERCENT)
 HIGHEST    83           400 AM
 LOWEST     29           300 PM
 AVERAGE    56

..........................................................


THE SAN ANGELO CLIMATE NORMALS FOR TODAY
                         NORMAL    RECORD    YEAR
 MAXIMUM TEMPERATURE (F)   64        89      2014
 MINIMUM TEMPERATURE (F)   37        16      2007
                                             1909


SUNRISE AND SUNSET
FEBRUARY 16 2019......SUNRISE   723 AM CST   SUNSET   630 PM CST
FEBRUARY 17 2019......SUNRISE   722 AM CST   SUNSET   631 PM CST


-  INDICATES NEGATIVE NUMBERS.
R  INDICATES RECORD WAS SET OR TIED.
MM INDICATES DATA IS MISSING.
T  INDICATES TRACE AMOUNT.




$$
