000
CDUS44 KSJT 180747
CLISJT


CLIMATE REPORT
NATIONAL WEATHER SERVICE SAN ANGELO TX
246 AM CDT WED JUL 18 2018


...................................

...THE SAN ANGELO CLIMATE SUMMARY FOR JULY 17 2018...

CLIMATE NORMAL PERIOD 1981 TO 2010
CLIMATE RECORD PERIOD 1907 TO 2018


WEATHER ITEM   OBSERVED TIME   RECORD YEAR NORMAL DEPARTURE LAST
                VALUE   (LST)  VALUE       VALUE  FROM      YEAR
                                                  NORMAL
..................................................................
TEMPERATURE (F)
 YESTERDAY
  MAXIMUM        103    500 PM 106    1989  95      8      100
  MINIMUM         73    551 AM  64    1930  71      2       69
                                      1926
  AVERAGE         88                        83      5       85

PRECIPITATION (IN)
  YESTERDAY        0.00          1.98 1975   0.03  -0.03     0.00
  MONTH TO DATE    0.39                      0.71  -0.32     1.69
  SINCE JUN 1      0.95                      3.30  -2.35     3.21
  SINCE JAN 1      9.68                     11.32  -1.64     9.69

DEGREE DAYS
 HEATING
  YESTERDAY        0                         0      0        0
  MONTH TO DATE    0                         0      0        0
  SINCE JUN 1      0                         0      0        0
  SINCE JUL 1      0                         0      0        0

 COOLING
  YESTERDAY       23                        18      5       20
  MONTH TO DATE  360                       302     58      308
  SINCE JUN 1   1029                       766    263      870
  SINCE JAN 1   1664                      1226    438     1446
..................................................................


WIND (MPH)
  HIGHEST WIND SPEED    15   HIGHEST WIND DIRECTION     S (200)
  HIGHEST GUST SPEED    19   HIGHEST GUST DIRECTION     S (190)
  AVERAGE WIND SPEED     8.0


SKY COVER
  POSSIBLE SUNSHINE  MM
  AVERAGE SKY COVER 0.0


WEATHER CONDITIONS
 THE FOLLOWING WEATHER WAS RECORDED YESTERDAY.
  NO SIGNIFICANT WEATHER WAS OBSERVED.


RELATIVE HUMIDITY (PERCENT)
 HIGHEST    64           600 AM
 LOWEST     16           100 PM
 AVERAGE    40

..........................................................


THE SAN ANGELO CLIMATE NORMALS FOR TODAY
                         NORMAL    RECORD    YEAR
 MAXIMUM TEMPERATURE (F)   95       107      1989
 MINIMUM TEMPERATURE (F)   71        64      1959


SUNRISE AND SUNSET
JULY 18 2018..........SUNRISE   650 AM CDT   SUNSET   846 PM CDT
JULY 19 2018..........SUNRISE   650 AM CDT   SUNSET   846 PM CDT


-  INDICATES NEGATIVE NUMBERS.
R  INDICATES RECORD WAS SET OR TIED.
MM INDICATES DATA IS MISSING.
T  INDICATES TRACE AMOUNT.




$$
