000
CDUS44 KSJT 222232
CLISJT


CLIMATE REPORT
NATIONAL WEATHER SERVICE SAN ANGELO TX
532 PM CDT MON OCT 22 2018


...................................

...THE SAN ANGELO CLIMATE SUMMARY FOR OCTOBER 22 2018...
VALID TODAY AS OF 0500 PM LOCAL TIME.

CLIMATE NORMAL PERIOD 1981 TO 2010
CLIMATE RECORD PERIOD 1907 TO 2018


WEATHER ITEM   OBSERVED TIME   RECORD YEAR NORMAL DEPARTURE LAST
                VALUE   (LST)  VALUE       VALUE  FROM      YEAR
                                                  NORMAL
..................................................................
TEMPERATURE (F)
 TODAY
  MAXIMUM         64    108 PM  92    1940  77    -13       76
  MINIMUM         51    620 AM  33    1993  52     -1       47
                                      1990
  AVERAGE         58                        64     -6       62

PRECIPITATION (IN)
  TODAY            0.00          2.10 1919   0.09  -0.09     0.00
  MONTH TO DATE    9.44                      2.03   7.41     0.79
  SINCE SEP 1     16.10                      4.49  11.61     4.25
  SINCE JAN 1     29.63                     18.56  11.07    16.35

SNOWFALL (IN)
  TODAY            0.0           0.0  2002   0.0    0.0      0.0
  MONTH TO DATE    0.0                       0.0    0.0      0.0
  SINCE NOV 1      T                         2.2   -2.2       T
  SINCE JUL 1      0.0                       0.0    0.0      0.0

DEGREE DAYS
 HEATING
  TODAY            7                         3      4        3
  MONTH TO DATE  105                        41     64       25
  SINCE SEP 1    106                        50     56       25
  SINCE JUL 1    106                        50     56       25

 COOLING
  TODAY            0                         3     -3        0
  MONTH TO DATE  115                        99     16      153
  SINCE SEP 1    421                       428     -7      528
  SINCE JAN 1   3019                      2464    555     2802
..................................................................


WIND (MPH)
  HIGHEST WIND SPEED    13   HIGHEST WIND DIRECTION     S (200)
  HIGHEST GUST SPEED    16   HIGHEST GUST DIRECTION     S (190)
  AVERAGE WIND SPEED     4.5


SKY COVER
  POSSIBLE SUNSHINE  MM
  AVERAGE SKY COVER 0.4


WEATHER CONDITIONS
 THE FOLLOWING WEATHER WAS RECORDED TODAY.
  NO SIGNIFICANT WEATHER WAS OBSERVED.


RELATIVE HUMIDITY (PERCENT)
 HIGHEST    96           600 AM
 LOWEST     65           100 PM
 AVERAGE    81

..........................................................


THE SAN ANGELO CLIMATE NORMALS FOR TOMORROW
                         NORMAL    RECORD    YEAR
 MAXIMUM TEMPERATURE (F)   77        92      1989
 MINIMUM TEMPERATURE (F)   52        30      2008
                                             1911


SUNRISE AND SUNSET
OCTOBER 22 2018.......SUNRISE   750 AM CDT   SUNSET   702 PM CDT
OCTOBER 23 2018.......SUNRISE   751 AM CDT   SUNSET   701 PM CDT


-  INDICATES NEGATIVE NUMBERS.
R  INDICATES RECORD WAS SET OR TIED.
MM INDICATES DATA IS MISSING.
T  INDICATES TRACE AMOUNT.




$$
