000
CDUS44 KSJT 190754
CLISJT


CLIMATE REPORT
NATIONAL WEATHER SERVICE SAN ANGELO TX
252 AM CDT THU APR 19 2018


...................................

...THE SAN ANGELO CLIMATE SUMMARY FOR APRIL 18 2018...

CLIMATE NORMAL PERIOD 1981 TO 2010
CLIMATE RECORD PERIOD 1907 TO 2018


WEATHER ITEM   OBSERVED TIME   RECORD YEAR NORMAL DEPARTURE LAST
                VALUE   (LST)  VALUE       VALUE  FROM      YEAR
                                                  NORMAL
..................................................................
TEMPERATURE (F)
 YESTERDAY
  MAXIMUM         79    312 PM 105    1925  81     -2       87
  MINIMUM         49   1158 PM  28    1947  52     -3       52
  AVERAGE         64                        67     -3       70

PRECIPITATION (IN)
  YESTERDAY        0.00          2.22 1908   0.05  -0.05     0.00
  MONTH TO DATE    0.00                      0.78  -0.78     1.46
  SINCE MAR 1      1.20                      2.28  -1.08     1.71
  SINCE JAN 1      2.57                      4.56  -1.99     4.42

SNOWFALL (IN)
  YESTERDAY        0.0           0.0  2002   0.0    0.0      0.0
  MONTH TO DATE    0.0                       0.0    0.0       T
  SINCE NOV 1      T                         2.2   -2.2       T
  SINCE JUL 1      T                         2.2   -2.2       T
  SNOW DEPTH       0

DEGREE DAYS
 HEATING
  YESTERDAY        1                         3     -2        0
  MONTH TO DATE   72                        69      3       32
  SINCE MAR 1    223                       326   -103      152
  SINCE JUL 1   2061                      2287   -226     1476

 COOLING
  YESTERDAY        0                         4     -4        5
  MONTH TO DATE   61                        55      6       78
  SINCE MAR 1    146                        88     58      195
  SINCE JAN 1    165                        93     72      222
..................................................................


WIND (MPH)
  HIGHEST WIND SPEED    30   HIGHEST WIND DIRECTION     N (20)
  HIGHEST GUST SPEED    36   HIGHEST GUST DIRECTION     N (10)
  AVERAGE WIND SPEED    12.3


SKY COVER
  POSSIBLE SUNSHINE  MM
  AVERAGE SKY COVER 0.0


WEATHER CONDITIONS
 THE FOLLOWING WEATHER WAS RECORDED YESTERDAY.
  NO SIGNIFICANT WEATHER WAS OBSERVED.


RELATIVE HUMIDITY (PERCENT)
 HIGHEST    67           400 AM
 LOWEST     17           900 AM
 AVERAGE    42

..........................................................


THE SAN ANGELO CLIMATE NORMALS FOR TODAY
                         NORMAL    RECORD    YEAR
 MAXIMUM TEMPERATURE (F)   81       107      1925
 MINIMUM TEMPERATURE (F)   53        34      2013


SUNRISE AND SUNSET
APRIL 19 2018.........SUNRISE   709 AM CDT   SUNSET   813 PM CDT
APRIL 20 2018.........SUNRISE   708 AM CDT   SUNSET   814 PM CDT


-  INDICATES NEGATIVE NUMBERS.
R  INDICATES RECORD WAS SET OR TIED.
MM INDICATES DATA IS MISSING.
T  INDICATES TRACE AMOUNT.




$$
