000
CDUS44 KSJT 180727
CLISJT


CLIMATE REPORT
NATIONAL WEATHER SERVICE SAN ANGELO TX
122 AM CST TUE FEB 18 2020


...................................

...THE SAN ANGELO CLIMATE SUMMARY FOR FEBRUARY 17 2020...

CLIMATE NORMAL PERIOD 1981 TO 2010
CLIMATE RECORD PERIOD 1907 TO 2020


WEATHER ITEM   OBSERVED TIME   RECORD YEAR NORMAL DEPARTURE LAST
                VALUE   (LST)  VALUE       VALUE  FROM      YEAR
                                                  NORMAL
..................................................................
TEMPERATURE (F)
 YESTERDAY
  MAXIMUM         86    456 PM  88    1912  64     22       59
  MINIMUM         50    628 AM  13    1910  37     13       40
  AVERAGE         68                        51     17       50

PRECIPITATION (IN)
  YESTERDAY        0.00          0.88 2012   0.05  -0.05     0.00
  MONTH TO DATE    0.74                      0.79  -0.05     0.27
  SINCE DEC 1      3.14                      2.57   0.57     3.06
  SINCE JAN 1      1.86                      1.72   0.14     0.59

SNOWFALL (IN)
  YESTERDAY        0.0           2.4  1973   0.0    0.0      0.0
  MONTH TO DATE    0.3                       0.2    0.1       T
  SINCE NOV 1      0.3                       2.0   -1.7       T
  SINCE JUL 1      0.3                       2.0   -1.7       T
  SNOW DEPTH       0

DEGREE DAYS
 HEATING
  YESTERDAY        0                        14    -14       15
  MONTH TO DATE  249                       272    -23      181
  SINCE DEC 1   1095                      1416   -321     1260
  SINCE JUL 1   1575                      1816   -241     1781

 COOLING
  YESTERDAY        3                         0      3        0
  MONTH TO DATE    5                         0      5        8
  SINCE DEC 1      8                         2      6        8
  SINCE JAN 1      6                         1      5        8
..................................................................


WIND (MPH)
  HIGHEST WIND SPEED    20   HIGHEST WIND DIRECTION    NE (30)
  HIGHEST GUST SPEED    24   HIGHEST GUST DIRECTION     W (250)
  AVERAGE WIND SPEED     8.7


SKY COVER
  POSSIBLE SUNSHINE  MM
  AVERAGE SKY COVER 0.0


WEATHER CONDITIONS
 THE FOLLOWING WEATHER WAS RECORDED YESTERDAY.
  NO SIGNIFICANT WEATHER WAS OBSERVED.


RELATIVE HUMIDITY (PERCENT)
 HIGHEST    89           700 AM
 LOWEST     15           400 PM
 AVERAGE    52

..........................................................


THE SAN ANGELO CLIMATE NORMALS FOR TODAY
                         NORMAL    RECORD    YEAR
 MAXIMUM TEMPERATURE (F)   64        87      1986
 MINIMUM TEMPERATURE (F)   38        12      1936


SUNRISE AND SUNSET
FEBRUARY 18 2020......SUNRISE   721 AM CST   SUNSET   631 PM CST
FEBRUARY 19 2020......SUNRISE   720 AM CST   SUNSET   632 PM CST


-  INDICATES NEGATIVE NUMBERS.
R  INDICATES RECORD WAS SET OR TIED.
MM INDICATES DATA IS MISSING.
T  INDICATES TRACE AMOUNT.




$$
