000
CDCA42 TJSJ 250432
CLISJU


CLIMATE REPORT
NATIONAL WEATHER SERVICE SAN JUAN, PR
1231 AM AST SUN OCT 25 2020


...................................

...THE SAN JUAN AREA/PR CLIMATE SUMMARY FOR OCTOBER 24 2020...

CLIMATE NORMAL PERIOD 1981 TO 2010
CLIMATE RECORD PERIOD 1898 TO 2020


WEATHER ITEM   OBSERVED TIME   RECORD YEAR NORMAL DEPARTURE LAST
                VALUE   (LST)  VALUE       VALUE  FROM      YEAR
                                                  NORMAL
..................................................................
TEMPERATURE (F)
 YESTERDAY
  MAXIMUM         93   1248 PM  94    1979  88      5       88
  MINIMUM         79    711 AM  70    1961  77      2       77
  AVERAGE         86                        82      4       83

PRECIPITATION (IN)
  YESTERDAY        0.00          3.34 1918   0.20  -0.20     0.11
  MONTH TO DATE    3.69                      4.15  -0.46     1.76
  SINCE SEP 1      8.72                      9.92  -1.20    11.30
  SINCE JAN 1     54.78                     43.54  11.24    35.73

SNOWFALL (IN)
  YESTERDAY        0.0                       0.0    0.0      0.0
  MONTH TO DATE    0.0                       0.0    0.0      0.0
  SINCE SEP 1      0.0                       0.0    0.0      0.0
  SINCE JUL 1      0.0                       0.0    0.0      0.0

DEGREE DAYS
 HEATING
  YESTERDAY        0                         0      0        0
  MONTH TO DATE    0                         0      0        0
  SINCE SEP 1      0                         0      0        0
  SINCE JUL 1      0                         0      0        0

 COOLING
  YESTERDAY       21                        17      4       18
  MONTH TO DATE  443                       428     15      461
  SINCE SEP 1   1026                       983     43     1065
  SINCE JAN 1   5230                      4840    390     5083
..................................................................


WIND (MPH)
  HIGHEST WIND SPEED    20   HIGHEST WIND DIRECTION     E (90)
  HIGHEST GUST SPEED    28   HIGHEST GUST DIRECTION     E (80)
  AVERAGE WIND SPEED     7.1


SKY COVER
  AVERAGE SKY COVER 0.2


WEATHER CONDITIONS
 THE FOLLOWING WEATHER WAS RECORDED YESTERDAY.
  NO SIGNIFICANT WEATHER WAS OBSERVED.


RELATIVE HUMIDITY (PERCENT)
 HIGHEST    91
 LOWEST     52
 AVERAGE    72

..........................................................


THE SAN JUAN AREA/PR CLIMATE NORMALS FOR TODAY
                         NORMAL    RECORD    YEAR
 MAXIMUM TEMPERATURE (F)   88        93      2014
 MINIMUM TEMPERATURE (F)   77        68      1957


SUNRISE AND SUNSET
OCTOBER 25 2020.......SUNRISE   621 AM AST   SUNSET   555 PM AST
OCTOBER 26 2020.......SUNRISE   621 AM AST   SUNSET   554 PM AST


-  INDICATES NEGATIVE NUMBERS.
R  INDICATES RECORD WAS SET OR TIED.
MM INDICATES DATA IS MISSING.
T  INDICATES TRACE AMOUNT.




$$
