000
CDCA42 TJSJ 220445
CLISJU


CLIMATE REPORT
NATIONAL WEATHER SERVICE SAN JUAN, PR
1245 AM AST SUN SEP 22 2019


...................................

...THE SAN JUAN AREA/PR CLIMATE SUMMARY FOR SEPTEMBER 21 2019...

CLIMATE NORMAL PERIOD 1981 TO 2010
CLIMATE RECORD PERIOD 1898 TO 2019


WEATHER ITEM   OBSERVED TIME   RECORD YEAR NORMAL DEPARTURE LAST
                VALUE   (LST)  VALUE       VALUE  FROM      YEAR
                                                  NORMAL
..................................................................
TEMPERATURE (F)
 YESTERDAY
  MAXIMUM         95R   214 PM  94    1999  89      6       89
  MINIMUM         81    714 AM  71    1960  78      3       79
  AVERAGE         88                        83      5       84

PRECIPITATION (IN)
  YESTERDAY        T             4.04 1998   0.18  -0.18     0.01
  MONTH TO DATE    7.14                      4.18   2.96     1.25
  SINCE SEP 1      7.14                      4.18   2.96     1.25
  SINCE JAN 1     31.57                     37.80  -6.23    35.98

SNOWFALL (IN)
  YESTERDAY        0.0                       0.0    0.0      0.0
  MONTH TO DATE    0.0                       0.0    0.0      0.0
  SINCE SEP 1      0.0                       0.0    0.0      0.0
  SINCE JUL 1      0.0                       0.0    0.0      0.0

DEGREE DAYS
 HEATING
  YESTERDAY        0                         0      0        0
  MONTH TO DATE    0                         0      0        0
  SINCE SEP 1      0                         0      0        0
  SINCE JUL 1      0                         0      0        0

 COOLING
  YESTERDAY       23                        18      5       19
  MONTH TO DATE  425                       393     32      392
  SINCE SEP 1    425                       393     32      392
  SINCE JAN 1   4443                      4257    186     4215
..................................................................


WIND (MPH)
  HIGHEST WIND SPEED    14   HIGHEST WIND DIRECTION    SE (150)
  HIGHEST GUST SPEED    20   HIGHEST GUST DIRECTION    SE (150)
  AVERAGE WIND SPEED     5.5


SKY COVER
  AVERAGE SKY COVER 0.5


WEATHER CONDITIONS
 THE FOLLOWING WEATHER WAS RECORDED YESTERDAY.
  NO SIGNIFICANT WEATHER WAS OBSERVED.


RELATIVE HUMIDITY (PERCENT)
 HIGHEST    85
 LOWEST     46
 AVERAGE    66

..........................................................


THE SAN JUAN AREA/PR CLIMATE NORMALS FOR TODAY
                         NORMAL    RECORD    YEAR
 MAXIMUM TEMPERATURE (F)   89        94      2013
                                             1999
 MINIMUM TEMPERATURE (F)   78        71      1947


SUNRISE AND SUNSET
SEPTEMBER 22 2019.....SUNRISE   613 AM AST   SUNSET   620 PM AST
SEPTEMBER 23 2019.....SUNRISE   613 AM AST   SUNSET   619 PM AST


-  INDICATES NEGATIVE NUMBERS.
R  INDICATES RECORD WAS SET OR TIED.
MM INDICATES DATA IS MISSING.
T  INDICATES TRACE AMOUNT.




$$
